{"id":1541,"date":"2024-12-18T17:12:07","date_gmt":"2024-12-18T16:12:07","guid":{"rendered":"http:\/\/51.68.119.59\/Floreane\/FagesDujardinDahman\/?page_id=1541"},"modified":"2024-12-18T17:15:23","modified_gmt":"2024-12-18T16:15:23","slug":"immobilier-complexe","status":"publish","type":"page","link":"http:\/\/51.68.119.59\/Floreane\/FagesDujardinDahman\/index.php\/immobilier-complexe\/","title":{"rendered":"Immobilier complexe"},"content":{"rendered":"\t\t<div data-elementor-type=\"wp-page\" data-elementor-id=\"1541\" class=\"elementor elementor-1541\" data-elementor-post-type=\"page\">\n\t\t\t\t<div class=\"elementor-element elementor-element-71d907c0 e-flex e-con-boxed e-con e-parent\" data-id=\"71d907c0\" data-element_type=\"container\">\n\t\t\t\t\t<div class=\"e-con-inner\">\n\t\t\t\t\t<\/div>\n\t\t\t\t<\/div>\n\t\t<div class=\"elementor-element elementor-element-d47e774 e-flex e-con-boxed e-con e-parent\" data-id=\"d47e774\" data-element_type=\"container\" data-settings=\"{&quot;background_background&quot;:&quot;classic&quot;}\">\n\t\t\t\t\t<div class=\"e-con-inner\">\n\t\t\t\t<div class=\"elementor-element elementor-element-21a9d92 elementor-widget-tablet__width-initial elementor-widget elementor-widget-heading\" data-id=\"21a9d92\" data-element_type=\"widget\" data-widget_type=\"heading.default\">\n\t\t\t\t<div class=\"elementor-widget-container\">\n\t\t\t\t\t<h2 class=\"elementor-heading-title elementor-size-default\">Construction et promotion immobili\u00e8re VEFA : Du projet \u00e0 sa r\u00e9alisation<\/h2>\t\t\t\t<\/div>\n\t\t\t\t<\/div>\n\t\t\t\t<div class=\"elementor-element elementor-element-5f0594f elementor-widget__width-initial elementor-widget elementor-widget-text-editor\" data-id=\"5f0594f\" data-element_type=\"widget\" data-widget_type=\"text-editor.default\">\n\t\t\t\t<div class=\"elementor-widget-container\">\n\t\t\t\t\t\t\t\t\t<p>L&rsquo;\u00e9tude de Me Fanny Farges-Dujardin et de Me Hanna Dahmane a d\u00e9velopp\u00e9 depuis des d\u00e9cennies une tr\u00e8s forte sp\u00e9cialisation immobili\u00e8re avec la prise en charge de programmes importants (immeubles, lotissements&#8230;) qui font \u00e9voluer ann\u00e9e apr\u00e8s ann\u00e9e le paysage urbain de Rouen.<\/p><p>Notre expertise et la qualit\u00e9 de nos ressources internes permettent :<\/p><ul><li>L&rsquo;accompagnement de nos clients promoteurs d\u00e8s l\u2019op\u00e9ration d\u2019acquisition du foncier,<\/li><li>L\u2019\u00e9tude de la structure juridique et fiscale d\u2019acquisition, en partenariat avec les autres conseils (architectes, g\u00e9om\u00e8tres, am\u00e9nageurs, avocats\u2026),<\/li><li>L\u2019organisation juridique de l\u2019op\u00e9ration de construction,<\/li><li>L\u2019organisation des signatures,<\/li><li>L\u2019accompagnement des clients acqu\u00e9reurs.<\/li><\/ul><p>Notre office est \u00e0 m\u00eame d&rsquo;accompagner tr\u00e8s en amont nos clients promoteurs et cherche \u00e0 cr\u00e9er un environnement favorable aux op\u00e9rations de vente des appartements ou maisons d\u00e9pendant du programme de construction.<\/p><p>Nous assistons \u00e9galement les acqu\u00e9reurs de biens immobiliers en l&rsquo;\u00e9tat futur d&rsquo;ach\u00e8vement (V.E.F.A.) dans leurs projets en leur conseillant les sch\u00e9mas juridiques appropri\u00e9s \u00e0 leur situation personnelle.<\/p>\t\t\t\t\t\t\t\t<\/div>\n\t\t\t\t<\/div>\n\t\t<div class=\"elementor-element elementor-element-9bcdbad e-con-full e-flex e-con e-child\" data-id=\"9bcdbad\" data-element_type=\"container\">\n\t\t\t\t<div class=\"elementor-element elementor-element-ec3fa00 elementor-align-center elementor-widget elementor-widget-button\" data-id=\"ec3fa00\" data-element_type=\"widget\" data-widget_type=\"button.default\">\n\t\t\t\t<div class=\"elementor-widget-container\">\n\t\t\t\t\t\t\t\t\t<div class=\"elementor-button-wrapper\">\n\t\t\t\t\t<a class=\"elementor-button elementor-button-link elementor-size-sm\" href=\"http:\/\/51.68.119.59\/Floreane\/FagesDujardinDahman\/index.php\/contact\/\">\n\t\t\t\t\t\t<span class=\"elementor-button-content-wrapper\">\n\t\t\t\t\t\t\t\t\t<span class=\"elementor-button-text\">Nous contacter<\/span>\n\t\t\t\t\t<\/span>\n\t\t\t\t\t<\/a>\n\t\t\t\t<\/div>\n\t\t\t\t\t\t\t\t<\/div>\n\t\t\t\t<\/div>\n\t\t\t\t<div class=\"elementor-element elementor-element-bb9dc7a elementor-align-center elementor-widget elementor-widget-button\" data-id=\"bb9dc7a\" data-element_type=\"widget\" data-widget_type=\"button.default\">\n\t\t\t\t<div class=\"elementor-widget-container\">\n\t\t\t\t\t\t\t\t\t<div class=\"elementor-button-wrapper\">\n\t\t\t\t\t<a class=\"elementor-button elementor-button-link elementor-size-sm\" href=\"http:\/\/51.68.119.59\/Floreane\/FagesDujardinDahman\/index.php\/expertise\/\">\n\t\t\t\t\t\t<span class=\"elementor-button-content-wrapper\">\n\t\t\t\t\t\t\t\t\t<span class=\"elementor-button-text\">Voir les autres sp\u00e9cialit\u00e9s<\/span>\n\t\t\t\t\t<\/span>\n\t\t\t\t\t<\/a>\n\t\t\t\t<\/div>\n\t\t\t\t\t\t\t\t<\/div>\n\t\t\t\t<\/div>\n\t\t\t\t<\/div>\n\t\t\t\t<div class=\"elementor-element elementor-element-7ef4716 elementor-widget elementor-widget-spacer\" data-id=\"7ef4716\" data-element_type=\"widget\" data-widget_type=\"spacer.default\">\n\t\t\t\t<div class=\"elementor-widget-container\">\n\t\t\t\t\t\t\t<div class=\"elementor-spacer\">\n\t\t\t<div class=\"elementor-spacer-inner\"><\/div>\n\t\t<\/div>\n\t\t\t\t\t\t<\/div>\n\t\t\t\t<\/div>\n\t\t\t\t\t<\/div>\n\t\t\t\t<\/div>\n\t\t\t\t<\/div>\n\t\t","protected":false},"excerpt":{"rendered":"<p>Construction et promotion immobili\u00e8re VEFA : Du projet \u00e0 sa r\u00e9alisation L&rsquo;\u00e9tude de Me Fanny Farges-Dujardin et de Me Hanna [&hellip;]<\/p>\n","protected":false},"author":1,"featured_media":0,"parent":0,"menu_order":0,"comment_status":"closed","ping_status":"closed","template":"","meta":{"_acf_changed":false,"site-sidebar-layout":"no-sidebar","site-content-layout":"","ast-site-content-layout":"full-width-container","site-content-style":"default","site-sidebar-style":"default","ast-global-header-display":"","ast-banner-title-visibility":"","ast-main-header-display":"","ast-hfb-above-header-display":"","ast-hfb-below-header-display":"","ast-hfb-mobile-header-display":"","site-post-title":"disabled","ast-breadcrumbs-content":"","ast-featured-img":"disabled","footer-sml-layout":"","theme-transparent-header-meta":"","adv-header-id-meta":"","stick-header-meta":"","header-above-stick-meta":"","header-main-stick-meta":"","header-below-stick-meta":"","astra-migrate-meta-layouts":"default","ast-page-background-enabled":"default","ast-page-background-meta":{"desktop":{"background-color":"var(--ast-global-color-4)","background-image":"","background-repeat":"repeat","background-position":"center center","background-size":"auto","background-attachment":"scroll","background-type":"","background-media":"","overlay-type":"","overlay-color":"","overlay-opacity":"","overlay-gradient":""},"tablet":{"background-color":"","background-image":"","background-repeat":"repeat","background-position":"center center","background-size":"auto","background-attachment":"scroll","background-type":"","background-media":"","overlay-type":"","overlay-color":"","overlay-opacity":"","overlay-gradient":""},"mobile":{"background-color":"","background-image":"","background-repeat":"repeat","background-position":"center center","background-size":"auto","background-attachment":"scroll","background-type":"","background-media":"","overlay-type":"","overlay-color":"","overlay-opacity":"","overlay-gradient":""}},"ast-content-background-meta":{"desktop":{"background-color":"var(--ast-global-color-5)","background-image":"","background-repeat":"repeat","background-position":"center center","background-size":"auto","background-attachment":"scroll","background-type":"","background-media":"","overlay-type":"","overlay-color":"","overlay-opacity":"","overlay-gradient":""},"tablet":{"background-color":"var(--ast-global-color-5)","background-image":"","background-repeat":"repeat","background-position":"center center","background-size":"auto","background-attachment":"scroll","background-type":"","background-media":"","overlay-type":"","overlay-color":"","overlay-opacity":"","overlay-gradient":""},"mobile":{"background-color":"var(--ast-global-color-5)","background-image":"","background-repeat":"repeat","background-position":"center center","background-size":"auto","background-attachment":"scroll","background-type":"","background-media":"","overlay-type":"","overlay-color":"","overlay-opacity":"","overlay-gradient":""}},"footnotes":""},"class_list":["post-1541","page","type-page","status-publish","hentry"],"acf":[],"yoast_head":"<!-- This site is optimized with the Yoast SEO plugin v24.2 - https:\/\/yoast.com\/wordpress\/plugins\/seo\/ -->\n<title>Immobilier complexe - Fanny Farges-Dujardin et Hanna Dahmane notaires Rouen<\/title>\n<meta name=\"robots\" content=\"noindex, follow, max-snippet:-1, max-image-preview:large, max-video-preview:-1\" \/>\n<meta property=\"og:locale\" content=\"fr_FR\" \/>\n<meta property=\"og:type\" content=\"article\" \/>\n<meta property=\"og:title\" content=\"Immobilier complexe - Fanny Farges-Dujardin et Hanna Dahmane notaires Rouen\" \/>\n<meta property=\"og:description\" content=\"Construction et promotion immobili\u00e8re VEFA : Du projet \u00e0 sa r\u00e9alisation L&rsquo;\u00e9tude de Me Fanny Farges-Dujardin et de Me Hanna [&hellip;]\" \/>\n<meta property=\"og:url\" content=\"http:\/\/51.68.119.59\/Floreane\/FagesDujardinDahman\/index.php\/immobilier-complexe\/\" \/>\n<meta property=\"og:site_name\" content=\"Fanny Farges-Dujardin et Hanna Dahmane notaires Rouen\" \/>\n<meta property=\"article:publisher\" content=\"https:\/\/www.facebook.com\/p\/F-Farges-Dujardin-et-JP-Assaud-Notaires-associs--Rouen-100066520373687\/?_rdr\" \/>\n<meta property=\"article:modified_time\" content=\"2024-12-18T16:15:23+00:00\" \/>\n<meta name=\"twitter:card\" content=\"summary_large_image\" \/>\n<meta name=\"twitter:label1\" content=\"Dur\u00e9e de lecture estim\u00e9e\" \/>\n\t<meta name=\"twitter:data1\" content=\"1 minute\" \/>\n<script type=\"application\/ld+json\" class=\"yoast-schema-graph\">{\"@context\":\"https:\/\/schema.org\",\"@graph\":[{\"@type\":\"WebPage\",\"@id\":\"http:\/\/51.68.119.59\/Floreane\/FagesDujardinDahman\/index.php\/immobilier-complexe\/\",\"url\":\"http:\/\/51.68.119.59\/Floreane\/FagesDujardinDahman\/index.php\/immobilier-complexe\/\",\"name\":\"Immobilier complexe - Fanny Farges-Dujardin et Hanna Dahmane notaires Rouen\",\"isPartOf\":{\"@id\":\"http:\/\/51.68.119.59\/Floreane\/FagesDujardinDahman\/#website\"},\"datePublished\":\"2024-12-18T16:12:07+00:00\",\"dateModified\":\"2024-12-18T16:15:23+00:00\",\"breadcrumb\":{\"@id\":\"http:\/\/51.68.119.59\/Floreane\/FagesDujardinDahman\/index.php\/immobilier-complexe\/#breadcrumb\"},\"inLanguage\":\"fr-FR\",\"potentialAction\":[{\"@type\":\"ReadAction\",\"target\":[\"http:\/\/51.68.119.59\/Floreane\/FagesDujardinDahman\/index.php\/immobilier-complexe\/\"]}]},{\"@type\":\"BreadcrumbList\",\"@id\":\"http:\/\/51.68.119.59\/Floreane\/FagesDujardinDahman\/index.php\/immobilier-complexe\/#breadcrumb\",\"itemListElement\":[{\"@type\":\"ListItem\",\"position\":1,\"name\":\"Accueil\",\"item\":\"http:\/\/51.68.119.59\/Floreane\/FagesDujardinDahman\/\"},{\"@type\":\"ListItem\",\"position\":2,\"name\":\"Immobilier complexe\"}]},{\"@type\":\"WebSite\",\"@id\":\"http:\/\/51.68.119.59\/Floreane\/FagesDujardinDahman\/#website\",\"url\":\"http:\/\/51.68.119.59\/Floreane\/FagesDujardinDahman\/\",\"name\":\"Fanny Farges-Dujardin et Hanna Dahmane notaires \u00e0 Rouen\",\"description\":\"\",\"publisher\":{\"@id\":\"http:\/\/51.68.119.59\/Floreane\/FagesDujardinDahman\/#organization\"},\"potentialAction\":[{\"@type\":\"SearchAction\",\"target\":{\"@type\":\"EntryPoint\",\"urlTemplate\":\"http:\/\/51.68.119.59\/Floreane\/FagesDujardinDahman\/?s={search_term_string}\"},\"query-input\":{\"@type\":\"PropertyValueSpecification\",\"valueRequired\":true,\"valueName\":\"search_term_string\"}}],\"inLanguage\":\"fr-FR\"},{\"@type\":\"Organization\",\"@id\":\"http:\/\/51.68.119.59\/Floreane\/FagesDujardinDahman\/#organization\",\"name\":\"SCP Fanny Farges-Dujardin et Hanna Dahmane\",\"url\":\"http:\/\/51.68.119.59\/Floreane\/FagesDujardinDahman\/\",\"logo\":{\"@type\":\"ImageObject\",\"inLanguage\":\"fr-FR\",\"@id\":\"http:\/\/51.68.119.59\/Floreane\/FagesDujardinDahman\/#\/schema\/logo\/image\/\",\"url\":\"http:\/\/51.68.119.59\/Floreane\/FagesDujardinDahman\/wp-content\/uploads\/2024\/12\/logo-paysage-1.png\",\"contentUrl\":\"http:\/\/51.68.119.59\/Floreane\/FagesDujardinDahman\/wp-content\/uploads\/2024\/12\/logo-paysage-1.png\",\"width\":2590,\"height\":869,\"caption\":\"SCP Fanny Farges-Dujardin et Hanna Dahmane\"},\"image\":{\"@id\":\"http:\/\/51.68.119.59\/Floreane\/FagesDujardinDahman\/#\/schema\/logo\/image\/\"},\"sameAs\":[\"https:\/\/www.facebook.com\/p\/F-Farges-Dujardin-et-JP-Assaud-Notaires-associs--Rouen-100066520373687\/?_rdr\",\"https:\/\/www.instagram.com\/notaires_fargesdujardindahmane\/\"]}]}<\/script>\n<!-- \/ Yoast SEO plugin. -->","yoast_head_json":{"title":"Immobilier complexe - Fanny Farges-Dujardin et Hanna Dahmane notaires Rouen","robots":{"index":"noindex","follow":"follow","max-snippet":"max-snippet:-1","max-image-preview":"max-image-preview:large","max-video-preview":"max-video-preview:-1"},"og_locale":"fr_FR","og_type":"article","og_title":"Immobilier complexe - Fanny Farges-Dujardin et Hanna Dahmane notaires Rouen","og_description":"Construction et promotion immobili\u00e8re VEFA : Du projet \u00e0 sa r\u00e9alisation L&rsquo;\u00e9tude de Me Fanny Farges-Dujardin et de Me Hanna [&hellip;]","og_url":"http:\/\/51.68.119.59\/Floreane\/FagesDujardinDahman\/index.php\/immobilier-complexe\/","og_site_name":"Fanny Farges-Dujardin et Hanna Dahmane notaires Rouen","article_publisher":"https:\/\/www.facebook.com\/p\/F-Farges-Dujardin-et-JP-Assaud-Notaires-associs--Rouen-100066520373687\/?_rdr","article_modified_time":"2024-12-18T16:15:23+00:00","twitter_card":"summary_large_image","twitter_misc":{"Dur\u00e9e de lecture estim\u00e9e":"1 minute"},"schema":{"@context":"https:\/\/schema.org","@graph":[{"@type":"WebPage","@id":"http:\/\/51.68.119.59\/Floreane\/FagesDujardinDahman\/index.php\/immobilier-complexe\/","url":"http:\/\/51.68.119.59\/Floreane\/FagesDujardinDahman\/index.php\/immobilier-complexe\/","name":"Immobilier complexe - Fanny Farges-Dujardin et Hanna Dahmane notaires Rouen","isPartOf":{"@id":"http:\/\/51.68.119.59\/Floreane\/FagesDujardinDahman\/#website"},"datePublished":"2024-12-18T16:12:07+00:00","dateModified":"2024-12-18T16:15:23+00:00","breadcrumb":{"@id":"http:\/\/51.68.119.59\/Floreane\/FagesDujardinDahman\/index.php\/immobilier-complexe\/#breadcrumb"},"inLanguage":"fr-FR","potentialAction":[{"@type":"ReadAction","target":["http:\/\/51.68.119.59\/Floreane\/FagesDujardinDahman\/index.php\/immobilier-complexe\/"]}]},{"@type":"BreadcrumbList","@id":"http:\/\/51.68.119.59\/Floreane\/FagesDujardinDahman\/index.php\/immobilier-complexe\/#breadcrumb","itemListElement":[{"@type":"ListItem","position":1,"name":"Accueil","item":"http:\/\/51.68.119.59\/Floreane\/FagesDujardinDahman\/"},{"@type":"ListItem","position":2,"name":"Immobilier complexe"}]},{"@type":"WebSite","@id":"http:\/\/51.68.119.59\/Floreane\/FagesDujardinDahman\/#website","url":"http:\/\/51.68.119.59\/Floreane\/FagesDujardinDahman\/","name":"Fanny Farges-Dujardin et Hanna Dahmane notaires \u00e0 Rouen","description":"","publisher":{"@id":"http:\/\/51.68.119.59\/Floreane\/FagesDujardinDahman\/#organization"},"potentialAction":[{"@type":"SearchAction","target":{"@type":"EntryPoint","urlTemplate":"http:\/\/51.68.119.59\/Floreane\/FagesDujardinDahman\/?s={search_term_string}"},"query-input":{"@type":"PropertyValueSpecification","valueRequired":true,"valueName":"search_term_string"}}],"inLanguage":"fr-FR"},{"@type":"Organization","@id":"http:\/\/51.68.119.59\/Floreane\/FagesDujardinDahman\/#organization","name":"SCP Fanny Farges-Dujardin et Hanna Dahmane","url":"http:\/\/51.68.119.59\/Floreane\/FagesDujardinDahman\/","logo":{"@type":"ImageObject","inLanguage":"fr-FR","@id":"http:\/\/51.68.119.59\/Floreane\/FagesDujardinDahman\/#\/schema\/logo\/image\/","url":"http:\/\/51.68.119.59\/Floreane\/FagesDujardinDahman\/wp-content\/uploads\/2024\/12\/logo-paysage-1.png","contentUrl":"http:\/\/51.68.119.59\/Floreane\/FagesDujardinDahman\/wp-content\/uploads\/2024\/12\/logo-paysage-1.png","width":2590,"height":869,"caption":"SCP Fanny Farges-Dujardin et Hanna Dahmane"},"image":{"@id":"http:\/\/51.68.119.59\/Floreane\/FagesDujardinDahman\/#\/schema\/logo\/image\/"},"sameAs":["https:\/\/www.facebook.com\/p\/F-Farges-Dujardin-et-JP-Assaud-Notaires-associs--Rouen-100066520373687\/?_rdr","https:\/\/www.instagram.com\/notaires_fargesdujardindahmane\/"]}]}},"_links":{"self":[{"href":"http:\/\/51.68.119.59\/Floreane\/FagesDujardinDahman\/index.php\/wp-json\/wp\/v2\/pages\/1541","targetHints":{"allow":["GET"]}}],"collection":[{"href":"http:\/\/51.68.119.59\/Floreane\/FagesDujardinDahman\/index.php\/wp-json\/wp\/v2\/pages"}],"about":[{"href":"http:\/\/51.68.119.59\/Floreane\/FagesDujardinDahman\/index.php\/wp-json\/wp\/v2\/types\/page"}],"author":[{"embeddable":true,"href":"http:\/\/51.68.119.59\/Floreane\/FagesDujardinDahman\/index.php\/wp-json\/wp\/v2\/users\/1"}],"replies":[{"embeddable":true,"href":"http:\/\/51.68.119.59\/Floreane\/FagesDujardinDahman\/index.php\/wp-json\/wp\/v2\/comments?post=1541"}],"version-history":[{"count":6,"href":"http:\/\/51.68.119.59\/Floreane\/FagesDujardinDahman\/index.php\/wp-json\/wp\/v2\/pages\/1541\/revisions"}],"predecessor-version":[{"id":1548,"href":"http:\/\/51.68.119.59\/Floreane\/FagesDujardinDahman\/index.php\/wp-json\/wp\/v2\/pages\/1541\/revisions\/1548"}],"wp:attachment":[{"href":"http:\/\/51.68.119.59\/Floreane\/FagesDujardinDahman\/index.php\/wp-json\/wp\/v2\/media?parent=1541"}],"curies":[{"name":"wp","href":"https:\/\/api.w.org\/{rel}","templated":true}]}}