{"id":186,"date":"2024-12-06T16:15:46","date_gmt":"2024-12-06T15:15:46","guid":{"rendered":"http:\/\/51.68.119.59\/Floreane\/FagesDujardinDahman\/?page_id=186"},"modified":"2024-12-19T15:37:30","modified_gmt":"2024-12-19T14:37:30","slug":"contact","status":"publish","type":"page","link":"http:\/\/51.68.119.59\/Floreane\/FagesDujardinDahman\/index.php\/contact\/","title":{"rendered":"Contact"},"content":{"rendered":"\t\t<div data-elementor-type=\"wp-page\" data-elementor-id=\"186\" class=\"elementor elementor-186\" data-elementor-post-type=\"page\">\n\t\t\t\t<div class=\"elementor-element elementor-element-a59a1e9 e-flex e-con-boxed e-con e-parent\" data-id=\"a59a1e9\" data-element_type=\"container\">\n\t\t\t\t\t<div class=\"e-con-inner\">\n\t\t\t\t<div class=\"elementor-element elementor-element-f591224 elementor-widget elementor-widget-heading\" data-id=\"f591224\" data-element_type=\"widget\" data-widget_type=\"heading.default\">\n\t\t\t\t<div class=\"elementor-widget-container\">\n\t\t\t\t\t<h2 class=\"elementor-heading-title elementor-size-default\">Contact<\/h2>\t\t\t\t<\/div>\n\t\t\t\t<\/div>\n\t\t\t\t\t<\/div>\n\t\t\t\t<\/div>\n\t\t<div class=\"elementor-element elementor-element-ae4ca0f e-flex e-con-boxed e-con e-parent\" data-id=\"ae4ca0f\" data-element_type=\"container\">\n\t\t\t\t\t<div class=\"e-con-inner\">\n\t\t<div class=\"elementor-element elementor-element-39998c6 e-con-full e-flex e-con e-child\" data-id=\"39998c6\" data-element_type=\"container\" data-settings=\"{&quot;background_background&quot;:&quot;classic&quot;}\">\n\t\t<div class=\"elementor-element elementor-element-7b3f5f8 e-con-full e-flex e-con e-child\" data-id=\"7b3f5f8\" data-element_type=\"container\">\n\t\t\t\t<div class=\"elementor-element elementor-element-c9f8aa6 elementor-widget elementor-widget-heading\" data-id=\"c9f8aa6\" data-element_type=\"widget\" data-widget_type=\"heading.default\">\n\t\t\t\t<div class=\"elementor-widget-container\">\n\t\t\t\t\t<h5 class=\"elementor-heading-title elementor-size-default\">Adresse<\/h5>\t\t\t\t<\/div>\n\t\t\t\t<\/div>\n\t\t\t\t<div class=\"elementor-element elementor-element-94e5d07 elementor-position-left elementor-mobile-position-left elementor-vertical-align-middle elementor-widget__width-initial elementor-view-default elementor-widget elementor-widget-icon-box\" data-id=\"94e5d07\" data-element_type=\"widget\" data-widget_type=\"icon-box.default\">\n\t\t\t\t<div class=\"elementor-widget-container\">\n\t\t\t\t\t\t\t<div class=\"elementor-icon-box-wrapper\">\n\n\t\t\t\t\t\t<div class=\"elementor-icon-box-icon\">\n\t\t\t\t<span  class=\"elementor-icon elementor-animation-\">\n\t\t\t\t<svg aria-hidden=\"true\" class=\"e-font-icon-svg e-fas-map-marker-alt\" viewBox=\"0 0 384 512\" xmlns=\"http:\/\/www.w3.org\/2000\/svg\"><path d=\"M172.268 501.67C26.97 291.031 0 269.413 0 192 0 85.961 85.961 0 192 0s192 85.961 192 192c0 77.413-26.97 99.031-172.268 309.67-9.535 13.774-29.93 13.773-39.464 0zM192 272c44.183 0 80-35.817 80-80s-35.817-80-80-80-80 35.817-80 80 35.817 80 80 80z\"><\/path><\/svg>\t\t\t\t<\/span>\n\t\t\t<\/div>\n\t\t\t\n\t\t\t\t\t\t<div class=\"elementor-icon-box-content\">\n\n\t\t\t\t\n\t\t\t\t\t\t\t\t\t<p class=\"elementor-icon-box-description\">\n\t\t\t\t\t\t30, 32 Rue aux Ours,\n76000\u00a0 Rouen\t\t\t\t\t<\/p>\n\t\t\t\t\n\t\t\t<\/div>\n\t\t\t\n\t\t<\/div>\n\t\t\t\t\t\t<\/div>\n\t\t\t\t<\/div>\n\t\t\t\t<div class=\"elementor-element elementor-element-fc60ec0 elementor-position-left elementor-mobile-position-left elementor-vertical-align-middle elementor-widget__width-initial elementor-view-default elementor-widget elementor-widget-icon-box\" data-id=\"fc60ec0\" data-element_type=\"widget\" data-widget_type=\"icon-box.default\">\n\t\t\t\t<div class=\"elementor-widget-container\">\n\t\t\t\t\t\t\t<div class=\"elementor-icon-box-wrapper\">\n\n\t\t\t\t\t\t<div class=\"elementor-icon-box-icon\">\n\t\t\t\t<span  class=\"elementor-icon elementor-animation-\">\n\t\t\t\t<svg aria-hidden=\"true\" class=\"e-font-icon-svg e-fas-phone-alt\" viewBox=\"0 0 512 512\" xmlns=\"http:\/\/www.w3.org\/2000\/svg\"><path d=\"M497.39 361.8l-112-48a24 24 0 0 0-28 6.9l-49.6 60.6A370.66 370.66 0 0 1 130.6 204.11l60.6-49.6a23.94 23.94 0 0 0 6.9-28l-48-112A24.16 24.16 0 0 0 122.6.61l-104 24A24 24 0 0 0 0 48c0 256.5 207.9 464 464 464a24 24 0 0 0 23.4-18.6l24-104a24.29 24.29 0 0 0-14.01-27.6z\"><\/path><\/svg>\t\t\t\t<\/span>\n\t\t\t<\/div>\n\t\t\t\n\t\t\t\t\t\t<div class=\"elementor-icon-box-content\">\n\n\t\t\t\t\n\t\t\t\t\t\t\t\t\t<p class=\"elementor-icon-box-description\">\n\t\t\t\t\t\t02 35 71 52 95\t\t\t\t\t<\/p>\n\t\t\t\t\n\t\t\t<\/div>\n\t\t\t\n\t\t<\/div>\n\t\t\t\t\t\t<\/div>\n\t\t\t\t<\/div>\n\t\t\t\t<div class=\"elementor-element elementor-element-a7d46be elementor-position-left elementor-mobile-position-left elementor-vertical-align-middle elementor-widget__width-initial elementor-view-default elementor-widget elementor-widget-icon-box\" data-id=\"a7d46be\" data-element_type=\"widget\" data-widget_type=\"icon-box.default\">\n\t\t\t\t<div class=\"elementor-widget-container\">\n\t\t\t\t\t\t\t<div class=\"elementor-icon-box-wrapper\">\n\n\t\t\t\t\t\t<div class=\"elementor-icon-box-icon\">\n\t\t\t\t<span  class=\"elementor-icon elementor-animation-\">\n\t\t\t\t<svg aria-hidden=\"true\" class=\"e-font-icon-svg e-fas-envelope\" viewBox=\"0 0 512 512\" xmlns=\"http:\/\/www.w3.org\/2000\/svg\"><path d=\"M502.3 190.8c3.9-3.1 9.7-.2 9.7 4.7V400c0 26.5-21.5 48-48 48H48c-26.5 0-48-21.5-48-48V195.6c0-5 5.7-7.8 9.7-4.7 22.4 17.4 52.1 39.5 154.1 113.6 21.1 15.4 56.7 47.8 92.2 47.6 35.7.3 72-32.8 92.3-47.6 102-74.1 131.6-96.3 154-113.7zM256 320c23.2.4 56.6-29.2 73.4-41.4 132.7-96.3 142.8-104.7 173.4-128.7 5.8-4.5 9.2-11.5 9.2-18.9v-19c0-26.5-21.5-48-48-48H48C21.5 64 0 85.5 0 112v19c0 7.4 3.4 14.3 9.2 18.9 30.6 23.9 40.7 32.4 173.4 128.7 16.8 12.2 50.2 41.8 73.4 41.4z\"><\/path><\/svg>\t\t\t\t<\/span>\n\t\t\t<\/div>\n\t\t\t\n\t\t\t\t\t\t<div class=\"elementor-icon-box-content\">\n\n\t\t\t\t\n\t\t\t\t\t\t\t\t\t<p class=\"elementor-icon-box-description\">\n\t\t\t\t\t\taccueil@76011.notaires.fr\t\t\t\t\t<\/p>\n\t\t\t\t\n\t\t\t<\/div>\n\t\t\t\n\t\t<\/div>\n\t\t\t\t\t\t<\/div>\n\t\t\t\t<\/div>\n\t\t\t\t<\/div>\n\t\t<div class=\"elementor-element elementor-element-3985835 e-con-full e-flex e-con e-child\" data-id=\"3985835\" data-element_type=\"container\">\n\t\t\t\t<div class=\"elementor-element elementor-element-609c615 elementor-widget elementor-widget-heading\" data-id=\"609c615\" data-element_type=\"widget\" data-widget_type=\"heading.default\">\n\t\t\t\t<div class=\"elementor-widget-container\">\n\t\t\t\t\t<h5 class=\"elementor-heading-title elementor-size-default\">Horaires<\/h5>\t\t\t\t<\/div>\n\t\t\t\t<\/div>\n\t\t\t\t<div class=\"elementor-element elementor-element-55fcc73 elementor-widget__width-initial elementor-widget elementor-widget-text-editor\" data-id=\"55fcc73\" data-element_type=\"widget\" data-widget_type=\"text-editor.default\">\n\t\t\t\t<div class=\"elementor-widget-container\">\n\t\t\t\t\t\t\t\t\t<p>Nous vous accueillons du lundi au vendredi de 9h \u00e0 12h et de 14h \u00e0 18h\u2028 et le samedi sur rendez-vous\u2028.<br \/>Les visites immobili\u00e8res sont sur rendez-vous.<\/p>\t\t\t\t\t\t\t\t<\/div>\n\t\t\t\t<\/div>\n\t\t\t\t<\/div>\n\t\t<div class=\"elementor-element elementor-element-3d40e4a e-con-full e-flex e-con e-child\" data-id=\"3d40e4a\" data-element_type=\"container\">\n\t\t\t\t<div class=\"elementor-element elementor-element-ecb3e94 elementor-widget elementor-widget-heading\" data-id=\"ecb3e94\" data-element_type=\"widget\" data-widget_type=\"heading.default\">\n\t\t\t\t<div class=\"elementor-widget-container\">\n\t\t\t\t\t<h5 class=\"elementor-heading-title elementor-size-default\">Acc\u00e8s et localisation<\/h5>\t\t\t\t<\/div>\n\t\t\t\t<\/div>\n\t\t\t\t<div class=\"elementor-element elementor-element-c0a95bb elementor-widget__width-initial elementor-widget elementor-widget-text-editor\" data-id=\"c0a95bb\" data-element_type=\"widget\" data-widget_type=\"text-editor.default\">\n\t\t\t\t<div class=\"elementor-widget-container\">\n\t\t\t\t\t\t\t\t\t<p>Centre historique de Rouen, \u00e0 proximit\u00e9 de la Cath\u00e9drale.<\/p><p><strong>Transports en commun\u2028 :<\/strong> M\u00e9tro Th\u00e9\u00e2tre des Arts, Bus Th\u00e9\u00e2tre des Arts et Cath\u00e9drale.<\/p><p><strong>En voiture :<\/strong> \u2028Parkings de la Pucelle, du Commerce, de l&rsquo;Espace du Palais, de l&rsquo;H\u00f4tel de Ville<\/p><p><strong>A v\u00e9lo ou trottinette :<\/strong> Parking \u00e0 v\u00e9lo s\u00e9curis\u00e9 dans la cour de l&rsquo;immeuble<\/p>\t\t\t\t\t\t\t\t<\/div>\n\t\t\t\t<\/div>\n\t\t\t\t<\/div>\n\t\t\t\t<\/div>\n\t\t<div class=\"elementor-element elementor-element-9313ea0 e-con-full e-flex e-con e-child\" data-id=\"9313ea0\" data-element_type=\"container\" data-settings=\"{&quot;background_background&quot;:&quot;classic&quot;}\">\n\t\t\t\t<div class=\"elementor-element elementor-element-c3220c0 elementor-widget elementor-widget-heading\" data-id=\"c3220c0\" data-element_type=\"widget\" data-widget_type=\"heading.default\">\n\t\t\t\t<div class=\"elementor-widget-container\">\n\t\t\t\t\t<h3 class=\"elementor-heading-title elementor-size-default\">Envoyer un message<\/h3>\t\t\t\t<\/div>\n\t\t\t\t<\/div>\n\t\t\t\t<div class=\"elementor-element elementor-element-ffd6940 elementor-button-align-center elementor-widget__width-initial elementor-widget elementor-widget-form\" data-id=\"ffd6940\" data-element_type=\"widget\" data-settings=\"{&quot;step_next_label&quot;:&quot;Suivant&quot;,&quot;step_previous_label&quot;:&quot;Pr\\u00e9c\\u00e9dent&quot;,&quot;step_type&quot;:&quot;number_text&quot;,&quot;step_icon_shape&quot;:&quot;circle&quot;}\" data-widget_type=\"form.default\">\n\t\t\t\t<div class=\"elementor-widget-container\">\n\t\t\t\t\t\t\t<form class=\"elementor-form\" method=\"post\" name=\"Nouveau formulaire\">\n\t\t\t<input type=\"hidden\" name=\"post_id\" value=\"186\"\/>\n\t\t\t<input type=\"hidden\" name=\"form_id\" value=\"ffd6940\"\/>\n\t\t\t<input type=\"hidden\" name=\"referer_title\" value=\"Contact - Fanny Farges-Dujardin et Hanna Dahmane notaires Rouen\" \/>\n\n\t\t\t\t\t\t\t<input type=\"hidden\" name=\"queried_id\" value=\"186\"\/>\n\t\t\t\n\t\t\t<div class=\"elementor-form-fields-wrapper elementor-labels-above\">\n\t\t\t\t\t\t\t\t<div class=\"elementor-field-type-text elementor-field-group elementor-column elementor-field-group-name elementor-col-100 elementor-field-required\">\n\t\t\t\t\t\t\t\t\t\t\t\t<label for=\"form-field-name\" class=\"elementor-field-label\">\n\t\t\t\t\t\t\t\tNom\t\t\t\t\t\t\t<\/label>\n\t\t\t\t\t\t\t\t\t\t\t\t\t\t<input size=\"1\" type=\"text\" name=\"form_fields[name]\" id=\"form-field-name\" class=\"elementor-field elementor-size-md  elementor-field-textual\" placeholder=\"Nom\" required=\"required\" aria-required=\"true\">\n\t\t\t\t\t\t\t\t\t\t\t<\/div>\n\t\t\t\t\t\t\t\t<div class=\"elementor-field-type-email elementor-field-group elementor-column elementor-field-group-email elementor-col-100 elementor-field-required\">\n\t\t\t\t\t\t\t\t\t\t\t\t<label for=\"form-field-email\" class=\"elementor-field-label\">\n\t\t\t\t\t\t\t\tE-mail\t\t\t\t\t\t\t<\/label>\n\t\t\t\t\t\t\t\t\t\t\t\t\t\t<input size=\"1\" type=\"email\" name=\"form_fields[email]\" id=\"form-field-email\" class=\"elementor-field elementor-size-md  elementor-field-textual\" placeholder=\"E-mail\" required=\"required\" aria-required=\"true\">\n\t\t\t\t\t\t\t\t\t\t\t<\/div>\n\t\t\t\t\t\t\t\t<div class=\"elementor-field-type-tel elementor-field-group elementor-column elementor-field-group-field_4ccbb68 elementor-col-100 elementor-field-required\">\n\t\t\t\t\t\t\t\t\t\t\t\t<label for=\"form-field-field_4ccbb68\" class=\"elementor-field-label\">\n\t\t\t\t\t\t\t\tT\u00e9l\u00e9phone\t\t\t\t\t\t\t<\/label>\n\t\t\t\t\t\t\t\t<input size=\"1\" type=\"tel\" name=\"form_fields[field_4ccbb68]\" id=\"form-field-field_4ccbb68\" class=\"elementor-field elementor-size-md  elementor-field-textual\" placeholder=\"T\u00e9l\u00e9phone\" required=\"required\" aria-required=\"true\" pattern=\"[0-9()#&amp;+*-=.]+\" title=\"Seuls les caract\u00e8res de num\u00e9ros de t\u00e9l\u00e9phone (#, -, *, etc.) sont accept\u00e9s.\">\n\n\t\t\t\t\t\t<\/div>\n\t\t\t\t\t\t\t\t<div class=\"elementor-field-type-text elementor-field-group elementor-column elementor-field-group-field_d5a1ed8 elementor-col-100 elementor-field-required\">\n\t\t\t\t\t\t\t\t\t\t\t\t<label for=\"form-field-field_d5a1ed8\" class=\"elementor-field-label\">\n\t\t\t\t\t\t\t\tObjet\t\t\t\t\t\t\t<\/label>\n\t\t\t\t\t\t\t\t\t\t\t\t\t\t<input size=\"1\" type=\"text\" name=\"form_fields[field_d5a1ed8]\" id=\"form-field-field_d5a1ed8\" class=\"elementor-field elementor-size-md  elementor-field-textual\" placeholder=\"Objet\" required=\"required\" aria-required=\"true\">\n\t\t\t\t\t\t\t\t\t\t\t<\/div>\n\t\t\t\t\t\t\t\t<div class=\"elementor-field-type-textarea elementor-field-group elementor-column elementor-field-group-message elementor-col-100 elementor-field-required\">\n\t\t\t\t\t\t\t\t\t\t\t\t<label for=\"form-field-message\" class=\"elementor-field-label\">\n\t\t\t\t\t\t\t\tMessage\t\t\t\t\t\t\t<\/label>\n\t\t\t\t\t\t<textarea class=\"elementor-field-textual elementor-field  elementor-size-md\" name=\"form_fields[message]\" id=\"form-field-message\" rows=\"4\" placeholder=\"Message\" required=\"required\" aria-required=\"true\"><\/textarea>\t\t\t\t<\/div>\n\t\t\t\t\t\t\t\t<div class=\"elementor-field-type-acceptance elementor-field-group elementor-column elementor-field-group-field_6ea2635 elementor-col-100 elementor-field-required\">\n\t\t\t\t\t\t\t<div class=\"elementor-field-subgroup\">\n\t\t\t<span class=\"elementor-field-option\">\n\t\t\t\t<input type=\"checkbox\" name=\"form_fields[field_6ea2635]\" id=\"form-field-field_6ea2635\" class=\"elementor-field elementor-size-md  elementor-acceptance-field\" required=\"required\" aria-required=\"true\">\n\t\t\t\t<label for=\"form-field-field_6ea2635\">J'ai lu et j'accepte les conditions g\u00e9n\u00e9rales d'utilisation<\/label>\t\t\t<\/span>\n\t\t<\/div>\n\t\t\t\t\t\t<\/div>\n\t\t\t\t\t\t\t\t<div class=\"elementor-field-group elementor-column elementor-field-type-submit elementor-col-100 e-form__buttons\">\n\t\t\t\t\t<button class=\"elementor-button elementor-size-md\" type=\"submit\">\n\t\t\t\t\t\t<span class=\"elementor-button-content-wrapper\">\n\t\t\t\t\t\t\t\t\t\t\t\t\t\t\t\t\t\t\t\t\t\t<span class=\"elementor-button-text\">Envoyer<\/span>\n\t\t\t\t\t\t\t\t\t\t\t\t\t<\/span>\n\t\t\t\t\t<\/button>\n\t\t\t\t<\/div>\n\t\t\t<\/div>\n\t\t<\/form>\n\t\t\t\t\t\t<\/div>\n\t\t\t\t<\/div>\n\t\t\t\t<\/div>\n\t\t\t\t\t<\/div>\n\t\t\t\t<\/div>\n\t\t<div class=\"elementor-element elementor-element-1e4c8c9 e-con-full elementor-hidden-mobile e-flex e-con e-parent\" data-id=\"1e4c8c9\" data-element_type=\"container\">\n\t\t\t\t<div class=\"elementor-element elementor-element-d41eca7 elementor-widget__width-initial elementor-widget elementor-widget-google_maps\" data-id=\"d41eca7\" data-element_type=\"widget\" data-widget_type=\"google_maps.default\">\n\t\t\t\t<div class=\"elementor-widget-container\">\n\t\t\t\t\t\t\t<div class=\"elementor-custom-embed\">\n\t\t\t<iframe loading=\"lazy\"\n\t\t\t\t\tsrc=\"https:\/\/maps.google.com\/maps?q=32%20rue%20aux%20ours%2076000%20Rouen&#038;t=m&#038;z=15&#038;output=embed&#038;iwloc=near\"\n\t\t\t\t\ttitle=\"32 rue aux ours 76000 Rouen\"\n\t\t\t\t\taria-label=\"32 rue aux ours 76000 Rouen\"\n\t\t\t><\/iframe>\n\t\t<\/div>\n\t\t\t\t\t\t<\/div>\n\t\t\t\t<\/div>\n\t\t\t\t<\/div>\n\t\t\t\t<\/div>\n\t\t","protected":false},"excerpt":{"rendered":"<p>Contact Adresse 30, 32 Rue aux Ours, 76000\u00a0 Rouen 02 35 71 52 95 accueil@76011.notaires.fr Horaires Nous vous accueillons du [&hellip;]<\/p>\n","protected":false},"author":1,"featured_media":0,"parent":0,"menu_order":0,"comment_status":"closed","ping_status":"closed","template":"","meta":{"_acf_changed":false,"site-sidebar-layout":"no-sidebar","site-content-layout":"","ast-site-content-layout":"full-width-container","site-content-style":"default","site-sidebar-style":"default","ast-global-header-display":"","ast-banner-title-visibility":"","ast-main-header-display":"","ast-hfb-above-header-display":"","ast-hfb-below-header-display":"","ast-hfb-mobile-header-display":"","site-post-title":"disabled","ast-breadcrumbs-content":"","ast-featured-img":"disabled","footer-sml-layout":"","theme-transparent-header-meta":"","adv-header-id-meta":"","stick-header-meta":"","header-above-stick-meta":"","header-main-stick-meta":"","header-below-stick-meta":"","astra-migrate-meta-layouts":"default","ast-page-background-enabled":"default","ast-page-background-meta":{"desktop":{"background-color":"var(--ast-global-color-4)","background-image":"","background-repeat":"repeat","background-position":"center center","background-size":"auto","background-attachment":"scroll","background-type":"","background-media":"","overlay-type":"","overlay-color":"","overlay-opacity":"","overlay-gradient":""},"tablet":{"background-color":"","background-image":"","background-repeat":"repeat","background-position":"center center","background-size":"auto","background-attachment":"scroll","background-type":"","background-media":"","overlay-type":"","overlay-color":"","overlay-opacity":"","overlay-gradient":""},"mobile":{"background-color":"","background-image":"","background-repeat":"repeat","background-position":"center center","background-size":"auto","background-attachment":"scroll","background-type":"","background-media":"","overlay-type":"","overlay-color":"","overlay-opacity":"","overlay-gradient":""}},"ast-content-background-meta":{"desktop":{"background-color":"var(--ast-global-color-5)","background-image":"","background-repeat":"repeat","background-position":"center center","background-size":"auto","background-attachment":"scroll","background-type":"","background-media":"","overlay-type":"","overlay-color":"","overlay-opacity":"","overlay-gradient":""},"tablet":{"background-color":"var(--ast-global-color-5)","background-image":"","background-repeat":"repeat","background-position":"center center","background-size":"auto","background-attachment":"scroll","background-type":"","background-media":"","overlay-type":"","overlay-color":"","overlay-opacity":"","overlay-gradient":""},"mobile":{"background-color":"var(--ast-global-color-5)","background-image":"","background-repeat":"repeat","background-position":"center center","background-size":"auto","background-attachment":"scroll","background-type":"","background-media":"","overlay-type":"","overlay-color":"","overlay-opacity":"","overlay-gradient":""}},"footnotes":""},"class_list":["post-186","page","type-page","status-publish","hentry"],"acf":[],"yoast_head":"<!-- This site is optimized with the Yoast SEO plugin v24.2 - https:\/\/yoast.com\/wordpress\/plugins\/seo\/ -->\n<title>Contact - Fanny Farges-Dujardin et Hanna Dahmane notaires Rouen<\/title>\n<meta name=\"robots\" content=\"noindex, follow, max-snippet:-1, max-image-preview:large, max-video-preview:-1\" \/>\n<meta property=\"og:locale\" content=\"fr_FR\" \/>\n<meta property=\"og:type\" content=\"article\" \/>\n<meta property=\"og:title\" content=\"Contact - Fanny Farges-Dujardin et Hanna Dahmane notaires Rouen\" \/>\n<meta property=\"og:description\" content=\"Contact Adresse 30, 32 Rue aux Ours, 76000\u00a0 Rouen 02 35 71 52 95 accueil@76011.notaires.fr Horaires Nous vous accueillons du [&hellip;]\" \/>\n<meta property=\"og:url\" content=\"http:\/\/51.68.119.59\/Floreane\/FagesDujardinDahman\/index.php\/contact\/\" \/>\n<meta property=\"og:site_name\" content=\"Fanny Farges-Dujardin et Hanna Dahmane notaires Rouen\" \/>\n<meta property=\"article:publisher\" content=\"https:\/\/www.facebook.com\/p\/F-Farges-Dujardin-et-JP-Assaud-Notaires-associs--Rouen-100066520373687\/?_rdr\" \/>\n<meta property=\"article:modified_time\" content=\"2024-12-19T14:37:30+00:00\" \/>\n<meta name=\"twitter:card\" content=\"summary_large_image\" \/>\n<meta name=\"twitter:label1\" content=\"Dur\u00e9e de lecture estim\u00e9e\" \/>\n\t<meta name=\"twitter:data1\" content=\"1 minute\" \/>\n<script type=\"application\/ld+json\" class=\"yoast-schema-graph\">{\"@context\":\"https:\/\/schema.org\",\"@graph\":[{\"@type\":\"WebPage\",\"@id\":\"http:\/\/51.68.119.59\/Floreane\/FagesDujardinDahman\/index.php\/contact\/\",\"url\":\"http:\/\/51.68.119.59\/Floreane\/FagesDujardinDahman\/index.php\/contact\/\",\"name\":\"Contact - Fanny Farges-Dujardin et Hanna Dahmane notaires Rouen\",\"isPartOf\":{\"@id\":\"http:\/\/51.68.119.59\/Floreane\/FagesDujardinDahman\/#website\"},\"datePublished\":\"2024-12-06T15:15:46+00:00\",\"dateModified\":\"2024-12-19T14:37:30+00:00\",\"breadcrumb\":{\"@id\":\"http:\/\/51.68.119.59\/Floreane\/FagesDujardinDahman\/index.php\/contact\/#breadcrumb\"},\"inLanguage\":\"fr-FR\",\"potentialAction\":[{\"@type\":\"ReadAction\",\"target\":[\"http:\/\/51.68.119.59\/Floreane\/FagesDujardinDahman\/index.php\/contact\/\"]}]},{\"@type\":\"BreadcrumbList\",\"@id\":\"http:\/\/51.68.119.59\/Floreane\/FagesDujardinDahman\/index.php\/contact\/#breadcrumb\",\"itemListElement\":[{\"@type\":\"ListItem\",\"position\":1,\"name\":\"Accueil\",\"item\":\"http:\/\/51.68.119.59\/Floreane\/FagesDujardinDahman\/\"},{\"@type\":\"ListItem\",\"position\":2,\"name\":\"Contact\"}]},{\"@type\":\"WebSite\",\"@id\":\"http:\/\/51.68.119.59\/Floreane\/FagesDujardinDahman\/#website\",\"url\":\"http:\/\/51.68.119.59\/Floreane\/FagesDujardinDahman\/\",\"name\":\"Fanny Farges-Dujardin et Hanna Dahmane notaires \u00e0 Rouen\",\"description\":\"\",\"publisher\":{\"@id\":\"http:\/\/51.68.119.59\/Floreane\/FagesDujardinDahman\/#organization\"},\"potentialAction\":[{\"@type\":\"SearchAction\",\"target\":{\"@type\":\"EntryPoint\",\"urlTemplate\":\"http:\/\/51.68.119.59\/Floreane\/FagesDujardinDahman\/?s={search_term_string}\"},\"query-input\":{\"@type\":\"PropertyValueSpecification\",\"valueRequired\":true,\"valueName\":\"search_term_string\"}}],\"inLanguage\":\"fr-FR\"},{\"@type\":\"Organization\",\"@id\":\"http:\/\/51.68.119.59\/Floreane\/FagesDujardinDahman\/#organization\",\"name\":\"SCP Fanny Farges-Dujardin et Hanna Dahmane\",\"url\":\"http:\/\/51.68.119.59\/Floreane\/FagesDujardinDahman\/\",\"logo\":{\"@type\":\"ImageObject\",\"inLanguage\":\"fr-FR\",\"@id\":\"http:\/\/51.68.119.59\/Floreane\/FagesDujardinDahman\/#\/schema\/logo\/image\/\",\"url\":\"http:\/\/51.68.119.59\/Floreane\/FagesDujardinDahman\/wp-content\/uploads\/2024\/12\/logo-paysage-1.png\",\"contentUrl\":\"http:\/\/51.68.119.59\/Floreane\/FagesDujardinDahman\/wp-content\/uploads\/2024\/12\/logo-paysage-1.png\",\"width\":2590,\"height\":869,\"caption\":\"SCP Fanny Farges-Dujardin et Hanna Dahmane\"},\"image\":{\"@id\":\"http:\/\/51.68.119.59\/Floreane\/FagesDujardinDahman\/#\/schema\/logo\/image\/\"},\"sameAs\":[\"https:\/\/www.facebook.com\/p\/F-Farges-Dujardin-et-JP-Assaud-Notaires-associs--Rouen-100066520373687\/?_rdr\",\"https:\/\/www.instagram.com\/notaires_fargesdujardindahmane\/\"]}]}<\/script>\n<!-- \/ Yoast SEO plugin. -->","yoast_head_json":{"title":"Contact - Fanny Farges-Dujardin et Hanna Dahmane notaires Rouen","robots":{"index":"noindex","follow":"follow","max-snippet":"max-snippet:-1","max-image-preview":"max-image-preview:large","max-video-preview":"max-video-preview:-1"},"og_locale":"fr_FR","og_type":"article","og_title":"Contact - Fanny Farges-Dujardin et Hanna Dahmane notaires Rouen","og_description":"Contact Adresse 30, 32 Rue aux Ours, 76000\u00a0 Rouen 02 35 71 52 95 accueil@76011.notaires.fr Horaires Nous vous accueillons du [&hellip;]","og_url":"http:\/\/51.68.119.59\/Floreane\/FagesDujardinDahman\/index.php\/contact\/","og_site_name":"Fanny Farges-Dujardin et Hanna Dahmane notaires Rouen","article_publisher":"https:\/\/www.facebook.com\/p\/F-Farges-Dujardin-et-JP-Assaud-Notaires-associs--Rouen-100066520373687\/?_rdr","article_modified_time":"2024-12-19T14:37:30+00:00","twitter_card":"summary_large_image","twitter_misc":{"Dur\u00e9e de lecture estim\u00e9e":"1 minute"},"schema":{"@context":"https:\/\/schema.org","@graph":[{"@type":"WebPage","@id":"http:\/\/51.68.119.59\/Floreane\/FagesDujardinDahman\/index.php\/contact\/","url":"http:\/\/51.68.119.59\/Floreane\/FagesDujardinDahman\/index.php\/contact\/","name":"Contact - Fanny Farges-Dujardin et Hanna Dahmane notaires Rouen","isPartOf":{"@id":"http:\/\/51.68.119.59\/Floreane\/FagesDujardinDahman\/#website"},"datePublished":"2024-12-06T15:15:46+00:00","dateModified":"2024-12-19T14:37:30+00:00","breadcrumb":{"@id":"http:\/\/51.68.119.59\/Floreane\/FagesDujardinDahman\/index.php\/contact\/#breadcrumb"},"inLanguage":"fr-FR","potentialAction":[{"@type":"ReadAction","target":["http:\/\/51.68.119.59\/Floreane\/FagesDujardinDahman\/index.php\/contact\/"]}]},{"@type":"BreadcrumbList","@id":"http:\/\/51.68.119.59\/Floreane\/FagesDujardinDahman\/index.php\/contact\/#breadcrumb","itemListElement":[{"@type":"ListItem","position":1,"name":"Accueil","item":"http:\/\/51.68.119.59\/Floreane\/FagesDujardinDahman\/"},{"@type":"ListItem","position":2,"name":"Contact"}]},{"@type":"WebSite","@id":"http:\/\/51.68.119.59\/Floreane\/FagesDujardinDahman\/#website","url":"http:\/\/51.68.119.59\/Floreane\/FagesDujardinDahman\/","name":"Fanny Farges-Dujardin et Hanna Dahmane notaires \u00e0 Rouen","description":"","publisher":{"@id":"http:\/\/51.68.119.59\/Floreane\/FagesDujardinDahman\/#organization"},"potentialAction":[{"@type":"SearchAction","target":{"@type":"EntryPoint","urlTemplate":"http:\/\/51.68.119.59\/Floreane\/FagesDujardinDahman\/?s={search_term_string}"},"query-input":{"@type":"PropertyValueSpecification","valueRequired":true,"valueName":"search_term_string"}}],"inLanguage":"fr-FR"},{"@type":"Organization","@id":"http:\/\/51.68.119.59\/Floreane\/FagesDujardinDahman\/#organization","name":"SCP Fanny Farges-Dujardin et Hanna Dahmane","url":"http:\/\/51.68.119.59\/Floreane\/FagesDujardinDahman\/","logo":{"@type":"ImageObject","inLanguage":"fr-FR","@id":"http:\/\/51.68.119.59\/Floreane\/FagesDujardinDahman\/#\/schema\/logo\/image\/","url":"http:\/\/51.68.119.59\/Floreane\/FagesDujardinDahman\/wp-content\/uploads\/2024\/12\/logo-paysage-1.png","contentUrl":"http:\/\/51.68.119.59\/Floreane\/FagesDujardinDahman\/wp-content\/uploads\/2024\/12\/logo-paysage-1.png","width":2590,"height":869,"caption":"SCP Fanny Farges-Dujardin et Hanna Dahmane"},"image":{"@id":"http:\/\/51.68.119.59\/Floreane\/FagesDujardinDahman\/#\/schema\/logo\/image\/"},"sameAs":["https:\/\/www.facebook.com\/p\/F-Farges-Dujardin-et-JP-Assaud-Notaires-associs--Rouen-100066520373687\/?_rdr","https:\/\/www.instagram.com\/notaires_fargesdujardindahmane\/"]}]}},"_links":{"self":[{"href":"http:\/\/51.68.119.59\/Floreane\/FagesDujardinDahman\/index.php\/wp-json\/wp\/v2\/pages\/186","targetHints":{"allow":["GET"]}}],"collection":[{"href":"http:\/\/51.68.119.59\/Floreane\/FagesDujardinDahman\/index.php\/wp-json\/wp\/v2\/pages"}],"about":[{"href":"http:\/\/51.68.119.59\/Floreane\/FagesDujardinDahman\/index.php\/wp-json\/wp\/v2\/types\/page"}],"author":[{"embeddable":true,"href":"http:\/\/51.68.119.59\/Floreane\/FagesDujardinDahman\/index.php\/wp-json\/wp\/v2\/users\/1"}],"replies":[{"embeddable":true,"href":"http:\/\/51.68.119.59\/Floreane\/FagesDujardinDahman\/index.php\/wp-json\/wp\/v2\/comments?post=186"}],"version-history":[{"count":67,"href":"http:\/\/51.68.119.59\/Floreane\/FagesDujardinDahman\/index.php\/wp-json\/wp\/v2\/pages\/186\/revisions"}],"predecessor-version":[{"id":1760,"href":"http:\/\/51.68.119.59\/Floreane\/FagesDujardinDahman\/index.php\/wp-json\/wp\/v2\/pages\/186\/revisions\/1760"}],"wp:attachment":[{"href":"http:\/\/51.68.119.59\/Floreane\/FagesDujardinDahman\/index.php\/wp-json\/wp\/v2\/media?parent=186"}],"curies":[{"name":"wp","href":"https:\/\/api.w.org\/{rel}","templated":true}]}}