{"id":1799,"date":"2025-04-16T14:48:20","date_gmt":"2025-04-16T12:48:20","guid":{"rendered":"http:\/\/51.68.119.59\/JustineLefebvre\/les-creations-de-justine\/?page_id=1799"},"modified":"2025-04-16T14:49:55","modified_gmt":"2025-04-16T12:49:55","slug":"politique-de-livraison","status":"publish","type":"page","link":"http:\/\/51.68.119.59\/JustineLefebvre\/les-creations-de-justine\/?page_id=1799","title":{"rendered":"Politique de livraison"},"content":{"rendered":"\t\t<div data-elementor-type=\"wp-page\" data-elementor-id=\"1799\" class=\"elementor elementor-1799\">\n\t\t\t\t<div class=\"elementor-element elementor-element-ea7d34f e-flex e-con-boxed e-con e-parent\" data-id=\"ea7d34f\" data-element_type=\"container\" data-settings=\"{&quot;background_background&quot;:&quot;classic&quot;}\">\n\t\t\t\t\t<div class=\"e-con-inner\">\n\t\t\t\t\t<\/div>\n\t\t\t\t<\/div>\n\t\t<div class=\"elementor-element elementor-element-2dc544a e-flex e-con-boxed e-con e-parent\" data-id=\"2dc544a\" data-element_type=\"container\">\n\t\t\t\t\t<div class=\"e-con-inner\">\n\t\t\t\t<div class=\"elementor-element elementor-element-5bb3322 elementor-widget elementor-widget-heading\" data-id=\"5bb3322\" data-element_type=\"widget\" data-widget_type=\"heading.default\">\n\t\t\t\t<div class=\"elementor-widget-container\">\n\t\t\t\t\t<h3 class=\"elementor-heading-title elementor-size-default\">Politique de livraison<\/h3>\t\t\t\t<\/div>\n\t\t\t\t<\/div>\n\t\t\t\t<div class=\"elementor-element elementor-element-1311012 elementor-widget elementor-widget-text-editor\" data-id=\"1311012\" data-element_type=\"widget\" data-widget_type=\"text-editor.default\">\n\t\t\t\t<div class=\"elementor-widget-container\">\n\t\t\t\t\t\t\t\t\t<p data-start=\"279\" data-end=\"531\">Chaque commande est soigneusement pr\u00e9par\u00e9e \u00e0 la main dans un d\u00e9lai de <strong data-start=\"381\" data-end=\"403\">2 \u00e0 5 jours ouvr\u00e9s<\/strong>, hors week-ends et jours f\u00e9ri\u00e9s. Ce temps permet d&rsquo;assurer la qualit\u00e9 et la protection de chaque cr\u00e9ation avant son exp\u00e9dition.<\/p><p data-start=\"533\" data-end=\"755\"><strong data-start=\"533\" data-end=\"554\">Mode d\u2019exp\u00e9dition<\/strong><br data-start=\"554\" data-end=\"557\">\nLes colis sont envoy\u00e9s via <strong data-start=\"584\" data-end=\"601\">Mondial Relay<\/strong>, un service de livraison en point relais fiable et suivi.<br data-start=\"659\" data-end=\"662\">\nVous recevrez un e-mail contenant le <strong data-start=\"699\" data-end=\"718\">num\u00e9ro de suivi<\/strong> d\u00e8s que votre commande est exp\u00e9di\u00e9e.<\/p><p data-start=\"757\" data-end=\"779\"><strong data-start=\"757\" data-end=\"777\">Zones desservies<\/strong><\/p><ul data-start=\"780\" data-end=\"982\">\n<li data-start=\"780\" data-end=\"852\">\n<p data-start=\"782\" data-end=\"852\">Livraison disponible en <strong data-start=\"806\" data-end=\"831\">France m\u00e9tropolitaine<\/strong> via Mondial Relay.<\/p>\n<\/li>\n<li data-start=\"853\" data-end=\"982\">\n<p data-start=\"855\" data-end=\"982\">Pour toute demande de livraison en <strong data-start=\"890\" data-end=\"921\">Europe,&nbsp;<\/strong>merci de me contacter directement avant de passer commande.<\/p>\n<\/li>\n<\/ul><p data-start=\"984\" data-end=\"1205\"><strong data-start=\"984\" data-end=\"1006\">Frais de livraison<\/strong><br data-start=\"1006\" data-end=\"1009\">\nLes frais de livraison sont calcul\u00e9s automatiquement au moment de la commande, selon le poids et le format du colis.<br><\/p><p>\n\n\n\n\n<\/p><p data-start=\"1207\" data-end=\"1455\"><strong data-start=\"1207\" data-end=\"1244\">Retards ou probl\u00e8mes de livraison<\/strong><br data-start=\"1244\" data-end=\"1247\">\nEn cas de retard, de perte ou de probl\u00e8me avec le transporteur, n\u2019h\u00e9sitez pas \u00e0 me contacter \u00e0 l\u2019adresse suivante : <b>jstudia@outlook<\/b>. Je ferai de mon mieux pour vous accompagner et trouver une solution.<\/p>\t\t\t\t\t\t\t\t<\/div>\n\t\t\t\t<\/div>\n\t\t\t\t\t<\/div>\n\t\t\t\t<\/div>\n\t\t\t\t<\/div>\n\t\t","protected":false},"excerpt":{"rendered":"<p>Politique de livraison Chaque commande est soigneusement pr\u00e9par\u00e9e \u00e0 la main dans un d\u00e9lai de 2 \u00e0 5 jours ouvr\u00e9s, hors week-ends et jours f\u00e9ri\u00e9s. Ce temps permet d&rsquo;assurer la qualit\u00e9 et la protection de chaque cr\u00e9ation avant son exp\u00e9dition. Mode d\u2019exp\u00e9dition Les colis sont envoy\u00e9s via Mondial Relay, un service de livraison en point [&hellip;]<\/p>\n","protected":false},"author":1,"featured_media":0,"parent":0,"menu_order":0,"comment_status":"closed","ping_status":"closed","template":"","meta":{"site-sidebar-layout":"no-sidebar","site-content-layout":"page-builder","ast-site-content-layout":"full-width-container","site-content-style":"default","site-sidebar-style":"default","ast-global-header-display":"","ast-banner-title-visibility":"","ast-main-header-display":"","ast-hfb-above-header-display":"","ast-hfb-below-header-display":"","ast-hfb-mobile-header-display":"","site-post-title":"disabled","ast-breadcrumbs-content":"","ast-featured-img":"disabled","footer-sml-layout":"","theme-transparent-header-meta":"","adv-header-id-meta":"","stick-header-meta":"","header-above-stick-meta":"","header-main-stick-meta":"","header-below-stick-meta":"","astra-migrate-meta-layouts":"default","ast-page-background-enabled":"default","ast-page-background-meta":{"desktop":{"background-color":"","background-image":"","background-repeat":"repeat","background-position":"center center","background-size":"auto","background-attachment":"scroll","background-type":"","background-media":"","overlay-type":"","overlay-color":"","overlay-opacity":"","overlay-gradient":""},"tablet":{"background-color":"","background-image":"","background-repeat":"repeat","background-position":"center center","background-size":"auto","background-attachment":"scroll","background-type":"","background-media":"","overlay-type":"","overlay-color":"","overlay-opacity":"","overlay-gradient":""},"mobile":{"background-color":"","background-image":"","background-repeat":"repeat","background-position":"center center","background-size":"auto","background-attachment":"scroll","background-type":"","background-media":"","overlay-type":"","overlay-color":"","overlay-opacity":"","overlay-gradient":""}},"ast-content-background-meta":{"desktop":{"background-color":"var(--ast-global-color-5)","background-image":"","background-repeat":"repeat","background-position":"center center","background-size":"auto","background-attachment":"scroll","background-type":"","background-media":"","overlay-type":"","overlay-color":"","overlay-opacity":"","overlay-gradient":""},"tablet":{"background-color":"var(--ast-global-color-5)","background-image":"","background-repeat":"repeat","background-position":"center center","background-size":"auto","background-attachment":"scroll","background-type":"","background-media":"","overlay-type":"","overlay-color":"","overlay-opacity":"","overlay-gradient":""},"mobile":{"background-color":"var(--ast-global-color-5)","background-image":"","background-repeat":"repeat","background-position":"center center","background-size":"auto","background-attachment":"scroll","background-type":"","background-media":"","overlay-type":"","overlay-color":"","overlay-opacity":"","overlay-gradient":""}},"footnotes":""},"class_list":["post-1799","page","type-page","status-publish","hentry"],"_links":{"self":[{"href":"http:\/\/51.68.119.59\/JustineLefebvre\/les-creations-de-justine\/index.php?rest_route=\/wp\/v2\/pages\/1799","targetHints":{"allow":["GET"]}}],"collection":[{"href":"http:\/\/51.68.119.59\/JustineLefebvre\/les-creations-de-justine\/index.php?rest_route=\/wp\/v2\/pages"}],"about":[{"href":"http:\/\/51.68.119.59\/JustineLefebvre\/les-creations-de-justine\/index.php?rest_route=\/wp\/v2\/types\/page"}],"author":[{"embeddable":true,"href":"http:\/\/51.68.119.59\/JustineLefebvre\/les-creations-de-justine\/index.php?rest_route=\/wp\/v2\/users\/1"}],"replies":[{"embeddable":true,"href":"http:\/\/51.68.119.59\/JustineLefebvre\/les-creations-de-justine\/index.php?rest_route=%2Fwp%2Fv2%2Fcomments&post=1799"}],"version-history":[{"count":3,"href":"http:\/\/51.68.119.59\/JustineLefebvre\/les-creations-de-justine\/index.php?rest_route=\/wp\/v2\/pages\/1799\/revisions"}],"predecessor-version":[{"id":1805,"href":"http:\/\/51.68.119.59\/JustineLefebvre\/les-creations-de-justine\/index.php?rest_route=\/wp\/v2\/pages\/1799\/revisions\/1805"}],"wp:attachment":[{"href":"http:\/\/51.68.119.59\/JustineLefebvre\/les-creations-de-justine\/index.php?rest_route=%2Fwp%2Fv2%2Fmedia&parent=1799"}],"curies":[{"name":"wp","href":"https:\/\/api.w.org\/{rel}","templated":true}]}}