{"id":197,"date":"2025-04-22T19:52:50","date_gmt":"2025-04-22T19:52:50","guid":{"rendered":"http:\/\/51.68.119.59\/NasseraMazouz\/UnMondeSurPause\/?page_id=197"},"modified":"2025-05-14T13:51:35","modified_gmt":"2025-05-14T13:51:35","slug":"mention-legales","status":"publish","type":"page","link":"http:\/\/51.68.119.59\/NasseraMazouz\/UnMondeSurPause\/?page_id=197","title":{"rendered":"Mentions l\u00e9gales &amp; Confidentialit\u00e9"},"content":{"rendered":"\t\t<div data-elementor-type=\"wp-page\" data-elementor-id=\"197\" class=\"elementor elementor-197\">\n\t\t\t\t<div class=\"elementor-element elementor-element-4fff53c e-flex e-con-boxed e-con e-parent\" data-id=\"4fff53c\" data-element_type=\"container\" data-settings=\"{&quot;background_background&quot;:&quot;classic&quot;}\">\n\t\t\t\t\t<div class=\"e-con-inner\">\n\t\t\t\t<div class=\"elementor-element elementor-element-df7c360 elementor-widget elementor-widget-heading\" data-id=\"df7c360\" data-element_type=\"widget\" data-widget_type=\"heading.default\">\n\t\t\t\t<div class=\"elementor-widget-container\">\n\t\t\t\t\t<h2 class=\"elementor-heading-title elementor-size-default\"><strong>Mentions l\u00e9gales &amp; Confidentialit\u00e9<\/strong><\/h2>\t\t\t\t<\/div>\n\t\t\t\t<\/div>\n\t\t\t\t\t<\/div>\n\t\t\t\t<\/div>\n\t\t<div class=\"elementor-element elementor-element-071f853 e-flex e-con-boxed e-con e-parent\" data-id=\"071f853\" data-element_type=\"container\" data-settings=\"{&quot;background_background&quot;:&quot;classic&quot;}\">\n\t\t\t\t\t<div class=\"e-con-inner\">\n\t\t\t\t<div class=\"elementor-element elementor-element-0bb6c92 elementor-widget elementor-widget-text-editor\" data-id=\"0bb6c92\" data-element_type=\"widget\" data-widget_type=\"text-editor.default\">\n\t\t\t\t<div class=\"elementor-widget-container\">\n\t\t\t\t\t\t\t\t\t<p>Soucieuse des droits des individus, notamment au regard des traitements automatis\u00e9s et dans une volont\u00e9 de transparence avec ses clients, Les P\u00e9pites Sabl\u00e9es a mis en place une politique reprenant l\u2019ensemble de ces traitements, des finalit\u00e9s poursuivies par ces derniers ainsi que des moyens d\u2019actions \u00e0 la disposition des individus afin qu\u2019ils puissent au mieux exercer leurs droits.<\/p>\n<p>Pour toute information compl\u00e9mentaire sur la protection des donn\u00e9es personnelles, nous vous invitons \u00e0 consulter le site : <span style=\"text-decoration: underline;\"><a href=\"https:\/\/www.cnil.fr\/\">https:\/\/www.cnil.fr\/<\/a><\/span><\/p>\n<p>La poursuite de la navigation sur ce site vaut acceptation sans r\u00e9serve des dispositions et conditions d\u2019utilisation qui suivent.<\/p>\n<p>La version actuellement en ligne de ces conditions d\u2019utilisation est la seule opposable pendant toute la dur\u00e9e d\u2019utilisation du site et jusqu\u2019\u00e0 ce qu\u2019une nouvelle version la remplace.<\/p>\t\t\t\t\t\t\t\t<\/div>\n\t\t\t\t<\/div>\n\t\t\t\t\t<\/div>\n\t\t\t\t<\/div>\n\t\t<div class=\"elementor-element elementor-element-5c3aec4 e-flex e-con-boxed e-con e-parent\" data-id=\"5c3aec4\" data-element_type=\"container\" data-settings=\"{&quot;background_background&quot;:&quot;classic&quot;}\">\n\t\t\t\t\t<div class=\"e-con-inner\">\n\t\t\t\t<div class=\"elementor-element elementor-element-3a7e91b elementor-widget elementor-widget-image\" data-id=\"3a7e91b\" data-element_type=\"widget\" data-widget_type=\"image.default\">\n\t\t\t\t<div class=\"elementor-widget-container\">\n\t\t\t\t\t\t\t\t\t\t\t\t\t\t\t<img decoding=\"async\" src=\"http:\/\/51.68.119.59\/NasseraMazouz\/UnMondeSurPause\/wp-content\/uploads\/elementor\/thumbs\/cropped-cropped-cropped-Capture-chat-1-2-r50hj9cjto3nw9bvoh792helxepsvn4xso7gvivuvc.jpg\" title=\"cropped-cropped-cropped-Capture-chat-1-2.jpg\" alt=\"Un Monde sur Pause\" loading=\"lazy\" \/>\t\t\t\t\t\t\t\t\t\t\t\t\t\t\t<\/div>\n\t\t\t\t<\/div>\n\t\t\t\t\t<\/div>\n\t\t\t\t<\/div>\n\t\t<div class=\"elementor-element elementor-element-4a1be16 e-flex e-con-boxed e-con e-parent\" data-id=\"4a1be16\" data-element_type=\"container\" data-settings=\"{&quot;background_background&quot;:&quot;classic&quot;,&quot;shape_divider_bottom&quot;:&quot;triangle&quot;,&quot;shape_divider_bottom_negative&quot;:&quot;yes&quot;}\">\n\t\t\t\t\t<div class=\"e-con-inner\">\n\t\t\t\t<div class=\"elementor-shape elementor-shape-bottom\" data-negative=\"true\">\n\t\t\t<svg xmlns=\"http:\/\/www.w3.org\/2000\/svg\" viewBox=\"0 0 1000 100\" preserveAspectRatio=\"none\">\n\t<path class=\"elementor-shape-fill\" d=\"M500.2,94.7L0,0v100h1000V0L500.2,94.7z\"\/>\n<\/svg>\t\t<\/div>\n\t\t\t\t<div class=\"elementor-element elementor-element-336d088 elementor-widget elementor-widget-text-editor\" data-id=\"336d088\" data-element_type=\"widget\" data-widget_type=\"text-editor.default\">\n\t\t\t\t<div class=\"elementor-widget-container\">\n\t\t\t\t\t\t\t\t\t<p><strong>1. \u00c9diteur du site<\/strong><\/p><p>Le site <strong>www.un-monde-sur-pause.fr<\/strong> est \u00e9dit\u00e9 par :<br \/>Nass\u00e9ra MAZOUZ, exer\u00e7ant sous le nom commercial Un Monde sur Pause\u00ae,<br \/>Statut : Micro entrepreneur<br \/>SIRET : [XXXXXXXXXXXXXX]<br \/>Adresse : [adresse compl\u00e8te ou ville + pays]<br \/>Email : [contact@un-monde- sur-pause.fr]<br \/>Responsable de publication : Nass\u00e9ra MAZOUZ<\/p><p>\u00a0<\/p><p><strong>2. H\u00e9bergeur<\/strong><\/p><p>Le site est h\u00e9berg\u00e9 par la soci\u00e9t\u00e9 Hostinger International Ltd.<br \/>Adresse : 61 Lordou Vironos Street, 6023 Larnaca, Chypre<br \/>Site : <a href=\"https:\/\/www.hostinger.fr\"><span style=\"text-decoration: underline;\">https:\/\/www.hostinger.fr<\/span><\/a><\/p><p>\u00a0<\/p><p><strong>3. Activit\u00e9 du site<\/strong><br \/>Le site Un Monde sur Pause\u00ae propose :<\/p><p>Une boutique en ligne d\u2019objets bien-\u00eatre &amp; spirituels.<\/p><p>Des prestations d\u2019accompagnement individuel ou en groupe : coaching, soins \u00e9nerg\u00e9tiques, et th\u00e9rapies br\u00e8ves, propos\u00e9s en ligne, en cabinet, en ext\u00e9rieur et \u00e0 domicile.<\/p><p>Les informations disponibles sur ce site ne remplacent en aucun cas un suivi m\u00e9dical ou psychologique conventionnel.<\/p><p>\u00a0<\/p><p><strong>4. Propri\u00e9t\u00e9 intellectuelle<\/strong><br \/>L\u2019ensemble des \u00e9l\u00e9ments pr\u00e9sents sur ce site (textes, images, visuels, illustrations, logo, nom de marque\u2026) sont prot\u00e9g\u00e9s par le Code de la propri\u00e9t\u00e9 intellectuelle.<br \/>Toute reproduction ou repr\u00e9sentation partielle ou int\u00e9grale est interdite sans autorisation \u00e9crite pr\u00e9alable.<\/p><p>\u00a0<\/p><p><strong>5. Conditions d\u2019utilisation du site<\/strong><br \/>Le site est accessible 24h\/24, 7j\/7, sauf en cas d\u2019interruption pour maintenance technique ou mise \u00e0 jour.<br \/>L\u2019utilisateur du site s\u2019engage \u00e0 utiliser ce dernier dans le respect des lois fran\u00e7aises en vigueur et \u00e0 ne pas tenter d\u2019en perturber le bon fonctionnement.<\/p><p>\u00a0<\/p><p><strong>6. Donn\u00e9es personnelles<\/strong><br \/>Un Monde sur Pause\u00ae collecte certaines donn\u00e9es personnelles via :<\/p><p>le formulaire de contact,<\/p><p>les commandes sur la boutique,<\/p><p>les demandes de rendez-vous,<\/p><p>l\u2019inscription \u00e0 une newsletter (le cas \u00e9ch\u00e9ant).<\/p><p>Les donn\u00e9es collect\u00e9es sont :<\/p><p>Nom, pr\u00e9nom<\/p><p>Adresse email<\/p><p>Adresse postale (pour les commandes)<\/p><p>Num\u00e9ro de t\u00e9l\u00e9phone (si fourni)<\/p><p>Donn\u00e9es de navigation anonymis\u00e9es (via cookies ou outils de mesure d\u2019audience)<\/p><p>Ces donn\u00e9es sont utilis\u00e9es uniquement pour :<\/p><p>r\u00e9pondre \u00e0 vos demandes,<\/p><p>traiter vos commandes et vos rendez-vous,<\/p><p>vous tenir inform\u00e9(e) de l\u2019actualit\u00e9 d&rsquo;Un Monde sur Pause\u00ae si vous avez choisi de recevoir la newsletter.<\/p><p>Elles sont stock\u00e9es de mani\u00e8re s\u00e9curis\u00e9e et ne sont jamais transmises \u00e0 des tiers sans consentement pr\u00e9alable.<\/p><p>\u00a0<\/p><p><strong>Vos droits<\/strong> : Conform\u00e9ment au R\u00e8glement G\u00e9n\u00e9ral sur la Protection des Donn\u00e9es (RGPD), vous disposez :<\/p><p>d\u2019un droit d\u2019acc\u00e8s, de rectification, d\u2019opposition, de suppression, et de portabilit\u00e9 de vos donn\u00e9es,<\/p><p>d\u2019un droit \u00e0 la limitation du traitement.<\/p><p>Pour exercer ces droits, il suffit de faire une demande \u00e0 l\u2019adresse suivante : [adresse email RGPD]<\/p><p>\u00a0<\/p><p><strong>7. Confidentialit\u00e9<\/strong><br \/>Un Monde sur Pause\u00ae s\u2019engage \u00e0 garantir la confidentialit\u00e9 de vos donn\u00e9es personnelles.<br \/>Aucune donn\u00e9e n\u2019est c\u00e9d\u00e9e ou vendue \u00e0 des fins commerciales. L\u2019ensemble des traitements r\u00e9alis\u00e9s sont effectu\u00e9s dans un cadre strictement n\u00e9cessaire \u00e0 l\u2019activit\u00e9 du site.<\/p><p>Les donn\u00e9es collect\u00e9es sont conserv\u00e9es pour une dur\u00e9e proportionn\u00e9e \u00e0 leur usage et en g\u00e9n\u00e9ral, les suivantes :<\/p><p>donn\u00e9es de commande : 3 ans (obligations comptables)<\/p><p>donn\u00e9es d\u2019abonn\u00e9(e)s \u00e0 la newsletter : jusqu\u2019au d\u00e9sabonnement<\/p><p>donn\u00e9es de contact : 12 mois maximum<\/p><p>La Plateforme peut conserver vos donn\u00e9es pour la dur\u00e9e n\u00e9cessaire pour vous fournir ses services ou son assistance.<\/p><p>Dans la mesure raisonnablement n\u00e9cessaire ou requise pour satisfaire aux obligations l\u00e9gales ou r\u00e9glementaires, r\u00e9gler des litiges, emp\u00eacher les fraudes et abus ou appliquer nos modalit\u00e9s et conditions, nous pouvons \u00e9galement conserver certaines de vos informations si n\u00e9cessaire, m\u00eame apr\u00e8s que vous ayez ferm\u00e9 votre compte ou que nous n\u2019ayons plus besoin pour vous fournir nos services.<\/p><p>\u00a0<\/p><p><strong>8. Cookies et traceurs<\/strong><br \/>Le site utilise des cookies pour :<\/p><p>le bon fonctionnement de la boutique et du formulaire de contact,<\/p><p>des statistiques anonymes de visite (via les cookies Google),<\/p><p>\u00e9ventuellement des services tiers (ex : lecture de vid\u00e9os, r\u00e9seaux sociaux).<\/p><p>Vous pouvez accepter ou refuser les cookies lors de votre premi\u00e8re visite via le bandeau de consentement. Vous pouvez \u00e9galement les g\u00e9rer dans les param\u00e8tres de votre navigateur.<\/p><p>\u00a0<\/p><p><strong>9. Conditions de vente<\/strong><br \/>En cas d\u2019achat via la boutique, <span style=\"text-decoration: underline;\"><a href=\"http:\/\/localhost:10004\/?page_id=200\" data-wplink-url-error=\"true\">les Conditions G\u00e9n\u00e9rales de Vente (CGV)<\/a><\/span> s\u2019appliquent et sont accessibles sur la page d\u00e9di\u00e9e. Elles pr\u00e9cisent <span style=\"text-decoration: underline;\"><a href=\"http:\/\/localhost:10004\/?page_id=204\" data-wplink-url-error=\"true\">les modalit\u00e9s de paiement<\/a><\/span>, de <span style=\"text-decoration: underline;\"><a href=\"http:\/\/localhost:10004\/?page_id=202\" data-wplink-url-error=\"true\">livraison et retour, de r\u00e9tractation, et de remboursement<\/a><\/span><a href=\"http:\/\/localhost:10004\/?page_id=202\" data-wplink-url-error=\"true\">.<\/a><\/p><p>\u00a0<\/p><p><strong>10. Responsabilit\u00e9<\/strong>Un Monde sur Pause\u00ae s\u2019efforce de fournir un site fiable, s\u00e9curis\u00e9 et des contenus \u00e0 jour.<br \/>Cependant, la responsabilit\u00e9 de l\u2019\u00e9diteur ne peut \u00eatre engag\u00e9e en cas de d\u00e9faillance, panne, difficult\u00e9 ou interruption de fonctionnement, emp\u00eachant l\u2019acc\u00e8s au site ou \u00e0 une de ses fonctionnalit\u00e9s.<\/p><p>Le mat\u00e9riel de connexion au site que vous utilisez est sous votre enti\u00e8re responsabilit\u00e9. Vous devez prendre toutes les mesures appropri\u00e9es pour prot\u00e9ger votre mat\u00e9riel et vos propres donn\u00e9es notamment d\u2019attaques virales par Internet. Vous \u00eates par ailleurs seul responsable des sites et donn\u00e9es que vous consultez.<\/p><p>L\u2019\u00e9diteur ne pourra \u00eatre tenu responsable en cas de poursuites judiciaires \u00e0 votre encontre :<\/p><p>\u2013 du fait de l\u2019usage du site ou de tout service accessible via Internet ;<\/p><p>\u2013 du fait du non-respect par vous des pr\u00e9sentes conditions g\u00e9n\u00e9rales.<\/p><p>L\u2019\u00e9diteur n\u2019est pas responsable des dommages caus\u00e9s \u00e0 vous-m\u00eame, \u00e0 des tiers et\/ou \u00e0 votre \u00e9quipement du fait de votre connexion ou de votre utilisation du site et vous renoncez \u00e0 toute action contre lui de ce fait.<\/p><p>Si l\u2019\u00e9diteur venait \u00e0 faire l\u2019objet d\u2019une proc\u00e9dure amiable ou judiciaire en raison de votre utilisation du site, il pourra se retourner contre vous pour obtenir l\u2019indemnisation de tous les pr\u00e9judices, sommes, condamnations et frais qui pourraient d\u00e9couler de cette proc\u00e9dure.<\/p><p>\u00a0<\/p><p><strong>11. Droit applicable<\/strong><br \/>Les pr\u00e9sentes mentions sont soumises au droit fran\u00e7ais. En cas de litige, et \u00e0 d\u00e9faut de solution amiable, les tribunaux comp\u00e9tents seront ceux du ressort du si\u00e8ge social de l\u2019\u00e9diteur.<\/p>\t\t\t\t\t\t\t\t<\/div>\n\t\t\t\t<\/div>\n\t\t\t\t\t<\/div>\n\t\t\t\t<\/div>\n\t\t\t\t<\/div>\n\t\t","protected":false},"excerpt":{"rendered":"<p>Mentions l\u00e9gales &amp; Confidentialit\u00e9 Soucieuse des droits des individus, notamment au regard des traitements automatis\u00e9s et dans une volont\u00e9 de transparence avec ses clients, Les P\u00e9pites Sabl\u00e9es a mis en place une politique reprenant l\u2019ensemble de ces traitements, des finalit\u00e9s poursuivies par ces derniers ainsi que des moyens d\u2019actions \u00e0 la disposition des individus afin [&hellip;]<\/p>\n","protected":false},"author":1,"featured_media":0,"parent":0,"menu_order":0,"comment_status":"closed","ping_status":"closed","template":"","meta":{"ocean_post_layout":"","ocean_both_sidebars_style":"","ocean_both_sidebars_content_width":0,"ocean_both_sidebars_sidebars_width":0,"ocean_sidebar":"","ocean_second_sidebar":"","ocean_disable_margins":"enable","ocean_add_body_class":"","ocean_shortcode_before_top_bar":"","ocean_shortcode_after_top_bar":"","ocean_shortcode_before_header":"","ocean_shortcode_after_header":"","ocean_has_shortcode":"","ocean_shortcode_after_title":"","ocean_shortcode_before_footer_widgets":"","ocean_shortcode_after_footer_widgets":"","ocean_shortcode_before_footer_bottom":"","ocean_shortcode_after_footer_bottom":"","ocean_display_top_bar":"default","ocean_display_header":"default","ocean_header_style":"","ocean_center_header_left_menu":"","ocean_custom_header_template":"","ocean_custom_logo":0,"ocean_custom_retina_logo":0,"ocean_custom_logo_max_width":0,"ocean_custom_logo_tablet_max_width":0,"ocean_custom_logo_mobile_max_width":0,"ocean_custom_logo_max_height":0,"ocean_custom_logo_tablet_max_height":0,"ocean_custom_logo_mobile_max_height":0,"ocean_header_custom_menu":"","ocean_menu_typo_font_family":"","ocean_menu_typo_font_subset":"","ocean_menu_typo_font_size":0,"ocean_menu_typo_font_size_tablet":0,"ocean_menu_typo_font_size_mobile":0,"ocean_menu_typo_font_size_unit":"px","ocean_menu_typo_font_weight":"","ocean_menu_typo_font_weight_tablet":"","ocean_menu_typo_font_weight_mobile":"","ocean_menu_typo_transform":"","ocean_menu_typo_transform_tablet":"","ocean_menu_typo_transform_mobile":"","ocean_menu_typo_line_height":0,"ocean_menu_typo_line_height_tablet":0,"ocean_menu_typo_line_height_mobile":0,"ocean_menu_typo_line_height_unit":"","ocean_menu_typo_spacing":0,"ocean_menu_typo_spacing_tablet":0,"ocean_menu_typo_spacing_mobile":0,"ocean_menu_typo_spacing_unit":"","ocean_menu_link_color":"","ocean_menu_link_color_hover":"","ocean_menu_link_color_active":"","ocean_menu_link_background":"","ocean_menu_link_hover_background":"","ocean_menu_link_active_background":"","ocean_menu_social_links_bg":"","ocean_menu_social_hover_links_bg":"","ocean_menu_social_links_color":"","ocean_menu_social_hover_links_color":"","ocean_disable_title":"default","ocean_disable_heading":"default","ocean_post_title":"","ocean_post_subheading":"","ocean_post_title_style":"","ocean_post_title_background_color":"","ocean_post_title_background":0,"ocean_post_title_bg_image_position":"","ocean_post_title_bg_image_attachment":"","ocean_post_title_bg_image_repeat":"","ocean_post_title_bg_image_size":"","ocean_post_title_height":0,"ocean_post_title_bg_overlay":0.5,"ocean_post_title_bg_overlay_color":"","ocean_disable_breadcrumbs":"default","ocean_breadcrumbs_color":"","ocean_breadcrumbs_separator_color":"","ocean_breadcrumbs_links_color":"","ocean_breadcrumbs_links_hover_color":"","ocean_display_footer_widgets":"default","ocean_display_footer_bottom":"default","ocean_custom_footer_template":"","footnotes":""},"class_list":["post-197","page","type-page","status-publish","hentry","entry","owp-thumbs-layout-horizontal","owp-btn-normal","owp-tabs-layout-horizontal","has-no-thumbnails","has-product-nav","circle-sale"],"yoast_head":"<!-- This site is optimized with the Yoast SEO plugin v24.9 - https:\/\/yoast.com\/wordpress\/plugins\/seo\/ -->\n<title>Mentions l\u00e9gales &amp; Confidentialit\u00e9 - Un Monde sur Pause\u00ae<\/title>\n<meta name=\"robots\" content=\"index, follow, max-snippet:-1, max-image-preview:large, max-video-preview:-1\" \/>\n<link rel=\"canonical\" href=\"http:\/\/51.68.119.59\/NasseraMazouz\/UnMondeSurPause\/?page_id=197\" \/>\n<meta property=\"og:locale\" content=\"fr_FR\" \/>\n<meta property=\"og:type\" content=\"article\" \/>\n<meta property=\"og:title\" content=\"Mentions l\u00e9gales &amp; Confidentialit\u00e9 - Un Monde sur Pause\u00ae\" \/>\n<meta property=\"og:description\" content=\"Mentions l\u00e9gales &amp; Confidentialit\u00e9 Soucieuse des droits des individus, notamment au regard des traitements automatis\u00e9s et dans une volont\u00e9 de transparence avec ses clients, Les P\u00e9pites Sabl\u00e9es a mis en place une politique reprenant l\u2019ensemble de ces traitements, des finalit\u00e9s poursuivies par ces derniers ainsi que des moyens d\u2019actions \u00e0 la disposition des individus afin [&hellip;]\" \/>\n<meta property=\"og:url\" content=\"http:\/\/51.68.119.59\/NasseraMazouz\/UnMondeSurPause\/?page_id=197\" \/>\n<meta property=\"og:site_name\" content=\"Un Monde sur Pause\u00ae\" \/>\n<meta property=\"article:modified_time\" content=\"2025-05-14T13:51:35+00:00\" \/>\n<meta property=\"og:image\" content=\"http:\/\/51.68.119.59\/NasseraMazouz\/UnMondeSurPause\/wp-content\/uploads\/elementor\/thumbs\/cropped-cropped-cropped-Capture-chat-1-2-r50hj9cjto3nw9bvoh792helxepsvn4xso7gvivuvc.jpg\" \/>\n<meta name=\"twitter:card\" content=\"summary_large_image\" \/>\n<meta name=\"twitter:label1\" content=\"Dur\u00e9e de lecture estim\u00e9e\" \/>\n\t<meta name=\"twitter:data1\" content=\"6 minutes\" \/>\n<script type=\"application\/ld+json\" class=\"yoast-schema-graph\">{\"@context\":\"https:\/\/schema.org\",\"@graph\":[{\"@type\":\"WebPage\",\"@id\":\"http:\/\/51.68.119.59\/NasseraMazouz\/UnMondeSurPause\/?page_id=197\",\"url\":\"http:\/\/51.68.119.59\/NasseraMazouz\/UnMondeSurPause\/?page_id=197\",\"name\":\"Mentions l\u00e9gales &amp; Confidentialit\u00e9 - Un Monde sur Pause\u00ae\",\"isPartOf\":{\"@id\":\"http:\/\/51.68.119.59\/NasseraMazouz\/UnMondeSurPause\/#website\"},\"primaryImageOfPage\":{\"@id\":\"http:\/\/51.68.119.59\/NasseraMazouz\/UnMondeSurPause\/?page_id=197#primaryimage\"},\"image\":{\"@id\":\"http:\/\/51.68.119.59\/NasseraMazouz\/UnMondeSurPause\/?page_id=197#primaryimage\"},\"thumbnailUrl\":\"http:\/\/51.68.119.59\/NasseraMazouz\/UnMondeSurPause\/wp-content\/uploads\/elementor\/thumbs\/cropped-cropped-cropped-Capture-chat-1-2-r50hj9cjto3nw9bvoh792helxepsvn4xso7gvivuvc.jpg\",\"datePublished\":\"2025-04-22T19:52:50+00:00\",\"dateModified\":\"2025-05-14T13:51:35+00:00\",\"breadcrumb\":{\"@id\":\"http:\/\/51.68.119.59\/NasseraMazouz\/UnMondeSurPause\/?page_id=197#breadcrumb\"},\"inLanguage\":\"fr-FR\",\"potentialAction\":[{\"@type\":\"ReadAction\",\"target\":[\"http:\/\/51.68.119.59\/NasseraMazouz\/UnMondeSurPause\/?page_id=197\"]}]},{\"@type\":\"ImageObject\",\"inLanguage\":\"fr-FR\",\"@id\":\"http:\/\/51.68.119.59\/NasseraMazouz\/UnMondeSurPause\/?page_id=197#primaryimage\",\"url\":\"http:\/\/51.68.119.59\/NasseraMazouz\/UnMondeSurPause\/wp-content\/uploads\/elementor\/thumbs\/cropped-cropped-cropped-Capture-chat-1-2-r50hj9cjto3nw9bvoh792helxepsvn4xso7gvivuvc.jpg\",\"contentUrl\":\"http:\/\/51.68.119.59\/NasseraMazouz\/UnMondeSurPause\/wp-content\/uploads\/elementor\/thumbs\/cropped-cropped-cropped-Capture-chat-1-2-r50hj9cjto3nw9bvoh792helxepsvn4xso7gvivuvc.jpg\"},{\"@type\":\"BreadcrumbList\",\"@id\":\"http:\/\/51.68.119.59\/NasseraMazouz\/UnMondeSurPause\/?page_id=197#breadcrumb\",\"itemListElement\":[{\"@type\":\"ListItem\",\"position\":1,\"name\":\"Accueil\",\"item\":\"http:\/\/51.68.119.59\/NasseraMazouz\/UnMondeSurPause\/\"},{\"@type\":\"ListItem\",\"position\":2,\"name\":\"Mentions l\u00e9gales &amp; Confidentialit\u00e9\"}]},{\"@type\":\"WebSite\",\"@id\":\"http:\/\/51.68.119.59\/NasseraMazouz\/UnMondeSurPause\/#website\",\"url\":\"http:\/\/51.68.119.59\/NasseraMazouz\/UnMondeSurPause\/\",\"name\":\"Un Monde sur Pause\u00ae\",\"description\":\"Ici tout commence !\",\"potentialAction\":[{\"@type\":\"SearchAction\",\"target\":{\"@type\":\"EntryPoint\",\"urlTemplate\":\"http:\/\/51.68.119.59\/NasseraMazouz\/UnMondeSurPause\/?s={search_term_string}\"},\"query-input\":{\"@type\":\"PropertyValueSpecification\",\"valueRequired\":true,\"valueName\":\"search_term_string\"}}],\"inLanguage\":\"fr-FR\"}]}<\/script>\n<!-- \/ Yoast SEO plugin. -->","yoast_head_json":{"title":"Mentions l\u00e9gales &amp; Confidentialit\u00e9 - Un Monde sur Pause\u00ae","robots":{"index":"index","follow":"follow","max-snippet":"max-snippet:-1","max-image-preview":"max-image-preview:large","max-video-preview":"max-video-preview:-1"},"canonical":"http:\/\/51.68.119.59\/NasseraMazouz\/UnMondeSurPause\/?page_id=197","og_locale":"fr_FR","og_type":"article","og_title":"Mentions l\u00e9gales &amp; Confidentialit\u00e9 - Un Monde sur Pause\u00ae","og_description":"Mentions l\u00e9gales &amp; Confidentialit\u00e9 Soucieuse des droits des individus, notamment au regard des traitements automatis\u00e9s et dans une volont\u00e9 de transparence avec ses clients, Les P\u00e9pites Sabl\u00e9es a mis en place une politique reprenant l\u2019ensemble de ces traitements, des finalit\u00e9s poursuivies par ces derniers ainsi que des moyens d\u2019actions \u00e0 la disposition des individus afin [&hellip;]","og_url":"http:\/\/51.68.119.59\/NasseraMazouz\/UnMondeSurPause\/?page_id=197","og_site_name":"Un Monde sur Pause\u00ae","article_modified_time":"2025-05-14T13:51:35+00:00","og_image":[{"url":"http:\/\/51.68.119.59\/NasseraMazouz\/UnMondeSurPause\/wp-content\/uploads\/elementor\/thumbs\/cropped-cropped-cropped-Capture-chat-1-2-r50hj9cjto3nw9bvoh792helxepsvn4xso7gvivuvc.jpg","type":"","width":"","height":""}],"twitter_card":"summary_large_image","twitter_misc":{"Dur\u00e9e de lecture estim\u00e9e":"6 minutes"},"schema":{"@context":"https:\/\/schema.org","@graph":[{"@type":"WebPage","@id":"http:\/\/51.68.119.59\/NasseraMazouz\/UnMondeSurPause\/?page_id=197","url":"http:\/\/51.68.119.59\/NasseraMazouz\/UnMondeSurPause\/?page_id=197","name":"Mentions l\u00e9gales &amp; Confidentialit\u00e9 - Un Monde sur Pause\u00ae","isPartOf":{"@id":"http:\/\/51.68.119.59\/NasseraMazouz\/UnMondeSurPause\/#website"},"primaryImageOfPage":{"@id":"http:\/\/51.68.119.59\/NasseraMazouz\/UnMondeSurPause\/?page_id=197#primaryimage"},"image":{"@id":"http:\/\/51.68.119.59\/NasseraMazouz\/UnMondeSurPause\/?page_id=197#primaryimage"},"thumbnailUrl":"http:\/\/51.68.119.59\/NasseraMazouz\/UnMondeSurPause\/wp-content\/uploads\/elementor\/thumbs\/cropped-cropped-cropped-Capture-chat-1-2-r50hj9cjto3nw9bvoh792helxepsvn4xso7gvivuvc.jpg","datePublished":"2025-04-22T19:52:50+00:00","dateModified":"2025-05-14T13:51:35+00:00","breadcrumb":{"@id":"http:\/\/51.68.119.59\/NasseraMazouz\/UnMondeSurPause\/?page_id=197#breadcrumb"},"inLanguage":"fr-FR","potentialAction":[{"@type":"ReadAction","target":["http:\/\/51.68.119.59\/NasseraMazouz\/UnMondeSurPause\/?page_id=197"]}]},{"@type":"ImageObject","inLanguage":"fr-FR","@id":"http:\/\/51.68.119.59\/NasseraMazouz\/UnMondeSurPause\/?page_id=197#primaryimage","url":"http:\/\/51.68.119.59\/NasseraMazouz\/UnMondeSurPause\/wp-content\/uploads\/elementor\/thumbs\/cropped-cropped-cropped-Capture-chat-1-2-r50hj9cjto3nw9bvoh792helxepsvn4xso7gvivuvc.jpg","contentUrl":"http:\/\/51.68.119.59\/NasseraMazouz\/UnMondeSurPause\/wp-content\/uploads\/elementor\/thumbs\/cropped-cropped-cropped-Capture-chat-1-2-r50hj9cjto3nw9bvoh792helxepsvn4xso7gvivuvc.jpg"},{"@type":"BreadcrumbList","@id":"http:\/\/51.68.119.59\/NasseraMazouz\/UnMondeSurPause\/?page_id=197#breadcrumb","itemListElement":[{"@type":"ListItem","position":1,"name":"Accueil","item":"http:\/\/51.68.119.59\/NasseraMazouz\/UnMondeSurPause\/"},{"@type":"ListItem","position":2,"name":"Mentions l\u00e9gales &amp; Confidentialit\u00e9"}]},{"@type":"WebSite","@id":"http:\/\/51.68.119.59\/NasseraMazouz\/UnMondeSurPause\/#website","url":"http:\/\/51.68.119.59\/NasseraMazouz\/UnMondeSurPause\/","name":"Un Monde sur Pause\u00ae","description":"Ici tout commence !","potentialAction":[{"@type":"SearchAction","target":{"@type":"EntryPoint","urlTemplate":"http:\/\/51.68.119.59\/NasseraMazouz\/UnMondeSurPause\/?s={search_term_string}"},"query-input":{"@type":"PropertyValueSpecification","valueRequired":true,"valueName":"search_term_string"}}],"inLanguage":"fr-FR"}]}},"_links":{"self":[{"href":"http:\/\/51.68.119.59\/NasseraMazouz\/UnMondeSurPause\/index.php?rest_route=\/wp\/v2\/pages\/197","targetHints":{"allow":["GET"]}}],"collection":[{"href":"http:\/\/51.68.119.59\/NasseraMazouz\/UnMondeSurPause\/index.php?rest_route=\/wp\/v2\/pages"}],"about":[{"href":"http:\/\/51.68.119.59\/NasseraMazouz\/UnMondeSurPause\/index.php?rest_route=\/wp\/v2\/types\/page"}],"author":[{"embeddable":true,"href":"http:\/\/51.68.119.59\/NasseraMazouz\/UnMondeSurPause\/index.php?rest_route=\/wp\/v2\/users\/1"}],"replies":[{"embeddable":true,"href":"http:\/\/51.68.119.59\/NasseraMazouz\/UnMondeSurPause\/index.php?rest_route=%2Fwp%2Fv2%2Fcomments&post=197"}],"version-history":[{"count":100,"href":"http:\/\/51.68.119.59\/NasseraMazouz\/UnMondeSurPause\/index.php?rest_route=\/wp\/v2\/pages\/197\/revisions"}],"predecessor-version":[{"id":1346,"href":"http:\/\/51.68.119.59\/NasseraMazouz\/UnMondeSurPause\/index.php?rest_route=\/wp\/v2\/pages\/197\/revisions\/1346"}],"wp:attachment":[{"href":"http:\/\/51.68.119.59\/NasseraMazouz\/UnMondeSurPause\/index.php?rest_route=%2Fwp%2Fv2%2Fmedia&parent=197"}],"curies":[{"name":"wp","href":"https:\/\/api.w.org\/{rel}","templated":true}]}}