{"id":755,"date":"2025-05-07T07:21:09","date_gmt":"2025-05-07T07:21:09","guid":{"rendered":"http:\/\/51.68.119.59\/NasseraMazouz\/UnMondeSurPause\/?page_id=755"},"modified":"2025-05-21T08:15:42","modified_gmt":"2025-05-21T08:15:42","slug":"quest-ce-que-la-therapie-breve","status":"publish","type":"page","link":"http:\/\/51.68.119.59\/NasseraMazouz\/UnMondeSurPause\/?page_id=755","title":{"rendered":"Qu&rsquo;est-ce-que la Th\u00e9rapie Br\u00e8ve ?"},"content":{"rendered":"\t\t<div data-elementor-type=\"wp-page\" data-elementor-id=\"755\" class=\"elementor elementor-755\">\n\t\t\t\t<div class=\"elementor-element elementor-element-307d6a3 e-flex e-con-boxed e-con e-parent\" data-id=\"307d6a3\" data-element_type=\"container\" data-settings=\"{&quot;background_background&quot;:&quot;classic&quot;}\">\n\t\t\t\t\t<div class=\"e-con-inner\">\n\t\t\t\t<div class=\"elementor-element elementor-element-b2357d8 elementor-widget elementor-widget-text-editor\" data-id=\"b2357d8\" data-element_type=\"widget\" data-widget_type=\"text-editor.default\">\n\t\t\t\t<div class=\"elementor-widget-container\">\n\t\t\t\t\t\t\t\t\t<h1><strong><em>Et si quelques s\u00e9ances suffisaient \u00e0 vous remettre en mouvement ?\u00a0<\/em><\/strong><\/h1><h1><strong><em>La th\u00e9rapie br\u00e8ve vous offre un espace pour comprendre, transformer et avancer, sans vous perdre ind\u00e9finiment dans le pass\u00e9.<\/em><\/strong><\/h1>\t\t\t\t\t\t\t\t<\/div>\n\t\t\t\t<\/div>\n\t\t\t\t\t<\/div>\n\t\t\t\t<\/div>\n\t\t<div class=\"elementor-element elementor-element-4fae245 e-flex e-con-boxed e-con e-parent\" data-id=\"4fae245\" data-element_type=\"container\" data-settings=\"{&quot;background_background&quot;:&quot;classic&quot;}\">\n\t\t\t\t\t<div class=\"e-con-inner\">\n\t\t\t\t<div class=\"elementor-element elementor-element-98a8cc5 elementor-widget elementor-widget-text-editor\" data-id=\"98a8cc5\" data-element_type=\"widget\" data-widget_type=\"text-editor.default\">\n\t\t\t\t<div class=\"elementor-widget-container\">\n\t\t\t\t\t\t\t\t\t<p>La Th\u00e9rapie Br\u00e8ve va bien au-del\u00e0 d&rsquo;une simple m\u00e9thode de r\u00e9solution de probl\u00e8mes, elle offre une nouvelle perspective sur la mani\u00e8re de penser, une perception diff\u00e9rente de l&rsquo;\u00eatre humain, de ses probl\u00e8mes et de son environnement.<\/p><p>\u00a0<\/p><p>Il s&rsquo;agit d&rsquo;une approche psychoth\u00e9rapeutique orient\u00e9e r\u00e9solution, qui vise \u00e0 d\u00e9bloquer une situation de mal-\u00eatre<strong> en un temps limit\u00e9 et rapide<\/strong>.<\/p><p>\u00a0<\/p><p>En g\u00e9n\u00e9ral et selon l&rsquo;\u00e9tat de conscience du patient, on estime entre 2 \u00e0 10 s\u00e9ances n\u00e9cessaire \u00e0 la r\u00e9solution d&rsquo;une probl\u00e9matique.<\/p><p>\u00a0<\/p><p>Contrairement \u00e0 d\u2019autres formes de th\u00e9rapies, elle ne cherche pas \u00e0 tout explorer mais \u00e0 intervenir <strong>l\u00e0 o\u00f9 \u00e7a coince<\/strong>, de fa\u00e7on cibl\u00e9e, concr\u00e8te et active.<\/p><p>\u00a0<\/p><p>On ne va pas s&rsquo;int\u00e9resser au \u00ab\u00a0pourquoi\u00a0\u00bb de la situation ou de l&rsquo;exp\u00e9rience v\u00e9cue mais on va aller explorer ensemble \u00ab\u00a0comment\u00a0\u00bb, se lib\u00e9rer de la souffrance ou du blocage qui vous emp\u00eache de vous d\u00e9ployer totalement. Et tout cela selon votre carte du monde, selon vos valeurs, vos v\u00e9rit\u00e9s qui vous appartiennent.<\/p><p>\u00a0<\/p><p>Elle s\u2019appuie sur des outils vari\u00e9s que j&rsquo;utilise (PNL, hypnose, approche syst\u00e9mique, psychologie positive, psychologie narrative, analyse transactionnelle, cartes associatives, art th\u00e9rapie&#8230;).<\/p><p>L&rsquo;objectif est d&rsquo;aider \u00e0 sortir de sch\u00e9mas bloquants, de mieux g\u00e9rer les \u00e9motions, de retrouver de la clart\u00e9 dans une p\u00e9riode floue ou douloureuse.<\/p><p>\u00a0<\/p><h4>Qu\u2019est-ce qui la distingue ?<\/h4><p><span style=\"text-decoration: underline;\">Cibl\u00e9e<\/span> : On travaille sur un probl\u00e8me pr\u00e9cis, sans s\u2019\u00e9parpiller<\/p><p><span style=\"text-decoration: underline;\">Courte dans le temps<\/span> : quelques s\u00e9ances peuvent suffire (parfois 3 \u00e0 10)<\/p><p><span style=\"text-decoration: underline;\">Collaborative<\/span> : vous \u00eates actif dans votre d\u00e9marche<\/p><p>Elle est centr\u00e9e sur le pr\u00e9sent et les solutions, pas uniquement sur l\u2019analyse du pass\u00e9.<\/p><p>\u00a0<\/p><h4>\u00c0 qui cela s\u2019adresse ?<\/h4><p>Vous traversez une p\u00e9riode difficile ?\u00a0 Vous vous sentez perdu.e, en transition, en deuil, en burn-out\u2026<\/p><p>La th\u00e9rapie br\u00e8ve peut vous aider \u00e0 retrouver un point d\u2019appui, \u00e0 reprendre contact avec vous-m\u00eame, \u00e0 sortir de la confusion. Elle convient aussi aux adolescents et jeunes adultes en perte de rep\u00e8res.<\/p><p>\u00a0<\/p><p>D\u00e9buter une th\u00e9rapie br\u00e8ve c&rsquo;est s&rsquo;offrir la possibilit\u00e9 de se cr\u00e9er un espace serein pour prendre du recul sur sa vie, s&rsquo;offrir le droit de faire un pas de c\u00f4t\u00e9 pour se r\u00e9orienter, s&rsquo;offrir une \u00e9coute et un guide pour travailler directement sur les d\u00e9fis\u00a0 qui font barrage \u00e0 votre r\u00e9alisation.<\/p><p>\u00a0<\/p><h4>Ce que vous trouverez ici ?<\/h4><p>Un espace d\u2019\u00e9coute, de clart\u00e9, de respect de votre rythme.<br \/>Pas de protocole rigide, mais une pr\u00e9sence humaine et adaptable, pour vous aider \u00e0 avancer pas \u00e0 pas.<\/p><p>\u00a0<\/p><h4>Comment je vous aide ?<\/h4><p>Je suis \u00e0 votre \u00e9coute pour prendre connaissance de la situation pass\u00e9e ou pr\u00e9sente et de votre \u00e9tat interne.<\/p><p>Je d\u00e9termine l&rsquo;outil ad\u00e9quat \u00e0 votre probl\u00e9matique pour vous amener \u00e0 revisiter les sc\u00e8nes qui sont \u00e0 l&rsquo;origine de vos traumas par des protocoles doux et s\u00e9curisant pour vous.<\/p><p>\u00a0<\/p><p>Je peux utiliser votre pleine conscience mais aussi vous amener en transe hypnotique avec votre accord pr\u00e9alable. Cela vous guide vers un \u00e9tat relaxant qui me permettra de communiquer avec votre inconscient pour vous \u00e9viter une confrontation brutale de vos v\u00e9rit\u00e9s.<\/p><p>\u00a0<\/p><p>On va aller explorer vos croyances limitantes, les transcender et les remplacer par des croyances aidantes pour vous d\u00e9ployer pleinement dans votre vie.\u00a0<\/p>\t\t\t\t\t\t\t\t<\/div>\n\t\t\t\t<\/div>\n\t\t\t\t\t<\/div>\n\t\t\t\t<\/div>\n\t\t<div class=\"elementor-element elementor-element-abb4323 e-flex e-con-boxed e-con e-parent\" data-id=\"abb4323\" data-element_type=\"container\" data-settings=\"{&quot;background_background&quot;:&quot;classic&quot;,&quot;shape_divider_bottom&quot;:&quot;triangle&quot;,&quot;shape_divider_bottom_negative&quot;:&quot;yes&quot;}\">\n\t\t\t\t\t<div class=\"e-con-inner\">\n\t\t\t\t<div class=\"elementor-shape elementor-shape-bottom\" data-negative=\"true\">\n\t\t\t<svg xmlns=\"http:\/\/www.w3.org\/2000\/svg\" viewBox=\"0 0 1000 100\" preserveAspectRatio=\"none\">\n\t<path class=\"elementor-shape-fill\" d=\"M500.2,94.7L0,0v100h1000V0L500.2,94.7z\"\/>\n<\/svg>\t\t<\/div>\n\t\t\t\t<div class=\"elementor-element elementor-element-bdafab8 elementor-widget elementor-widget-text-editor\" data-id=\"bdafab8\" data-element_type=\"widget\" data-widget_type=\"text-editor.default\">\n\t\t\t\t<div class=\"elementor-widget-container\">\n\t\t\t\t\t\t\t\t\t<p><span style=\"text-decoration: underline;\"><strong>Gardez \u00e0 l&rsquo;esprit que les psychoth\u00e9rapies ne sont nullement d\u2019ordre m\u00e9dical et ne doit en aucun cas <\/strong><\/span><\/p><p><span style=\"text-decoration: underline;\"><strong>vous inciter \u00e0 interrompre votre suivi m\u00e9dical ou votre traitement sans avis m\u00e9dical.<\/strong><\/span><\/p>\t\t\t\t\t\t\t\t<\/div>\n\t\t\t\t<\/div>\n\t\t\t\t\t<\/div>\n\t\t\t\t<\/div>\n\t\t<div class=\"elementor-element elementor-element-fc3290b e-flex e-con-boxed e-con e-parent\" data-id=\"fc3290b\" data-element_type=\"container\">\n\t\t\t\t\t<div class=\"e-con-inner\">\n\t\t\t\t<div class=\"elementor-element elementor-element-6ccf6d3 elementor-widget elementor-widget-heading\" data-id=\"6ccf6d3\" data-element_type=\"widget\" data-widget_type=\"heading.default\">\n\t\t\t\t<div class=\"elementor-widget-container\">\n\t\t\t\t\t<h2 class=\"elementor-heading-title elementor-size-default\"><h2 class=\"elementor-heading-title elementor-size-default elementor-inline-editing pen\" data-elementor-setting-key=\"title\" data-pen-placeholder=\"\u00c9crivez ici...\" style=\"font-variant-ligatures: normal; font-variant-caps: normal; font-family: &quot;Open Sans&quot;, sans-serif; font-style: normal; text-align: center;\">Retrouves-moi sur les r\u00e9seaux<\/h2><\/h2>\t\t\t\t<\/div>\n\t\t\t\t<\/div>\n\t\t\t\t<div class=\"elementor-element elementor-element-646a13e elementor-shape-circle elementor-grid-0 e-grid-align-center elementor-widget elementor-widget-social-icons\" data-id=\"646a13e\" data-element_type=\"widget\" data-widget_type=\"social-icons.default\">\n\t\t\t\t<div class=\"elementor-widget-container\">\n\t\t\t\t\t\t\t<div class=\"elementor-social-icons-wrapper elementor-grid\">\n\t\t\t\t\t\t\t<span class=\"elementor-grid-item\">\n\t\t\t\t\t<a class=\"elementor-icon elementor-social-icon elementor-social-icon-facebook elementor-repeater-item-7f04581\" href=\"https:\/\/www.facebook.com\/people\/Les-Subtiles-P%C3%A9pites\/61574979497602\/\" target=\"_blank\">\n\t\t\t\t\t\t<span class=\"elementor-screen-only\">Facebook<\/span>\n\t\t\t\t\t\t<svg class=\"e-font-icon-svg e-fab-facebook\" viewBox=\"0 0 512 512\" xmlns=\"http:\/\/www.w3.org\/2000\/svg\"><path d=\"M504 256C504 119 393 8 256 8S8 119 8 256c0 123.78 90.69 226.38 209.25 245V327.69h-63V256h63v-54.64c0-62.15 37-96.48 93.67-96.48 27.14 0 55.52 4.84 55.52 4.84v61h-31.28c-30.8 0-40.41 19.12-40.41 38.73V256h68.78l-11 71.69h-57.78V501C413.31 482.38 504 379.78 504 256z\"><\/path><\/svg>\t\t\t\t\t<\/a>\n\t\t\t\t<\/span>\n\t\t\t\t\t\t\t<span class=\"elementor-grid-item\">\n\t\t\t\t\t<a class=\"elementor-icon elementor-social-icon elementor-social-icon-instagram elementor-repeater-item-38ab981\" href=\"https:\/\/www.instagram.com\/un_monde_sur_pause?igsh=aWa5weTFncnJpeXFn\" target=\"_blank\">\n\t\t\t\t\t\t<span class=\"elementor-screen-only\">Instagram<\/span>\n\t\t\t\t\t\t<svg class=\"e-font-icon-svg e-fab-instagram\" viewBox=\"0 0 448 512\" xmlns=\"http:\/\/www.w3.org\/2000\/svg\"><path d=\"M224.1 141c-63.6 0-114.9 51.3-114.9 114.9s51.3 114.9 114.9 114.9S339 319.5 339 255.9 287.7 141 224.1 141zm0 189.6c-41.1 0-74.7-33.5-74.7-74.7s33.5-74.7 74.7-74.7 74.7 33.5 74.7 74.7-33.6 74.7-74.7 74.7zm146.4-194.3c0 14.9-12 26.8-26.8 26.8-14.9 0-26.8-12-26.8-26.8s12-26.8 26.8-26.8 26.8 12 26.8 26.8zm76.1 27.2c-1.7-35.9-9.9-67.7-36.2-93.9-26.2-26.2-58-34.4-93.9-36.2-37-2.1-147.9-2.1-184.9 0-35.8 1.7-67.6 9.9-93.9 36.1s-34.4 58-36.2 93.9c-2.1 37-2.1 147.9 0 184.9 1.7 35.9 9.9 67.7 36.2 93.9s58 34.4 93.9 36.2c37 2.1 147.9 2.1 184.9 0 35.9-1.7 67.7-9.9 93.9-36.2 26.2-26.2 34.4-58 36.2-93.9 2.1-37 2.1-147.8 0-184.8zM398.8 388c-7.8 19.6-22.9 34.7-42.6 42.6-29.5 11.7-99.5 9-132.1 9s-102.7 2.6-132.1-9c-19.6-7.8-34.7-22.9-42.6-42.6-11.7-29.5-9-99.5-9-132.1s-2.6-102.7 9-132.1c7.8-19.6 22.9-34.7 42.6-42.6 29.5-11.7 99.5-9 132.1-9s102.7-2.6 132.1 9c19.6 7.8 34.7 22.9 42.6 42.6 11.7 29.5 9 99.5 9 132.1s2.7 102.7-9 132.1z\"><\/path><\/svg>\t\t\t\t\t<\/a>\n\t\t\t\t<\/span>\n\t\t\t\t\t<\/div>\n\t\t\t\t\t\t<\/div>\n\t\t\t\t<\/div>\n\t\t\t\t\t<\/div>\n\t\t\t\t<\/div>\n\t\t\t\t<\/div>\n\t\t","protected":false},"excerpt":{"rendered":"<p>Et si quelques s\u00e9ances suffisaient \u00e0 vous remettre en mouvement ?\u00a0 La th\u00e9rapie br\u00e8ve vous offre un espace pour comprendre, transformer et avancer, sans vous perdre ind\u00e9finiment dans le pass\u00e9. La Th\u00e9rapie Br\u00e8ve va bien au-del\u00e0 d&rsquo;une simple m\u00e9thode de r\u00e9solution de probl\u00e8mes, elle offre une nouvelle perspective sur la mani\u00e8re de penser, une perception [&hellip;]<\/p>\n","protected":false},"author":1,"featured_media":0,"parent":0,"menu_order":0,"comment_status":"closed","ping_status":"closed","template":"","meta":{"ocean_post_layout":"","ocean_both_sidebars_style":"","ocean_both_sidebars_content_width":0,"ocean_both_sidebars_sidebars_width":0,"ocean_sidebar":"","ocean_second_sidebar":"","ocean_disable_margins":"enable","ocean_add_body_class":"","ocean_shortcode_before_top_bar":"","ocean_shortcode_after_top_bar":"","ocean_shortcode_before_header":"","ocean_shortcode_after_header":"","ocean_has_shortcode":"","ocean_shortcode_after_title":"","ocean_shortcode_before_footer_widgets":"","ocean_shortcode_after_footer_widgets":"","ocean_shortcode_before_footer_bottom":"","ocean_shortcode_after_footer_bottom":"","ocean_display_top_bar":"default","ocean_display_header":"default","ocean_header_style":"","ocean_center_header_left_menu":"","ocean_custom_header_template":"","ocean_custom_logo":0,"ocean_custom_retina_logo":0,"ocean_custom_logo_max_width":0,"ocean_custom_logo_tablet_max_width":0,"ocean_custom_logo_mobile_max_width":0,"ocean_custom_logo_max_height":0,"ocean_custom_logo_tablet_max_height":0,"ocean_custom_logo_mobile_max_height":0,"ocean_header_custom_menu":"","ocean_menu_typo_font_family":"","ocean_menu_typo_font_subset":"","ocean_menu_typo_font_size":0,"ocean_menu_typo_font_size_tablet":0,"ocean_menu_typo_font_size_mobile":0,"ocean_menu_typo_font_size_unit":"px","ocean_menu_typo_font_weight":"","ocean_menu_typo_font_weight_tablet":"","ocean_menu_typo_font_weight_mobile":"","ocean_menu_typo_transform":"","ocean_menu_typo_transform_tablet":"","ocean_menu_typo_transform_mobile":"","ocean_menu_typo_line_height":0,"ocean_menu_typo_line_height_tablet":0,"ocean_menu_typo_line_height_mobile":0,"ocean_menu_typo_line_height_unit":"","ocean_menu_typo_spacing":0,"ocean_menu_typo_spacing_tablet":0,"ocean_menu_typo_spacing_mobile":0,"ocean_menu_typo_spacing_unit":"","ocean_menu_link_color":"","ocean_menu_link_color_hover":"","ocean_menu_link_color_active":"","ocean_menu_link_background":"","ocean_menu_link_hover_background":"","ocean_menu_link_active_background":"","ocean_menu_social_links_bg":"","ocean_menu_social_hover_links_bg":"","ocean_menu_social_links_color":"","ocean_menu_social_hover_links_color":"","ocean_disable_title":"default","ocean_disable_heading":"default","ocean_post_title":"","ocean_post_subheading":"","ocean_post_title_style":"","ocean_post_title_background_color":"","ocean_post_title_background":0,"ocean_post_title_bg_image_position":"","ocean_post_title_bg_image_attachment":"","ocean_post_title_bg_image_repeat":"","ocean_post_title_bg_image_size":"","ocean_post_title_height":0,"ocean_post_title_bg_overlay":0.5,"ocean_post_title_bg_overlay_color":"","ocean_disable_breadcrumbs":"default","ocean_breadcrumbs_color":"","ocean_breadcrumbs_separator_color":"","ocean_breadcrumbs_links_color":"","ocean_breadcrumbs_links_hover_color":"","ocean_display_footer_widgets":"default","ocean_display_footer_bottom":"default","ocean_custom_footer_template":"","footnotes":""},"class_list":["post-755","page","type-page","status-publish","hentry","entry","owp-thumbs-layout-horizontal","owp-btn-normal","owp-tabs-layout-horizontal","has-no-thumbnails","has-product-nav","circle-sale"],"yoast_head":"<!-- This site is optimized with the Yoast SEO plugin v24.9 - https:\/\/yoast.com\/wordpress\/plugins\/seo\/ -->\n<title>Qu&#039;est-ce-que la Th\u00e9rapie Br\u00e8ve ? - Un Monde sur Pause\u00ae<\/title>\n<meta name=\"robots\" content=\"index, follow, max-snippet:-1, max-image-preview:large, max-video-preview:-1\" \/>\n<link rel=\"canonical\" href=\"http:\/\/51.68.119.59\/NasseraMazouz\/UnMondeSurPause\/?page_id=755\" \/>\n<meta property=\"og:locale\" content=\"fr_FR\" \/>\n<meta property=\"og:type\" content=\"article\" \/>\n<meta property=\"og:title\" content=\"Qu&#039;est-ce-que la Th\u00e9rapie Br\u00e8ve ? - Un Monde sur Pause\u00ae\" \/>\n<meta property=\"og:description\" content=\"Et si quelques s\u00e9ances suffisaient \u00e0 vous remettre en mouvement ?\u00a0 La th\u00e9rapie br\u00e8ve vous offre un espace pour comprendre, transformer et avancer, sans vous perdre ind\u00e9finiment dans le pass\u00e9. La Th\u00e9rapie Br\u00e8ve va bien au-del\u00e0 d&rsquo;une simple m\u00e9thode de r\u00e9solution de probl\u00e8mes, elle offre une nouvelle perspective sur la mani\u00e8re de penser, une perception [&hellip;]\" \/>\n<meta property=\"og:url\" content=\"http:\/\/51.68.119.59\/NasseraMazouz\/UnMondeSurPause\/?page_id=755\" \/>\n<meta property=\"og:site_name\" content=\"Un Monde sur Pause\u00ae\" \/>\n<meta property=\"article:modified_time\" content=\"2025-05-21T08:15:42+00:00\" \/>\n<meta name=\"twitter:card\" content=\"summary_large_image\" \/>\n<meta name=\"twitter:label1\" content=\"Dur\u00e9e de lecture estim\u00e9e\" \/>\n\t<meta name=\"twitter:data1\" content=\"3 minutes\" \/>\n<script type=\"application\/ld+json\" class=\"yoast-schema-graph\">{\"@context\":\"https:\/\/schema.org\",\"@graph\":[{\"@type\":\"WebPage\",\"@id\":\"http:\/\/51.68.119.59\/NasseraMazouz\/UnMondeSurPause\/?page_id=755\",\"url\":\"http:\/\/51.68.119.59\/NasseraMazouz\/UnMondeSurPause\/?page_id=755\",\"name\":\"Qu'est-ce-que la Th\u00e9rapie Br\u00e8ve ? - Un Monde sur Pause\u00ae\",\"isPartOf\":{\"@id\":\"http:\/\/51.68.119.59\/NasseraMazouz\/UnMondeSurPause\/#website\"},\"datePublished\":\"2025-05-07T07:21:09+00:00\",\"dateModified\":\"2025-05-21T08:15:42+00:00\",\"breadcrumb\":{\"@id\":\"http:\/\/51.68.119.59\/NasseraMazouz\/UnMondeSurPause\/?page_id=755#breadcrumb\"},\"inLanguage\":\"fr-FR\",\"potentialAction\":[{\"@type\":\"ReadAction\",\"target\":[\"http:\/\/51.68.119.59\/NasseraMazouz\/UnMondeSurPause\/?page_id=755\"]}]},{\"@type\":\"BreadcrumbList\",\"@id\":\"http:\/\/51.68.119.59\/NasseraMazouz\/UnMondeSurPause\/?page_id=755#breadcrumb\",\"itemListElement\":[{\"@type\":\"ListItem\",\"position\":1,\"name\":\"Accueil\",\"item\":\"http:\/\/51.68.119.59\/NasseraMazouz\/UnMondeSurPause\/\"},{\"@type\":\"ListItem\",\"position\":2,\"name\":\"Qu&rsquo;est-ce-que la Th\u00e9rapie Br\u00e8ve ?\"}]},{\"@type\":\"WebSite\",\"@id\":\"http:\/\/51.68.119.59\/NasseraMazouz\/UnMondeSurPause\/#website\",\"url\":\"http:\/\/51.68.119.59\/NasseraMazouz\/UnMondeSurPause\/\",\"name\":\"Un Monde sur Pause\u00ae\",\"description\":\"Ici tout commence !\",\"potentialAction\":[{\"@type\":\"SearchAction\",\"target\":{\"@type\":\"EntryPoint\",\"urlTemplate\":\"http:\/\/51.68.119.59\/NasseraMazouz\/UnMondeSurPause\/?s={search_term_string}\"},\"query-input\":{\"@type\":\"PropertyValueSpecification\",\"valueRequired\":true,\"valueName\":\"search_term_string\"}}],\"inLanguage\":\"fr-FR\"}]}<\/script>\n<!-- \/ Yoast SEO plugin. -->","yoast_head_json":{"title":"Qu'est-ce-que la Th\u00e9rapie Br\u00e8ve ? - Un Monde sur Pause\u00ae","robots":{"index":"index","follow":"follow","max-snippet":"max-snippet:-1","max-image-preview":"max-image-preview:large","max-video-preview":"max-video-preview:-1"},"canonical":"http:\/\/51.68.119.59\/NasseraMazouz\/UnMondeSurPause\/?page_id=755","og_locale":"fr_FR","og_type":"article","og_title":"Qu'est-ce-que la Th\u00e9rapie Br\u00e8ve ? - Un Monde sur Pause\u00ae","og_description":"Et si quelques s\u00e9ances suffisaient \u00e0 vous remettre en mouvement ?\u00a0 La th\u00e9rapie br\u00e8ve vous offre un espace pour comprendre, transformer et avancer, sans vous perdre ind\u00e9finiment dans le pass\u00e9. La Th\u00e9rapie Br\u00e8ve va bien au-del\u00e0 d&rsquo;une simple m\u00e9thode de r\u00e9solution de probl\u00e8mes, elle offre une nouvelle perspective sur la mani\u00e8re de penser, une perception [&hellip;]","og_url":"http:\/\/51.68.119.59\/NasseraMazouz\/UnMondeSurPause\/?page_id=755","og_site_name":"Un Monde sur Pause\u00ae","article_modified_time":"2025-05-21T08:15:42+00:00","twitter_card":"summary_large_image","twitter_misc":{"Dur\u00e9e de lecture estim\u00e9e":"3 minutes"},"schema":{"@context":"https:\/\/schema.org","@graph":[{"@type":"WebPage","@id":"http:\/\/51.68.119.59\/NasseraMazouz\/UnMondeSurPause\/?page_id=755","url":"http:\/\/51.68.119.59\/NasseraMazouz\/UnMondeSurPause\/?page_id=755","name":"Qu'est-ce-que la Th\u00e9rapie Br\u00e8ve ? - Un Monde sur Pause\u00ae","isPartOf":{"@id":"http:\/\/51.68.119.59\/NasseraMazouz\/UnMondeSurPause\/#website"},"datePublished":"2025-05-07T07:21:09+00:00","dateModified":"2025-05-21T08:15:42+00:00","breadcrumb":{"@id":"http:\/\/51.68.119.59\/NasseraMazouz\/UnMondeSurPause\/?page_id=755#breadcrumb"},"inLanguage":"fr-FR","potentialAction":[{"@type":"ReadAction","target":["http:\/\/51.68.119.59\/NasseraMazouz\/UnMondeSurPause\/?page_id=755"]}]},{"@type":"BreadcrumbList","@id":"http:\/\/51.68.119.59\/NasseraMazouz\/UnMondeSurPause\/?page_id=755#breadcrumb","itemListElement":[{"@type":"ListItem","position":1,"name":"Accueil","item":"http:\/\/51.68.119.59\/NasseraMazouz\/UnMondeSurPause\/"},{"@type":"ListItem","position":2,"name":"Qu&rsquo;est-ce-que la Th\u00e9rapie Br\u00e8ve ?"}]},{"@type":"WebSite","@id":"http:\/\/51.68.119.59\/NasseraMazouz\/UnMondeSurPause\/#website","url":"http:\/\/51.68.119.59\/NasseraMazouz\/UnMondeSurPause\/","name":"Un Monde sur Pause\u00ae","description":"Ici tout commence !","potentialAction":[{"@type":"SearchAction","target":{"@type":"EntryPoint","urlTemplate":"http:\/\/51.68.119.59\/NasseraMazouz\/UnMondeSurPause\/?s={search_term_string}"},"query-input":{"@type":"PropertyValueSpecification","valueRequired":true,"valueName":"search_term_string"}}],"inLanguage":"fr-FR"}]}},"_links":{"self":[{"href":"http:\/\/51.68.119.59\/NasseraMazouz\/UnMondeSurPause\/index.php?rest_route=\/wp\/v2\/pages\/755","targetHints":{"allow":["GET"]}}],"collection":[{"href":"http:\/\/51.68.119.59\/NasseraMazouz\/UnMondeSurPause\/index.php?rest_route=\/wp\/v2\/pages"}],"about":[{"href":"http:\/\/51.68.119.59\/NasseraMazouz\/UnMondeSurPause\/index.php?rest_route=\/wp\/v2\/types\/page"}],"author":[{"embeddable":true,"href":"http:\/\/51.68.119.59\/NasseraMazouz\/UnMondeSurPause\/index.php?rest_route=\/wp\/v2\/users\/1"}],"replies":[{"embeddable":true,"href":"http:\/\/51.68.119.59\/NasseraMazouz\/UnMondeSurPause\/index.php?rest_route=%2Fwp%2Fv2%2Fcomments&post=755"}],"version-history":[{"count":67,"href":"http:\/\/51.68.119.59\/NasseraMazouz\/UnMondeSurPause\/index.php?rest_route=\/wp\/v2\/pages\/755\/revisions"}],"predecessor-version":[{"id":1783,"href":"http:\/\/51.68.119.59\/NasseraMazouz\/UnMondeSurPause\/index.php?rest_route=\/wp\/v2\/pages\/755\/revisions\/1783"}],"wp:attachment":[{"href":"http:\/\/51.68.119.59\/NasseraMazouz\/UnMondeSurPause\/index.php?rest_route=%2Fwp%2Fv2%2Fmedia&parent=755"}],"curies":[{"name":"wp","href":"https:\/\/api.w.org\/{rel}","templated":true}]}}