{"id":9,"date":"2025-04-22T09:42:55","date_gmt":"2025-04-22T09:42:55","guid":{"rendered":"http:\/\/51.68.119.59\/NasseraMazouz\/UnMondeSurPause\/?page_id=9"},"modified":"2025-05-21T07:51:46","modified_gmt":"2025-05-21T07:51:46","slug":"presentation","status":"publish","type":"page","link":"http:\/\/51.68.119.59\/NasseraMazouz\/UnMondeSurPause\/?page_id=9","title":{"rendered":"Pr\u00e9sentation"},"content":{"rendered":"\t\t<div data-elementor-type=\"wp-page\" data-elementor-id=\"9\" class=\"elementor elementor-9\">\n\t\t\t\t<div class=\"elementor-element elementor-element-d62f66b e-flex e-con-boxed e-con e-parent\" data-id=\"d62f66b\" data-element_type=\"container\" data-settings=\"{&quot;background_background&quot;:&quot;classic&quot;}\">\n\t\t\t\t\t<div class=\"e-con-inner\">\n\t\t\t\t<div class=\"elementor-element elementor-element-2475c3e elementor-widget elementor-widget-heading\" data-id=\"2475c3e\" data-element_type=\"widget\" data-widget_type=\"heading.default\">\n\t\t\t\t<div class=\"elementor-widget-container\">\n\t\t\t\t\t<h2 class=\"elementor-heading-title elementor-size-default\">Bienvenue !<\/h2>\t\t\t\t<\/div>\n\t\t\t\t<\/div>\n\t\t\t\t\t<\/div>\n\t\t\t\t<\/div>\n\t\t<div class=\"elementor-element elementor-element-0cc2f4f e-flex e-con-boxed e-con e-parent\" data-id=\"0cc2f4f\" data-element_type=\"container\" data-settings=\"{&quot;background_background&quot;:&quot;classic&quot;}\">\n\t\t\t\t\t<div class=\"e-con-inner\">\n\t\t\t\t<div class=\"elementor-element elementor-element-7eb3d17 elementor-widget elementor-widget-text-editor\" data-id=\"7eb3d17\" data-element_type=\"widget\" data-widget_type=\"text-editor.default\">\n\t\t\t\t<div class=\"elementor-widget-container\">\n\t\t\t\t\t\t\t\t\t<p>Je m\u2019appelle Nass\u00e9ra, j\u2019ai 41 ans et j\u2019ai pour vocation d\u2019offrir un espace chaleureux et inspirant, o\u00f9 chacun peut r\u00e9v\u00e9ler sa lumi\u00e8re int\u00e9rieure. \u00c0 travers mes outils de coaching et d\u2019accompagnement th\u00e9rapeutique, mes ateliers en d\u00e9veloppement personnel mais aussi gr\u00e2ce \u00e0 des produits, mes p\u00e9pites soigneusement s\u00e9lectionn\u00e9es pour t\u2019accompagner sur le chemin de la beaut\u00e9, de la f\u00e9minit\u00e9 et du bien-\u00eatre.<\/p><p>\u00a0<\/p><p>Tu peux trouver l\u2019ensemble de mes prestations dans la rubrique \u00abCoaching &amp; Th\u00e9rapies Br\u00e8ves\u00bb et les produits dans la rubrique \u00abBoutique\u00bb.<\/p>\t\t\t\t\t\t\t\t<\/div>\n\t\t\t\t<\/div>\n\t\t\t\t\t<\/div>\n\t\t\t\t<\/div>\n\t\t<div class=\"elementor-element elementor-element-3fdce06 e-flex e-con-boxed e-con e-parent\" data-id=\"3fdce06\" data-element_type=\"container\" data-settings=\"{&quot;background_background&quot;:&quot;classic&quot;,&quot;shape_divider_bottom&quot;:&quot;triangle&quot;,&quot;shape_divider_bottom_negative&quot;:&quot;yes&quot;}\">\n\t\t\t\t\t<div class=\"e-con-inner\">\n\t\t\t\t<div class=\"elementor-shape elementor-shape-bottom\" data-negative=\"true\">\n\t\t\t<svg xmlns=\"http:\/\/www.w3.org\/2000\/svg\" viewBox=\"0 0 1000 100\" preserveAspectRatio=\"none\">\n\t<path class=\"elementor-shape-fill\" d=\"M500.2,94.7L0,0v100h1000V0L500.2,94.7z\"\/>\n<\/svg>\t\t<\/div>\n\t\t\t\t<div class=\"elementor-element elementor-element-705be63 elementor-widget elementor-widget-heading\" data-id=\"705be63\" data-element_type=\"widget\" data-widget_type=\"heading.default\">\n\t\t\t\t<div class=\"elementor-widget-container\">\n\t\t\t\t\t<h2 class=\"elementor-heading-title elementor-size-default\">Voici mon histoire...<\/h2>\t\t\t\t<\/div>\n\t\t\t\t<\/div>\n\t\t\t\t<div class=\"elementor-element elementor-element-7d27246 elementor-widget elementor-widget-text-editor\" data-id=\"7d27246\" data-element_type=\"widget\" data-widget_type=\"text-editor.default\">\n\t\t\t\t<div class=\"elementor-widget-container\">\n\t\t\t\t\t\t\t\t\t<p>Pendant plusieurs ann\u00e9es, j\u2019ai travaill\u00e9 en tant que Responsable RH, un m\u00e9tier que j\u2019ai choisi par conviction et que j\u2019ai eu la chance d\u2019obtenir au c\u00f4t\u00e9 de mon Pr\u00e9sident qui m\u2019a beaucoup appris. \u00catre \u00e0 l\u2019\u00e9coute des collaborateurs, les accompagner dans leurs parcours professionnels, comprendre leurs besoins : tout cela m\u2019a profond\u00e9ment marqu\u00e9e et enrichie.<\/p><p>\u00a0<\/p><p>Mais, au fil du temps, une autre aspiration s\u2019est faite entendre en moi. J\u2019ai pris conscience que ce qui m\u2019animait le plus c\u2019\u00e9tait l\u2019humain dans sa globalit\u00e9, au-del\u00e0 de la performance ou des objectifs . Ce qui m\u2019importait, c\u2019\u00e9tait le bien-\u00eatre, l\u2019\u00e9quilibre, la connexion \u00e0 soi\u2026 ce que finalement, beaucoup finissent par taire pour rentrer dans les cases et r\u00e9pondre aux besoins soci\u00e9taux.<\/p><p>\u00a0<\/p><p>Apr\u00e8s ce constat, j\u2019ai aussi ressenti le besoin de me r\u00e9aligner avec mes propres valeurs, mes propres besoins et d\u2019\u00e9voluer vers un cadre plus libre, plus cr\u00e9atif, plus proche de ma nature profonde. Je me suis pos\u00e9 la question : \u00abMais qu\u2019est-ce-que moi j\u2019aime faire r\u00e9ellement ? Qu\u2019est-ce qui me fait vibrer dans la vie ?\u00bb<\/p><p><span style=\"font-size: 14px;\">\u00a0<\/span><\/p><p><strong>Et j&rsquo;ai commenc\u00e9 \u00e0 me chercher&#8230;<\/strong><\/p><p><strong>\u00a0<\/strong><\/p><p>C\u2019est alors que j\u2019ai pass\u00e9 beaucoup de temps dans la nature (for\u00eat, marche, bord de mer\u2026). <br \/>C\u2019est alors que j\u2019ai lu.. beaucoup de livres, \u00e9couter beaucoup de conf\u00e9rences.<\/p><p>\u00a0<\/p><p>Et puis, parce que rien n\u2019arrive par hasard, j\u2019ai saisi ce que l\u2019univers m\u2019a mis \u00e0 disposition, je me suis port\u00e9 volontaire lors d\u2019une vague de licenciement \u00e9conomique et c\u2019est comme \u00e7a que j\u2019ai quitt\u00e9 mon emploi.<\/p><p>\u00a0<\/p><p>C\u2019est ainsi que j\u2019ai fait le choix de me r\u00e9orienter vers l\u2019accompagnement th\u00e9rapeutique et le coaching.<\/p><p>Aujourd\u2019hui, j\u2019exerce un m\u00e9tier qui me passionne, qui me nourrit et qui donne du sens \u00e0 mon parcours.<\/p><p>J\u2019accompagne avec bienveillance celles et ceux qui souhaitent avancer vers un mieux-\u00eatre, et je dirais m\u00eame plut\u00f4t ceux qui veulent aller \u00e0 la rencontre profonde d\u2019eux-m\u00eames et transformer le reste de leurs vies.<\/p>\t\t\t\t\t\t\t\t<\/div>\n\t\t\t\t<\/div>\n\t\t\t\t<div class=\"elementor-element elementor-element-6e946b7 elementor-widget elementor-widget-heading\" data-id=\"6e946b7\" data-element_type=\"widget\" data-widget_type=\"heading.default\">\n\t\t\t\t<div class=\"elementor-widget-container\">\n\t\t\t\t\t<h2 class=\"elementor-heading-title elementor-size-default\">On va plus loin ? <\/h2>\t\t\t\t<\/div>\n\t\t\t\t<\/div>\n\t\t\t\t<div class=\"elementor-element elementor-element-490b141 elementor-widget elementor-widget-text-editor\" data-id=\"490b141\" data-element_type=\"widget\" data-widget_type=\"text-editor.default\">\n\t\t\t\t<div class=\"elementor-widget-container\">\n\t\t\t\t\t\t\t\t\t<p>Depuis mon plus jeune \u00e2ge je dirais, parce que je ne me souviens pas avoir \u00e9t\u00e9 diff\u00e9rente, je per\u00e7ois le monde au-del\u00e0 de ce qui se voit. Des perceptions subtiles aux \u00e9motions et aux \u00e9nergies autour de moi, une intuition (que j\u2019ai pas toujours suivi par manque de confiance en moi), une sensibilit\u00e9 particuli\u00e8re \u00e0 l\u2019invisible.<\/p><p>\u00a0<\/p><p>Mais, par peur, j\u2019ai longtemps mis tout cela de c\u00f4t\u00e9\u2026 Peur de ne pas \u00eatre comme tout le monde, d\u2019\u00eatre jug\u00e9e, du besoin de rentrer dans des cases ou me fondre dans la masse. Peur aussi du monde invisible parce que quand on est une enfant et qu\u2019on per\u00e7oit des choses que personne ne comprend c\u2019est terrorisant. Il m\u2019a fallu atteindre mes 40 ans pour ne plus avoir peur\u2026 vous imaginez !<\/p><p>\u00a0<\/p><p>Aujourd\u2019hui, j\u2019ai choisi de m\u2019accueillir pleinement et dans toutes mes dimensions. J\u2019accepte cette sensibilit\u00e9 aujourd\u2019hui comme une force, un langage subtil qui enrichit ma pratique. Et je souhaite mettre cette \u00e9coute, cette perception au service de mes accompagnements pour aller plus en profondeur, avec douceur et justesse, dans ce qui se vit chez chacun. Je suis d\u00e9sormais pr\u00eate \u00e0 ouvrir pleinement ce canal de communication int\u00e9rieure, de reconna\u00eetre la guidance qui me traverse avec humilit\u00e9 et gratitude.<\/p>\t\t\t\t\t\t\t\t<\/div>\n\t\t\t\t<\/div>\n\t\t\t\t<div class=\"elementor-element elementor-element-cb981d4 elementor-widget elementor-widget-text-editor\" data-id=\"cb981d4\" data-element_type=\"widget\" data-widget_type=\"text-editor.default\">\n\t\t\t\t<div class=\"elementor-widget-container\">\n\t\t\t\t\t\t\t\t\t<p>Je te remercie pour le temps consacr\u00e9 \u00e0 cette lecture et je t&rsquo;invite,<\/p><p>si le coeur t&rsquo;en dis, \u00e0 me suivre et me soutenir<\/p><p>au quotidien sur mon <span style=\"text-decoration: underline;\"><a href=\"https:\/\/www.instagram.com\/un_monde_sur_pause?igsh=aWa5weTFncnJpeXFn\">instagram<\/a><\/span><\/p>\t\t\t\t\t\t\t\t<\/div>\n\t\t\t\t<\/div>\n\t\t\t\t\t<\/div>\n\t\t\t\t<\/div>\n\t\t<div class=\"elementor-element elementor-element-f5dec0c e-flex e-con-boxed e-con e-parent\" data-id=\"f5dec0c\" data-element_type=\"container\">\n\t\t\t\t\t<div class=\"e-con-inner\">\n\t\t\t\t<div class=\"elementor-element elementor-element-0d26d2d elementor-widget elementor-widget-heading\" data-id=\"0d26d2d\" data-element_type=\"widget\" data-widget_type=\"heading.default\">\n\t\t\t\t<div class=\"elementor-widget-container\">\n\t\t\t\t\t<h2 class=\"elementor-heading-title elementor-size-default\"><h2 class=\"elementor-heading-title elementor-size-default elementor-inline-editing pen\" data-elementor-setting-key=\"title\" data-pen-placeholder=\"\u00c9crivez ici...\" style=\"font-variant-ligatures: normal; font-variant-caps: normal; font-family: &quot;Open Sans&quot;, sans-serif; font-style: normal; text-align: center;\">Retrouves-moi sur les r\u00e9seaux<\/h2><\/h2>\t\t\t\t<\/div>\n\t\t\t\t<\/div>\n\t\t\t\t<div class=\"elementor-element elementor-element-dceb819 elementor-shape-circle elementor-grid-0 e-grid-align-center elementor-widget elementor-widget-social-icons\" data-id=\"dceb819\" data-element_type=\"widget\" data-widget_type=\"social-icons.default\">\n\t\t\t\t<div class=\"elementor-widget-container\">\n\t\t\t\t\t\t\t<div class=\"elementor-social-icons-wrapper elementor-grid\">\n\t\t\t\t\t\t\t<span class=\"elementor-grid-item\">\n\t\t\t\t\t<a class=\"elementor-icon elementor-social-icon elementor-social-icon-facebook elementor-repeater-item-7f04581\" href=\"https:\/\/www.facebook.com\/people\/Les-Subtiles-P%C3%A9pites\/61574979497602\/\" target=\"_blank\">\n\t\t\t\t\t\t<span class=\"elementor-screen-only\">Facebook<\/span>\n\t\t\t\t\t\t<svg class=\"e-font-icon-svg e-fab-facebook\" viewBox=\"0 0 512 512\" xmlns=\"http:\/\/www.w3.org\/2000\/svg\"><path d=\"M504 256C504 119 393 8 256 8S8 119 8 256c0 123.78 90.69 226.38 209.25 245V327.69h-63V256h63v-54.64c0-62.15 37-96.48 93.67-96.48 27.14 0 55.52 4.84 55.52 4.84v61h-31.28c-30.8 0-40.41 19.12-40.41 38.73V256h68.78l-11 71.69h-57.78V501C413.31 482.38 504 379.78 504 256z\"><\/path><\/svg>\t\t\t\t\t<\/a>\n\t\t\t\t<\/span>\n\t\t\t\t\t\t\t<span class=\"elementor-grid-item\">\n\t\t\t\t\t<a class=\"elementor-icon elementor-social-icon elementor-social-icon-instagram elementor-repeater-item-38ab981\" href=\"https:\/\/www.instagram.com\/un_monde_sur_pause?igsh=aWa5weTFncnJpeXFn\" target=\"_blank\">\n\t\t\t\t\t\t<span class=\"elementor-screen-only\">Instagram<\/span>\n\t\t\t\t\t\t<svg class=\"e-font-icon-svg e-fab-instagram\" viewBox=\"0 0 448 512\" xmlns=\"http:\/\/www.w3.org\/2000\/svg\"><path d=\"M224.1 141c-63.6 0-114.9 51.3-114.9 114.9s51.3 114.9 114.9 114.9S339 319.5 339 255.9 287.7 141 224.1 141zm0 189.6c-41.1 0-74.7-33.5-74.7-74.7s33.5-74.7 74.7-74.7 74.7 33.5 74.7 74.7-33.6 74.7-74.7 74.7zm146.4-194.3c0 14.9-12 26.8-26.8 26.8-14.9 0-26.8-12-26.8-26.8s12-26.8 26.8-26.8 26.8 12 26.8 26.8zm76.1 27.2c-1.7-35.9-9.9-67.7-36.2-93.9-26.2-26.2-58-34.4-93.9-36.2-37-2.1-147.9-2.1-184.9 0-35.8 1.7-67.6 9.9-93.9 36.1s-34.4 58-36.2 93.9c-2.1 37-2.1 147.9 0 184.9 1.7 35.9 9.9 67.7 36.2 93.9s58 34.4 93.9 36.2c37 2.1 147.9 2.1 184.9 0 35.9-1.7 67.7-9.9 93.9-36.2 26.2-26.2 34.4-58 36.2-93.9 2.1-37 2.1-147.8 0-184.8zM398.8 388c-7.8 19.6-22.9 34.7-42.6 42.6-29.5 11.7-99.5 9-132.1 9s-102.7 2.6-132.1-9c-19.6-7.8-34.7-22.9-42.6-42.6-11.7-29.5-9-99.5-9-132.1s-2.6-102.7 9-132.1c7.8-19.6 22.9-34.7 42.6-42.6 29.5-11.7 99.5-9 132.1-9s102.7-2.6 132.1 9c19.6 7.8 34.7 22.9 42.6 42.6 11.7 29.5 9 99.5 9 132.1s2.7 102.7-9 132.1z\"><\/path><\/svg>\t\t\t\t\t<\/a>\n\t\t\t\t<\/span>\n\t\t\t\t\t<\/div>\n\t\t\t\t\t\t<\/div>\n\t\t\t\t<\/div>\n\t\t\t\t\t<\/div>\n\t\t\t\t<\/div>\n\t\t\t\t<\/div>\n\t\t","protected":false},"excerpt":{"rendered":"<p>Bienvenue ! Je m\u2019appelle Nass\u00e9ra, j\u2019ai 41 ans et j\u2019ai pour vocation d\u2019offrir un espace chaleureux et inspirant, o\u00f9 chacun peut r\u00e9v\u00e9ler sa lumi\u00e8re int\u00e9rieure. \u00c0 travers mes outils de coaching et d\u2019accompagnement th\u00e9rapeutique, mes ateliers en d\u00e9veloppement personnel mais aussi gr\u00e2ce \u00e0 des produits, mes p\u00e9pites soigneusement s\u00e9lectionn\u00e9es pour t\u2019accompagner sur le chemin de [&hellip;]<\/p>\n","protected":false},"author":1,"featured_media":0,"parent":0,"menu_order":0,"comment_status":"closed","ping_status":"closed","template":"","meta":{"ocean_post_layout":"","ocean_both_sidebars_style":"","ocean_both_sidebars_content_width":0,"ocean_both_sidebars_sidebars_width":0,"ocean_sidebar":"","ocean_second_sidebar":"","ocean_disable_margins":"enable","ocean_add_body_class":"","ocean_shortcode_before_top_bar":"","ocean_shortcode_after_top_bar":"","ocean_shortcode_before_header":"","ocean_shortcode_after_header":"","ocean_has_shortcode":"","ocean_shortcode_after_title":"","ocean_shortcode_before_footer_widgets":"","ocean_shortcode_after_footer_widgets":"","ocean_shortcode_before_footer_bottom":"","ocean_shortcode_after_footer_bottom":"","ocean_display_top_bar":"default","ocean_display_header":"default","ocean_header_style":"","ocean_center_header_left_menu":"","ocean_custom_header_template":"","ocean_custom_logo":0,"ocean_custom_retina_logo":0,"ocean_custom_logo_max_width":0,"ocean_custom_logo_tablet_max_width":0,"ocean_custom_logo_mobile_max_width":0,"ocean_custom_logo_max_height":0,"ocean_custom_logo_tablet_max_height":0,"ocean_custom_logo_mobile_max_height":0,"ocean_header_custom_menu":"","ocean_menu_typo_font_family":"","ocean_menu_typo_font_subset":"","ocean_menu_typo_font_size":0,"ocean_menu_typo_font_size_tablet":0,"ocean_menu_typo_font_size_mobile":0,"ocean_menu_typo_font_size_unit":"px","ocean_menu_typo_font_weight":"","ocean_menu_typo_font_weight_tablet":"","ocean_menu_typo_font_weight_mobile":"","ocean_menu_typo_transform":"","ocean_menu_typo_transform_tablet":"","ocean_menu_typo_transform_mobile":"","ocean_menu_typo_line_height":0,"ocean_menu_typo_line_height_tablet":0,"ocean_menu_typo_line_height_mobile":0,"ocean_menu_typo_line_height_unit":"","ocean_menu_typo_spacing":0,"ocean_menu_typo_spacing_tablet":0,"ocean_menu_typo_spacing_mobile":0,"ocean_menu_typo_spacing_unit":"","ocean_menu_link_color":"","ocean_menu_link_color_hover":"","ocean_menu_link_color_active":"","ocean_menu_link_background":"","ocean_menu_link_hover_background":"","ocean_menu_link_active_background":"","ocean_menu_social_links_bg":"","ocean_menu_social_hover_links_bg":"","ocean_menu_social_links_color":"","ocean_menu_social_hover_links_color":"","ocean_disable_title":"default","ocean_disable_heading":"default","ocean_post_title":"","ocean_post_subheading":"","ocean_post_title_style":"","ocean_post_title_background_color":"","ocean_post_title_background":0,"ocean_post_title_bg_image_position":"","ocean_post_title_bg_image_attachment":"","ocean_post_title_bg_image_repeat":"","ocean_post_title_bg_image_size":"","ocean_post_title_height":0,"ocean_post_title_bg_overlay":0.5,"ocean_post_title_bg_overlay_color":"","ocean_disable_breadcrumbs":"default","ocean_breadcrumbs_color":"","ocean_breadcrumbs_separator_color":"","ocean_breadcrumbs_links_color":"","ocean_breadcrumbs_links_hover_color":"","ocean_display_footer_widgets":"default","ocean_display_footer_bottom":"default","ocean_custom_footer_template":"","footnotes":""},"class_list":["post-9","page","type-page","status-publish","hentry","entry","owp-thumbs-layout-horizontal","owp-btn-normal","owp-tabs-layout-horizontal","has-no-thumbnails","has-product-nav","circle-sale"],"yoast_head":"<!-- This site is optimized with the Yoast SEO plugin v24.9 - https:\/\/yoast.com\/wordpress\/plugins\/seo\/ -->\n<title>Pr\u00e9sentation - Un Monde sur Pause\u00ae<\/title>\n<meta name=\"robots\" content=\"index, follow, max-snippet:-1, max-image-preview:large, max-video-preview:-1\" \/>\n<link rel=\"canonical\" href=\"http:\/\/51.68.119.59\/NasseraMazouz\/UnMondeSurPause\/?page_id=9\" \/>\n<meta property=\"og:locale\" content=\"fr_FR\" \/>\n<meta property=\"og:type\" content=\"article\" \/>\n<meta property=\"og:title\" content=\"Pr\u00e9sentation - Un Monde sur Pause\u00ae\" \/>\n<meta property=\"og:description\" content=\"Bienvenue ! Je m\u2019appelle Nass\u00e9ra, j\u2019ai 41 ans et j\u2019ai pour vocation d\u2019offrir un espace chaleureux et inspirant, o\u00f9 chacun peut r\u00e9v\u00e9ler sa lumi\u00e8re int\u00e9rieure. \u00c0 travers mes outils de coaching et d\u2019accompagnement th\u00e9rapeutique, mes ateliers en d\u00e9veloppement personnel mais aussi gr\u00e2ce \u00e0 des produits, mes p\u00e9pites soigneusement s\u00e9lectionn\u00e9es pour t\u2019accompagner sur le chemin de [&hellip;]\" \/>\n<meta property=\"og:url\" content=\"http:\/\/51.68.119.59\/NasseraMazouz\/UnMondeSurPause\/?page_id=9\" \/>\n<meta property=\"og:site_name\" content=\"Un Monde sur Pause\u00ae\" \/>\n<meta property=\"article:modified_time\" content=\"2025-05-21T07:51:46+00:00\" \/>\n<meta name=\"twitter:card\" content=\"summary_large_image\" \/>\n<meta name=\"twitter:label1\" content=\"Dur\u00e9e de lecture estim\u00e9e\" \/>\n\t<meta name=\"twitter:data1\" content=\"4 minutes\" \/>\n<script type=\"application\/ld+json\" class=\"yoast-schema-graph\">{\"@context\":\"https:\/\/schema.org\",\"@graph\":[{\"@type\":\"WebPage\",\"@id\":\"http:\/\/51.68.119.59\/NasseraMazouz\/UnMondeSurPause\/?page_id=9\",\"url\":\"http:\/\/51.68.119.59\/NasseraMazouz\/UnMondeSurPause\/?page_id=9\",\"name\":\"Pr\u00e9sentation - Un Monde sur Pause\u00ae\",\"isPartOf\":{\"@id\":\"http:\/\/51.68.119.59\/NasseraMazouz\/UnMondeSurPause\/#website\"},\"datePublished\":\"2025-04-22T09:42:55+00:00\",\"dateModified\":\"2025-05-21T07:51:46+00:00\",\"breadcrumb\":{\"@id\":\"http:\/\/51.68.119.59\/NasseraMazouz\/UnMondeSurPause\/?page_id=9#breadcrumb\"},\"inLanguage\":\"fr-FR\",\"potentialAction\":[{\"@type\":\"ReadAction\",\"target\":[\"http:\/\/51.68.119.59\/NasseraMazouz\/UnMondeSurPause\/?page_id=9\"]}]},{\"@type\":\"BreadcrumbList\",\"@id\":\"http:\/\/51.68.119.59\/NasseraMazouz\/UnMondeSurPause\/?page_id=9#breadcrumb\",\"itemListElement\":[{\"@type\":\"ListItem\",\"position\":1,\"name\":\"Accueil\",\"item\":\"http:\/\/51.68.119.59\/NasseraMazouz\/UnMondeSurPause\/\"},{\"@type\":\"ListItem\",\"position\":2,\"name\":\"Pr\u00e9sentation\"}]},{\"@type\":\"WebSite\",\"@id\":\"http:\/\/51.68.119.59\/NasseraMazouz\/UnMondeSurPause\/#website\",\"url\":\"http:\/\/51.68.119.59\/NasseraMazouz\/UnMondeSurPause\/\",\"name\":\"Un Monde sur Pause\u00ae\",\"description\":\"Ici tout commence !\",\"potentialAction\":[{\"@type\":\"SearchAction\",\"target\":{\"@type\":\"EntryPoint\",\"urlTemplate\":\"http:\/\/51.68.119.59\/NasseraMazouz\/UnMondeSurPause\/?s={search_term_string}\"},\"query-input\":{\"@type\":\"PropertyValueSpecification\",\"valueRequired\":true,\"valueName\":\"search_term_string\"}}],\"inLanguage\":\"fr-FR\"}]}<\/script>\n<!-- \/ Yoast SEO plugin. -->","yoast_head_json":{"title":"Pr\u00e9sentation - Un Monde sur Pause\u00ae","robots":{"index":"index","follow":"follow","max-snippet":"max-snippet:-1","max-image-preview":"max-image-preview:large","max-video-preview":"max-video-preview:-1"},"canonical":"http:\/\/51.68.119.59\/NasseraMazouz\/UnMondeSurPause\/?page_id=9","og_locale":"fr_FR","og_type":"article","og_title":"Pr\u00e9sentation - Un Monde sur Pause\u00ae","og_description":"Bienvenue ! Je m\u2019appelle Nass\u00e9ra, j\u2019ai 41 ans et j\u2019ai pour vocation d\u2019offrir un espace chaleureux et inspirant, o\u00f9 chacun peut r\u00e9v\u00e9ler sa lumi\u00e8re int\u00e9rieure. \u00c0 travers mes outils de coaching et d\u2019accompagnement th\u00e9rapeutique, mes ateliers en d\u00e9veloppement personnel mais aussi gr\u00e2ce \u00e0 des produits, mes p\u00e9pites soigneusement s\u00e9lectionn\u00e9es pour t\u2019accompagner sur le chemin de [&hellip;]","og_url":"http:\/\/51.68.119.59\/NasseraMazouz\/UnMondeSurPause\/?page_id=9","og_site_name":"Un Monde sur Pause\u00ae","article_modified_time":"2025-05-21T07:51:46+00:00","twitter_card":"summary_large_image","twitter_misc":{"Dur\u00e9e de lecture estim\u00e9e":"4 minutes"},"schema":{"@context":"https:\/\/schema.org","@graph":[{"@type":"WebPage","@id":"http:\/\/51.68.119.59\/NasseraMazouz\/UnMondeSurPause\/?page_id=9","url":"http:\/\/51.68.119.59\/NasseraMazouz\/UnMondeSurPause\/?page_id=9","name":"Pr\u00e9sentation - Un Monde sur Pause\u00ae","isPartOf":{"@id":"http:\/\/51.68.119.59\/NasseraMazouz\/UnMondeSurPause\/#website"},"datePublished":"2025-04-22T09:42:55+00:00","dateModified":"2025-05-21T07:51:46+00:00","breadcrumb":{"@id":"http:\/\/51.68.119.59\/NasseraMazouz\/UnMondeSurPause\/?page_id=9#breadcrumb"},"inLanguage":"fr-FR","potentialAction":[{"@type":"ReadAction","target":["http:\/\/51.68.119.59\/NasseraMazouz\/UnMondeSurPause\/?page_id=9"]}]},{"@type":"BreadcrumbList","@id":"http:\/\/51.68.119.59\/NasseraMazouz\/UnMondeSurPause\/?page_id=9#breadcrumb","itemListElement":[{"@type":"ListItem","position":1,"name":"Accueil","item":"http:\/\/51.68.119.59\/NasseraMazouz\/UnMondeSurPause\/"},{"@type":"ListItem","position":2,"name":"Pr\u00e9sentation"}]},{"@type":"WebSite","@id":"http:\/\/51.68.119.59\/NasseraMazouz\/UnMondeSurPause\/#website","url":"http:\/\/51.68.119.59\/NasseraMazouz\/UnMondeSurPause\/","name":"Un Monde sur Pause\u00ae","description":"Ici tout commence !","potentialAction":[{"@type":"SearchAction","target":{"@type":"EntryPoint","urlTemplate":"http:\/\/51.68.119.59\/NasseraMazouz\/UnMondeSurPause\/?s={search_term_string}"},"query-input":{"@type":"PropertyValueSpecification","valueRequired":true,"valueName":"search_term_string"}}],"inLanguage":"fr-FR"}]}},"_links":{"self":[{"href":"http:\/\/51.68.119.59\/NasseraMazouz\/UnMondeSurPause\/index.php?rest_route=\/wp\/v2\/pages\/9","targetHints":{"allow":["GET"]}}],"collection":[{"href":"http:\/\/51.68.119.59\/NasseraMazouz\/UnMondeSurPause\/index.php?rest_route=\/wp\/v2\/pages"}],"about":[{"href":"http:\/\/51.68.119.59\/NasseraMazouz\/UnMondeSurPause\/index.php?rest_route=\/wp\/v2\/types\/page"}],"author":[{"embeddable":true,"href":"http:\/\/51.68.119.59\/NasseraMazouz\/UnMondeSurPause\/index.php?rest_route=\/wp\/v2\/users\/1"}],"replies":[{"embeddable":true,"href":"http:\/\/51.68.119.59\/NasseraMazouz\/UnMondeSurPause\/index.php?rest_route=%2Fwp%2Fv2%2Fcomments&post=9"}],"version-history":[{"count":109,"href":"http:\/\/51.68.119.59\/NasseraMazouz\/UnMondeSurPause\/index.php?rest_route=\/wp\/v2\/pages\/9\/revisions"}],"predecessor-version":[{"id":1780,"href":"http:\/\/51.68.119.59\/NasseraMazouz\/UnMondeSurPause\/index.php?rest_route=\/wp\/v2\/pages\/9\/revisions\/1780"}],"wp:attachment":[{"href":"http:\/\/51.68.119.59\/NasseraMazouz\/UnMondeSurPause\/index.php?rest_route=%2Fwp%2Fv2%2Fmedia&parent=9"}],"curies":[{"name":"wp","href":"https:\/\/api.w.org\/{rel}","templated":true}]}}