{"id":811,"date":"2024-11-06T09:28:32","date_gmt":"2024-11-06T09:28:32","guid":{"rendered":"http:\/\/51.68.119.59\/Shahinaze\/Issyu\/?post_type=product&#038;p=811"},"modified":"2024-11-11T19:47:54","modified_gmt":"2024-11-11T19:47:54","slug":"ametrine","status":"publish","type":"product","link":"http:\/\/51.68.119.59\/Shahinaze\/Issyu\/?product=ametrine","title":{"rendered":"Am\u00e9trine"},"content":{"rendered":"<h3><strong>Description produit :<\/strong><\/h3>\n<p>L\u2019<strong>Am\u00e9trine<\/strong> est une pierre rare et puissante, une fusion naturelle entre l&rsquo;<strong>Am\u00e9thyste<\/strong> et la <strong>Citrine<\/strong>, cr\u00e9ant un magnifique <strong>d\u00e9grad\u00e9 de couleurs<\/strong> allant du <strong>violet<\/strong> au <strong>jaune dor\u00e9<\/strong>. Ce m\u00e9lange unique combine les propri\u00e9t\u00e9s apaisantes et spirituelles de l\u2019Am\u00e9thyste avec l&rsquo;\u00e9nergie dynamisante et cr\u00e9ative de la Citrine. Utilis\u00e9e en lithoth\u00e9rapie pour <strong>l&rsquo;\u00e9quilibre \u00e9nerg\u00e9tique<\/strong>, l\u2019<strong>Am\u00e9trine<\/strong> est un puissant catalyseur de <strong>gu\u00e9rison<\/strong>, de <strong>cr\u00e9ativit\u00e9<\/strong> et de <strong>r\u00e9duction du stress<\/strong>.<\/p>\n<h4><strong>Bienfaits \u00e9motionnels et mentaux :<\/strong><\/h4>\n<p>L\u2019Am\u00e9trine est id\u00e9ale pour ceux qui cherchent \u00e0 r\u00e9tablir l\u2019\u00e9quilibre entre <strong>l\u2019esprit et le corps<\/strong>. Son pouvoir combin\u00e9 des \u00e9nergies de l&rsquo;Am\u00e9thyste et de la Citrine en fait une pierre parfaite pour <strong>apaiser les \u00e9motions<\/strong> tout en stimulant la <strong>cr\u00e9ativit\u00e9<\/strong> et l\u2019<strong>optimisme<\/strong>. Elle est particuli\u00e8rement b\u00e9n\u00e9fique pour les personnes souffrant de <strong>d\u00e9pression l\u00e9g\u00e8re<\/strong> ou de <strong>blessures \u00e9motionnelles<\/strong>. Elle dissipe \u00e9galement les <strong>pens\u00e9es n\u00e9gatives<\/strong> et encourage des <strong>pens\u00e9es claires<\/strong> et <strong>positives<\/strong>, favorisant un \u00e9tat de <strong>bien-\u00eatre<\/strong> g\u00e9n\u00e9ral.<\/p>\n<p>L&rsquo;Am\u00e9trine aide \u00e0 <strong>r\u00e9guler l&rsquo;\u00e9nergie mentale<\/strong>, en \u00e9quilibrant \u00e0 la fois les aspects spirituels et pratiques de la vie. Elle am\u00e9liore la <strong>concentration<\/strong>, la <strong>clart\u00e9 mentale<\/strong>, et favorise la <strong>prise de d\u00e9cision<\/strong> avec une conscience accrue. Sa double \u00e9nergie aide \u00e0 cr\u00e9er une <strong>harmonie<\/strong> entre le <strong>rationalisme<\/strong> et l\u2019<strong>intuitif<\/strong>, permettant une plus grande <strong>cr\u00e9ativit\u00e9<\/strong> et un meilleur <strong>flux d&rsquo;id\u00e9es<\/strong>.<\/p>\n<h4><strong>Bienfaits physiques :<\/strong><\/h4>\n<p>Sur le plan physique, l\u2019Am\u00e9trine agit comme un <strong>tonique g\u00e9n\u00e9ral<\/strong> pour le corps. Elle est particuli\u00e8rement efficace pour <strong>dissiper les blocages \u00e9nerg\u00e9tiques<\/strong> et revitaliser le corps dans son ensemble. L\u2019Am\u00e9trine soutient le <strong>syst\u00e8me immunitaire<\/strong>, renforce la <strong>vitalit\u00e9<\/strong> et peut \u00eatre utilis\u00e9e pour traiter des troubles li\u00e9s au <strong>syst\u00e8me digestif<\/strong>, en particulier en favorisant l\u2019<strong>\u00e9limination des toxines<\/strong>. Cette pierre est aussi b\u00e9n\u00e9fique pour ceux qui souffrent de <strong>troubles du sommeil<\/strong> ou d&rsquo;une <strong>fatigue chronique<\/strong>, en aidant \u00e0 r\u00e9tablir un <strong>\u00e9quilibre \u00e9nerg\u00e9tique<\/strong> global.<\/p>\n<p>L&rsquo;Am\u00e9trine est \u00e9galement un excellent soutien pour la <strong>d\u00e9tente musculaire<\/strong> et la <strong>r\u00e9duction des tensions<\/strong> dans le corps, notamment en cas de <strong>douleurs chroniques<\/strong> ou de <strong>stress<\/strong> li\u00e9 \u00e0 des tensions physiques.<\/p>\n<h4><strong>Bienfaits spirituels et \u00e9nerg\u00e9tiques :<\/strong><\/h4>\n<p>L\u2019Am\u00e9trine est une pierre <strong>fortement spirituelle<\/strong> qui aide \u00e0 <strong>ouvrir le chakra du plexus solaire<\/strong> (si\u00e8ge de la volont\u00e9 et de l\u2019\u00e9nergie vitale) tout en <strong>activant le chakra couronne<\/strong> (si\u00e8ge de la spiritualit\u00e9 et de l&rsquo;intuition). Cela permet d&rsquo;atteindre un <strong>\u00e9quilibre parfait<\/strong> entre les besoins physiques et spirituels. Elle favorise une connexion plus forte avec le <strong>divin<\/strong>, tout en aidant \u00e0 <strong>aligner<\/strong> votre \u00e9nergie personnelle avec l\u2019\u00e9nergie de l\u2019univers.<\/p>\n<p>C&rsquo;est une pierre id\u00e9ale pour la <strong>m\u00e9ditation<\/strong>, car elle cr\u00e9e un \u00e9tat de <strong>calme<\/strong> tout en stimulant la <strong>cr\u00e9ativit\u00e9<\/strong> et la <strong>r\u00e9flexion intuitive<\/strong>. L\u2019Am\u00e9trine est \u00e9galement une pierre de <strong>protection<\/strong> et de <strong>purification<\/strong>, aidant \u00e0 \u00e9liminer les blocages \u00e9nerg\u00e9tiques dans le corps et \u00e0 <strong>nettoyer<\/strong> l\u2019aura de toute influence n\u00e9gative.<\/p>\n<h4><strong>Astuce d\u2019utilisation :<\/strong><\/h4>\n<p>L&rsquo;Am\u00e9trine est parfaite pour <strong>dissiper le stress<\/strong> et favoriser un \u00e9quilibre entre le <strong>mental<\/strong> et le <strong>spirituel<\/strong>. Placez-la sur votre <strong>chakra du plexus solaire<\/strong> pour stimuler la <strong>cr\u00e9ativit\u00e9<\/strong> et l&rsquo;<strong>\u00e9nergie vitale<\/strong>, ou sur votre <strong>chakra couronne<\/strong> pour favoriser l&rsquo;<strong>\u00e9veil spirituel<\/strong>. En m\u00e9ditation, elle favorise un \u00e9tat de <strong>calme<\/strong> tout en stimulant des <strong>visions cr\u00e9atives<\/strong>. Vous pouvez \u00e9galement la porter en <strong>bijou<\/strong> (pendentif ou bracelet) pour profiter de ses <strong>bienfaits \u00e9nerg\u00e9tiques<\/strong> tout au long de la journ\u00e9e.<\/p>\n<h3><strong>Bienfaits principaux :<\/strong><\/h3>\n<ul>\n<li><strong>\u00c9quilibre \u00e9nerg\u00e9tique<\/strong> : Combine l\u2019apaisement de l\u2019Am\u00e9thyste et la vitalit\u00e9 de la Citrine pour favoriser un <strong>\u00e9quilibre parfait<\/strong> entre le corps et l\u2019esprit.<\/li>\n<li><strong>Stimulation de la cr\u00e9ativit\u00e9<\/strong> : Id\u00e9ale pour ceux qui cherchent \u00e0 <strong>lib\u00e9rer leur potentiel cr\u00e9atif<\/strong> et \u00e0 am\u00e9liorer leur capacit\u00e9 de r\u00e9flexion.<\/li>\n<li><strong>Gu\u00e9rison \u00e9motionnelle et mentale<\/strong> : Aide \u00e0 <strong>dissiper le stress<\/strong>, \u00e0 r\u00e9duire les <strong>blocages \u00e9motionnels<\/strong> et \u00e0 encourager des pens\u00e9es <strong>positives<\/strong>.<\/li>\n<li><strong>Purification et protection spirituelle<\/strong> : Agit comme un <strong>purificateur d\u2019\u00e9nergie<\/strong> et un <strong>bouclier<\/strong> contre les influences n\u00e9gatives.<\/li>\n<li><strong>Vitalit\u00e9 physique<\/strong> : Soutient le <strong>syst\u00e8me immunitaire<\/strong>, aide \u00e0 <strong>\u00e9liminer les toxines<\/strong> et favorise la <strong>d\u00e9tente musculaire<\/strong>.<\/li>\n<\/ul>\n<hr \/>\n<h3><strong>Pourquoi choisir l\u2019Am\u00e9trine ?<\/strong><\/h3>\n<ul>\n<li><strong>Pierre d\u2019\u00e9quilibre<\/strong> id\u00e9ale pour ceux qui cherchent \u00e0 r\u00e9concilier <strong>l\u2019\u00e9nergie physique<\/strong> et <strong>l\u2019intuition spirituelle<\/strong>.<\/li>\n<li>Parfaite pour les personnes cherchant \u00e0 stimuler leur <strong>cr\u00e9ativit\u00e9<\/strong>, tout en cultivant un \u00e9tat de <strong>calme int\u00e9rieur<\/strong>.<\/li>\n<li>Utile pour ceux qui souffrent de <strong>stress<\/strong> ou d\u2019<strong>\u00e9puisement mental<\/strong>, en apportant un soutien <strong>\u00e9nerg\u00e9tique<\/strong> \u00e0 la fois physique et mental.<\/li>\n<li>Une <strong>pierre de gu\u00e9rison spirituelle<\/strong>, offrant une <strong>protection \u00e9nerg\u00e9tique<\/strong> et une <strong>purification<\/strong> puissantes.<\/li>\n<\/ul>\n","protected":false},"excerpt":{"rendered":"<h3><strong>Caract\u00e9ristiques :<\/strong><\/h3>\n<ul>\n<li><strong>Type de produit<\/strong> : Am\u00e9trine (m\u00e9lange naturel d&rsquo;Am\u00e9thyste et de Citrine)<\/li>\n<li><strong>Couleur<\/strong> : M\u00e9lange de <strong>violet<\/strong> (Am\u00e9thyste) et <strong>jaune-orang\u00e9<\/strong> (Citrine), cr\u00e9ant un d\u00e9grad\u00e9 de <strong>violet clair<\/strong> \u00e0 <strong>jaune dor\u00e9<\/strong>.<\/li>\n<li><strong>Provenance<\/strong> : Br\u00e9sil , Madagascar<\/li>\n<li><strong>Qualit\u00e9<\/strong> : AAA<\/li>\n<li><strong>Forme<\/strong> : G\u00e9ode<\/li>\n<li><strong>Chakra associ\u00e9<\/strong> : <strong>Chakra du Plexus Solaire (3\u00e8me chakra)<\/strong>, <strong>Chakra Couronne (7\u00e8me chakra)<\/strong><\/li>\n<li><strong>Purification<\/strong> : Purification par eau ou encens, rechargement \u00e0 la lumi\u00e8re du soleil (pour la partie Citrine) ou \u00e0 la lumi\u00e8re de la lune (pour l\u2019Am\u00e9thyste)<\/li>\n<li><strong>Usage<\/strong> : M\u00e9ditation, \u00e9quilibre \u00e9nerg\u00e9tique, cr\u00e9ativit\u00e9, gu\u00e9rison spirituelle, protection et \u00e9limination des blocages \u00e9nerg\u00e9tiques<\/li>\n<\/ul>\n","protected":false},"featured_media":812,"comment_status":"open","ping_status":"closed","template":"","meta":{"_eb_attr":"","site-sidebar-layout":"default","site-content-layout":"","ast-site-content-layout":"default","site-content-style":"default","site-sidebar-style":"default","ast-global-header-display":"","ast-banner-title-visibility":"","ast-main-header-display":"","ast-hfb-above-header-display":"","ast-hfb-below-header-display":"","ast-hfb-mobile-header-display":"","site-post-title":"","ast-breadcrumbs-content":"","ast-featured-img":"","footer-sml-layout":"","theme-transparent-header-meta":"default","adv-header-id-meta":"","stick-header-meta":"","header-above-stick-meta":"","header-main-stick-meta":"","header-below-stick-meta":"","astra-migrate-meta-layouts":"set","ast-page-background-enabled":"default","ast-page-background-meta":{"desktop":{"background-color":"var(--ast-global-color-4)","background-image":"","background-repeat":"repeat","background-position":"center center","background-size":"auto","background-attachment":"scroll","background-type":"","background-media":"","overlay-type":"","overlay-color":"","overlay-opacity":"","overlay-gradient":""},"tablet":{"background-color":"","background-image":"","background-repeat":"repeat","background-position":"center center","background-size":"auto","background-attachment":"scroll","background-type":"","background-media":"","overlay-type":"","overlay-color":"","overlay-opacity":"","overlay-gradient":""},"mobile":{"background-color":"","background-image":"","background-repeat":"repeat","background-position":"center center","background-size":"auto","background-attachment":"scroll","background-type":"","background-media":"","overlay-type":"","overlay-color":"","overlay-opacity":"","overlay-gradient":""}},"ast-content-background-meta":{"desktop":{"background-color":"var(--ast-global-color-5)","background-image":"","background-repeat":"repeat","background-position":"center center","background-size":"auto","background-attachment":"scroll","background-type":"","background-media":"","overlay-type":"","overlay-color":"","overlay-opacity":"","overlay-gradient":""},"tablet":{"background-color":"var(--ast-global-color-5)","background-image":"","background-repeat":"repeat","background-position":"center center","background-size":"auto","background-attachment":"scroll","background-type":"","background-media":"","overlay-type":"","overlay-color":"","overlay-opacity":"","overlay-gradient":""},"mobile":{"background-color":"var(--ast-global-color-5)","background-image":"","background-repeat":"repeat","background-position":"center center","background-size":"auto","background-attachment":"scroll","background-type":"","background-media":"","overlay-type":"","overlay-color":"","overlay-opacity":"","overlay-gradient":""}}},"product_cat":[50,156],"product_tag":[88,51,68,87,83,54,86,80,79,40,33,84,73,82,76,81,85,77],"class_list":{"0":"post-811","1":"product","2":"type-product","3":"status-publish","4":"has-post-thumbnail","6":"product_cat-geodes","7":"product_cat-mineraux","8":"product_tag-blocage-energetique","9":"product_tag-blocages-emotionelles","10":"product_tag-chakra-couronne","11":"product_tag-chakra-plexus-solaire","12":"product_tag-clarte-mentale","13":"product_tag-connexion-spirituelle","14":"product_tag-depression","15":"product_tag-detente-musculaire","16":"product_tag-energie-vital","17":"product_tag-equilibre","18":"product_tag-geodes","19":"product_tag-harmonie","20":"product_tag-insomnie","21":"product_tag-jaune","22":"product_tag-stress","23":"product_tag-systeme-immunitaire","24":"product_tag-tonique","25":"product_tag-violet","26":"desktop-align-center","27":"tablet-align-left","28":"mobile-align-left","30":"first","31":"instock","32":"shipping-taxable","33":"purchasable","34":"product-type-simple"},"yoast_head":"<!-- This site is optimized with the Yoast SEO plugin v23.9 - https:\/\/yoast.com\/wordpress\/plugins\/seo\/ -->\n<title>Am\u00e9trine -<\/title>\n<meta name=\"robots\" content=\"index, follow, max-snippet:-1, max-image-preview:large, max-video-preview:-1\" \/>\n<link rel=\"canonical\" href=\"http:\/\/51.68.119.59\/Shahinaze\/Issyu\/?product=ametrine\" \/>\n<meta property=\"og:locale\" content=\"fr_FR\" \/>\n<meta property=\"og:type\" content=\"article\" \/>\n<meta property=\"og:title\" content=\"Am\u00e9trine -\" \/>\n<meta property=\"og:description\" content=\"Caract\u00e9ristiques :   Type de produit : Am\u00e9trine (m\u00e9lange naturel d&#039;Am\u00e9thyste et de Citrine)  Couleur : M\u00e9lange de violet (Am\u00e9thyste) et jaune-orang\u00e9 (Citrine), cr\u00e9ant un d\u00e9grad\u00e9 de violet clair \u00e0 jaune dor\u00e9.  Provenance : Br\u00e9sil , Madagascar  Qualit\u00e9 : AAA  Forme : G\u00e9ode  Chakra associ\u00e9 : Chakra du Plexus Solaire (3\u00e8me chakra), Chakra Couronne (7\u00e8me chakra)  Purification : Purification par eau ou encens, rechargement \u00e0 la lumi\u00e8re du soleil (pour la partie Citrine) ou \u00e0 la lumi\u00e8re de la lune (pour l\u2019Am\u00e9thyste)  Usage : M\u00e9ditation, \u00e9quilibre \u00e9nerg\u00e9tique, cr\u00e9ativit\u00e9, gu\u00e9rison spirituelle, protection et \u00e9limination des blocages \u00e9nerg\u00e9tiques\" \/>\n<meta property=\"og:url\" content=\"http:\/\/51.68.119.59\/Shahinaze\/Issyu\/?product=ametrine\" \/>\n<meta property=\"article:publisher\" content=\"http:\/\/issyu.com\/\/\" \/>\n<meta property=\"article:modified_time\" content=\"2024-11-11T19:47:54+00:00\" \/>\n<meta property=\"og:image\" content=\"http:\/\/51.68.119.59\/Shahinaze\/Issyu\/wp-content\/uploads\/2024\/11\/jordyn-st-john-GbCQMDVwM5M-unsplash.png\" \/>\n\t<meta property=\"og:image:width\" content=\"500\" \/>\n\t<meta property=\"og:image:height\" content=\"500\" \/>\n\t<meta property=\"og:image:type\" content=\"image\/png\" \/>\n<meta name=\"twitter:card\" content=\"summary_large_image\" \/>\n<meta name=\"twitter:label1\" content=\"Dur\u00e9e de lecture estim\u00e9e\" \/>\n\t<meta name=\"twitter:data1\" content=\"4 minutes\" \/>\n<script type=\"application\/ld+json\" class=\"yoast-schema-graph\">{\"@context\":\"https:\/\/schema.org\",\"@graph\":[{\"@type\":\"WebPage\",\"@id\":\"http:\/\/51.68.119.59\/Shahinaze\/Issyu\/?product=ametrine\",\"url\":\"http:\/\/51.68.119.59\/Shahinaze\/Issyu\/?product=ametrine\",\"name\":\"Am\u00e9trine -\",\"isPartOf\":{\"@id\":\"http:\/\/51.68.119.59\/Shahinaze\/Issyu\/#website\"},\"primaryImageOfPage\":{\"@id\":\"http:\/\/51.68.119.59\/Shahinaze\/Issyu\/?product=ametrine#primaryimage\"},\"image\":{\"@id\":\"http:\/\/51.68.119.59\/Shahinaze\/Issyu\/?product=ametrine#primaryimage\"},\"thumbnailUrl\":\"http:\/\/51.68.119.59\/Shahinaze\/Issyu\/wp-content\/uploads\/2024\/11\/jordyn-st-john-GbCQMDVwM5M-unsplash.png\",\"datePublished\":\"2024-11-06T09:28:32+00:00\",\"dateModified\":\"2024-11-11T19:47:54+00:00\",\"breadcrumb\":{\"@id\":\"http:\/\/51.68.119.59\/Shahinaze\/Issyu\/?product=ametrine#breadcrumb\"},\"inLanguage\":\"fr-FR\",\"potentialAction\":[{\"@type\":\"ReadAction\",\"target\":[\"http:\/\/51.68.119.59\/Shahinaze\/Issyu\/?product=ametrine\"]}]},{\"@type\":\"ImageObject\",\"inLanguage\":\"fr-FR\",\"@id\":\"http:\/\/51.68.119.59\/Shahinaze\/Issyu\/?product=ametrine#primaryimage\",\"url\":\"http:\/\/51.68.119.59\/Shahinaze\/Issyu\/wp-content\/uploads\/2024\/11\/jordyn-st-john-GbCQMDVwM5M-unsplash.png\",\"contentUrl\":\"http:\/\/51.68.119.59\/Shahinaze\/Issyu\/wp-content\/uploads\/2024\/11\/jordyn-st-john-GbCQMDVwM5M-unsplash.png\",\"width\":500,\"height\":500},{\"@type\":\"BreadcrumbList\",\"@id\":\"http:\/\/51.68.119.59\/Shahinaze\/Issyu\/?product=ametrine#breadcrumb\",\"itemListElement\":[{\"@type\":\"ListItem\",\"position\":1,\"name\":\"Accueil\",\"item\":\"http:\/\/51.68.119.59\/Shahinaze\/Issyu\/\"},{\"@type\":\"ListItem\",\"position\":2,\"name\":\"Privacy Policy\",\"item\":\"http:\/\/51.68.119.59\/Shahinaze\/Issyu\/?page_id=3\"},{\"@type\":\"ListItem\",\"position\":3,\"name\":\"Am\u00e9trine\"}]},{\"@type\":\"WebSite\",\"@id\":\"http:\/\/51.68.119.59\/Shahinaze\/Issyu\/#website\",\"url\":\"http:\/\/51.68.119.59\/Shahinaze\/Issyu\/\",\"name\":\"Issyu\",\"description\":\"\",\"publisher\":{\"@id\":\"http:\/\/51.68.119.59\/Shahinaze\/Issyu\/#organization\"},\"potentialAction\":[{\"@type\":\"SearchAction\",\"target\":{\"@type\":\"EntryPoint\",\"urlTemplate\":\"http:\/\/51.68.119.59\/Shahinaze\/Issyu\/?s={search_term_string}\"},\"query-input\":{\"@type\":\"PropertyValueSpecification\",\"valueRequired\":true,\"valueName\":\"search_term_string\"}}],\"inLanguage\":\"fr-FR\"},{\"@type\":\"Organization\",\"@id\":\"http:\/\/51.68.119.59\/Shahinaze\/Issyu\/#organization\",\"name\":\"Issyu\",\"url\":\"http:\/\/51.68.119.59\/Shahinaze\/Issyu\/\",\"logo\":{\"@type\":\"ImageObject\",\"inLanguage\":\"fr-FR\",\"@id\":\"http:\/\/51.68.119.59\/Shahinaze\/Issyu\/#\/schema\/logo\/image\/\",\"url\":\"http:\/\/51.68.119.59\/Shahinaze\/Issyu\/wp-content\/uploads\/2024\/11\/logo-vectorise-2.png\",\"contentUrl\":\"http:\/\/51.68.119.59\/Shahinaze\/Issyu\/wp-content\/uploads\/2024\/11\/logo-vectorise-2.png\",\"width\":195,\"height\":215,\"caption\":\"Issyu\"},\"image\":{\"@id\":\"http:\/\/51.68.119.59\/Shahinaze\/Issyu\/#\/schema\/logo\/image\/\"},\"sameAs\":[\"http:\/\/issyu.com\/\/\"]}]}<\/script>\n<!-- \/ Yoast SEO plugin. -->","yoast_head_json":{"title":"Am\u00e9trine -","robots":{"index":"index","follow":"follow","max-snippet":"max-snippet:-1","max-image-preview":"max-image-preview:large","max-video-preview":"max-video-preview:-1"},"canonical":"http:\/\/51.68.119.59\/Shahinaze\/Issyu\/?product=ametrine","og_locale":"fr_FR","og_type":"article","og_title":"Am\u00e9trine -","og_description":"Caract\u00e9ristiques :   Type de produit : Am\u00e9trine (m\u00e9lange naturel d'Am\u00e9thyste et de Citrine)  Couleur : M\u00e9lange de violet (Am\u00e9thyste) et jaune-orang\u00e9 (Citrine), cr\u00e9ant un d\u00e9grad\u00e9 de violet clair \u00e0 jaune dor\u00e9.  Provenance : Br\u00e9sil , Madagascar  Qualit\u00e9 : AAA  Forme : G\u00e9ode  Chakra associ\u00e9 : Chakra du Plexus Solaire (3\u00e8me chakra), Chakra Couronne (7\u00e8me chakra)  Purification : Purification par eau ou encens, rechargement \u00e0 la lumi\u00e8re du soleil (pour la partie Citrine) ou \u00e0 la lumi\u00e8re de la lune (pour l\u2019Am\u00e9thyste)  Usage : M\u00e9ditation, \u00e9quilibre \u00e9nerg\u00e9tique, cr\u00e9ativit\u00e9, gu\u00e9rison spirituelle, protection et \u00e9limination des blocages \u00e9nerg\u00e9tiques","og_url":"http:\/\/51.68.119.59\/Shahinaze\/Issyu\/?product=ametrine","article_publisher":"http:\/\/issyu.com\/\/","article_modified_time":"2024-11-11T19:47:54+00:00","og_image":[{"width":500,"height":500,"url":"http:\/\/51.68.119.59\/Shahinaze\/Issyu\/wp-content\/uploads\/2024\/11\/jordyn-st-john-GbCQMDVwM5M-unsplash.png","type":"image\/png"}],"twitter_card":"summary_large_image","twitter_misc":{"Dur\u00e9e de lecture estim\u00e9e":"4 minutes"},"schema":{"@context":"https:\/\/schema.org","@graph":[{"@type":"WebPage","@id":"http:\/\/51.68.119.59\/Shahinaze\/Issyu\/?product=ametrine","url":"http:\/\/51.68.119.59\/Shahinaze\/Issyu\/?product=ametrine","name":"Am\u00e9trine -","isPartOf":{"@id":"http:\/\/51.68.119.59\/Shahinaze\/Issyu\/#website"},"primaryImageOfPage":{"@id":"http:\/\/51.68.119.59\/Shahinaze\/Issyu\/?product=ametrine#primaryimage"},"image":{"@id":"http:\/\/51.68.119.59\/Shahinaze\/Issyu\/?product=ametrine#primaryimage"},"thumbnailUrl":"http:\/\/51.68.119.59\/Shahinaze\/Issyu\/wp-content\/uploads\/2024\/11\/jordyn-st-john-GbCQMDVwM5M-unsplash.png","datePublished":"2024-11-06T09:28:32+00:00","dateModified":"2024-11-11T19:47:54+00:00","breadcrumb":{"@id":"http:\/\/51.68.119.59\/Shahinaze\/Issyu\/?product=ametrine#breadcrumb"},"inLanguage":"fr-FR","potentialAction":[{"@type":"ReadAction","target":["http:\/\/51.68.119.59\/Shahinaze\/Issyu\/?product=ametrine"]}]},{"@type":"ImageObject","inLanguage":"fr-FR","@id":"http:\/\/51.68.119.59\/Shahinaze\/Issyu\/?product=ametrine#primaryimage","url":"http:\/\/51.68.119.59\/Shahinaze\/Issyu\/wp-content\/uploads\/2024\/11\/jordyn-st-john-GbCQMDVwM5M-unsplash.png","contentUrl":"http:\/\/51.68.119.59\/Shahinaze\/Issyu\/wp-content\/uploads\/2024\/11\/jordyn-st-john-GbCQMDVwM5M-unsplash.png","width":500,"height":500},{"@type":"BreadcrumbList","@id":"http:\/\/51.68.119.59\/Shahinaze\/Issyu\/?product=ametrine#breadcrumb","itemListElement":[{"@type":"ListItem","position":1,"name":"Accueil","item":"http:\/\/51.68.119.59\/Shahinaze\/Issyu\/"},{"@type":"ListItem","position":2,"name":"Privacy Policy","item":"http:\/\/51.68.119.59\/Shahinaze\/Issyu\/?page_id=3"},{"@type":"ListItem","position":3,"name":"Am\u00e9trine"}]},{"@type":"WebSite","@id":"http:\/\/51.68.119.59\/Shahinaze\/Issyu\/#website","url":"http:\/\/51.68.119.59\/Shahinaze\/Issyu\/","name":"Issyu","description":"","publisher":{"@id":"http:\/\/51.68.119.59\/Shahinaze\/Issyu\/#organization"},"potentialAction":[{"@type":"SearchAction","target":{"@type":"EntryPoint","urlTemplate":"http:\/\/51.68.119.59\/Shahinaze\/Issyu\/?s={search_term_string}"},"query-input":{"@type":"PropertyValueSpecification","valueRequired":true,"valueName":"search_term_string"}}],"inLanguage":"fr-FR"},{"@type":"Organization","@id":"http:\/\/51.68.119.59\/Shahinaze\/Issyu\/#organization","name":"Issyu","url":"http:\/\/51.68.119.59\/Shahinaze\/Issyu\/","logo":{"@type":"ImageObject","inLanguage":"fr-FR","@id":"http:\/\/51.68.119.59\/Shahinaze\/Issyu\/#\/schema\/logo\/image\/","url":"http:\/\/51.68.119.59\/Shahinaze\/Issyu\/wp-content\/uploads\/2024\/11\/logo-vectorise-2.png","contentUrl":"http:\/\/51.68.119.59\/Shahinaze\/Issyu\/wp-content\/uploads\/2024\/11\/logo-vectorise-2.png","width":195,"height":215,"caption":"Issyu"},"image":{"@id":"http:\/\/51.68.119.59\/Shahinaze\/Issyu\/#\/schema\/logo\/image\/"},"sameAs":["http:\/\/issyu.com\/\/"]}]}},"jetpack_sharing_enabled":true,"_links":{"self":[{"href":"http:\/\/51.68.119.59\/Shahinaze\/Issyu\/index.php?rest_route=\/wp\/v2\/product\/811"}],"collection":[{"href":"http:\/\/51.68.119.59\/Shahinaze\/Issyu\/index.php?rest_route=\/wp\/v2\/product"}],"about":[{"href":"http:\/\/51.68.119.59\/Shahinaze\/Issyu\/index.php?rest_route=\/wp\/v2\/types\/product"}],"replies":[{"embeddable":true,"href":"http:\/\/51.68.119.59\/Shahinaze\/Issyu\/index.php?rest_route=%2Fwp%2Fv2%2Fcomments&post=811"}],"version-history":[{"count":1,"href":"http:\/\/51.68.119.59\/Shahinaze\/Issyu\/index.php?rest_route=\/wp\/v2\/product\/811\/revisions"}],"predecessor-version":[{"id":1095,"href":"http:\/\/51.68.119.59\/Shahinaze\/Issyu\/index.php?rest_route=\/wp\/v2\/product\/811\/revisions\/1095"}],"wp:featuredmedia":[{"embeddable":true,"href":"http:\/\/51.68.119.59\/Shahinaze\/Issyu\/index.php?rest_route=\/wp\/v2\/media\/812"}],"wp:attachment":[{"href":"http:\/\/51.68.119.59\/Shahinaze\/Issyu\/index.php?rest_route=%2Fwp%2Fv2%2Fmedia&parent=811"}],"wp:term":[{"taxonomy":"product_cat","embeddable":true,"href":"http:\/\/51.68.119.59\/Shahinaze\/Issyu\/index.php?rest_route=%2Fwp%2Fv2%2Fproduct_cat&post=811"},{"taxonomy":"product_tag","embeddable":true,"href":"http:\/\/51.68.119.59\/Shahinaze\/Issyu\/index.php?rest_route=%2Fwp%2Fv2%2Fproduct_tag&post=811"}],"curies":[{"name":"wp","href":"https:\/\/api.w.org\/{rel}","templated":true}]}}