{"id":104,"date":"2025-04-30T11:36:38","date_gmt":"2025-04-30T09:36:38","guid":{"rendered":"http:\/\/51.68.119.59\/savia\/?page_id=104"},"modified":"2025-06-02T11:50:59","modified_gmt":"2025-06-02T09:50:59","slug":"a-propos","status":"publish","type":"page","link":"http:\/\/51.68.119.59\/savia\/index.php\/a-propos\/","title":{"rendered":"\u00c0 propos"},"content":{"rendered":"\t\t<div data-elementor-type=\"wp-page\" data-elementor-id=\"104\" class=\"elementor elementor-104\">\n\t\t\t\t<div class=\"elementor-element elementor-element-186db382 e-flex e-con-boxed e-con e-parent\" data-id=\"186db382\" data-element_type=\"container\">\n\t\t\t\t\t<div class=\"e-con-inner\">\n\t\t<div class=\"elementor-element elementor-element-4ac87804 e-con-full e-flex e-con e-child\" data-id=\"4ac87804\" data-element_type=\"container\">\n\t\t\t\t<div class=\"elementor-element elementor-element-78e9cbfa elementor-invisible elementor-widget elementor-widget-image\" data-id=\"78e9cbfa\" data-element_type=\"widget\" data-settings=\"{&quot;_animation&quot;:&quot;headShake&quot;}\" data-widget_type=\"image.default\">\n\t\t\t\t<div class=\"elementor-widget-container\">\n\t\t\t\t\t\t\t\t\t\t\t\t\t\t\t<img fetchpriority=\"high\" decoding=\"async\" width=\"1024\" height=\"768\" src=\"http:\/\/51.68.119.59\/savia\/wp-content\/uploads\/2025\/05\/portrait-1024x768-1.jpg\" class=\"attachment-large size-large wp-image-968\" alt=\"\" srcset=\"http:\/\/51.68.119.59\/savia\/wp-content\/uploads\/2025\/05\/portrait-1024x768-1.jpg 1024w, http:\/\/51.68.119.59\/savia\/wp-content\/uploads\/2025\/05\/portrait-1024x768-1-300x225.jpg 300w, http:\/\/51.68.119.59\/savia\/wp-content\/uploads\/2025\/05\/portrait-1024x768-1-768x576.jpg 768w\" sizes=\"(max-width: 1024px) 100vw, 1024px\" \/>\t\t\t\t\t\t\t\t\t\t\t\t\t\t\t<\/div>\n\t\t\t\t<\/div>\n\t\t\t\t<\/div>\n\t\t<div class=\"elementor-element elementor-element-37ae792c e-con-full e-flex e-con e-child\" data-id=\"37ae792c\" data-element_type=\"container\">\n\t\t<div class=\"elementor-element elementor-element-5fe95e2e e-con-full e-flex e-con e-child\" data-id=\"5fe95e2e\" data-element_type=\"container\">\n\t\t\t\t<div class=\"elementor-element elementor-element-3dcbf8f0 elementor-widget elementor-widget-heading\" data-id=\"3dcbf8f0\" data-element_type=\"widget\" data-widget_type=\"heading.default\">\n\t\t\t\t<div class=\"elementor-widget-container\">\n\t\t\t\t\t<h2 class=\"elementor-heading-title elementor-size-default\">Entre Image & Mati\u00e8re<\/h2>\t\t\t\t<\/div>\n\t\t\t\t<\/div>\n\t\t\t\t<div class=\"elementor-element elementor-element-13e365e5 elementor-widget elementor-widget-text-editor\" data-id=\"13e365e5\" data-element_type=\"widget\" data-widget_type=\"text-editor.default\">\n\t\t\t\t<div class=\"elementor-widget-container\">\n\t\t\t\t\t\t\t\t\t<p data-start=\"228\" data-end=\"440\">Entre 1999 et 2011, mon activit\u00e9 de \u00ab\u00a0d\u00e9corateur graphiste\u00a0\u00bb au sein d\u2019une agence de production m\u2019a permis de travailler sur des projets vari\u00e9s, allant de la conception graphique \u00e0 la coordination de production.<\/p><p data-start=\"442\" data-end=\"670\">Cette exp\u00e9rience a \u00e9t\u00e9 suivie par une collaboration avec France T\u00e9l\u00e9visions, en tant qu\u2019op\u00e9ratrice d\u2019habillage, o\u00f9 j\u2019\u00e9tais en charge de la <a href=\"http:\/\/51.68.119.59\/savia\/index.php\/2025\/05\/06\/regie-de-diffusion\/\">diffusion<\/a> d\u2019incrustations et d\u2019infographies pour les \u00e9missions et journaux t\u00e9l\u00e9vis\u00e9s.<\/p><p data-start=\"672\" data-end=\"960\">En parall\u00e8le, une formation en tapisserie d\u2019ameublement m\u2019a permis de me r\u00e9orienter vers un domaine qui me passionne. Gr\u00e2ce \u00e0 celle-ci, j\u2019ai eu l\u2019opportunit\u00e9 de rejoindre la <a href=\"http:\/\/51.68.119.59\/savia\/index.php\/2025\/05\/06\/theatre\/\">Com\u00e9die-Fran\u00e7aise<\/a>\u00a0 et l\u2019Op\u00e9ra National de Bordeaux, en contribuant \u00e0 la cr\u00e9ation et \u00e0 l\u2019installation de d\u00e9cors.<\/p>\t\t\t\t\t\t\t\t<\/div>\n\t\t\t\t<\/div>\n\t\t\t\t<\/div>\n\t\t<div class=\"elementor-element elementor-element-575fe997 e-con-full e-flex e-con e-child\" data-id=\"575fe997\" data-element_type=\"container\">\n\t\t\t\t<\/div>\n\t\t\t\t<\/div>\n\t\t\t\t\t<\/div>\n\t\t\t\t<\/div>\n\t\t\t\t<\/div>\n\t\t","protected":false},"excerpt":{"rendered":"<p>Entre Image &#038; Mati\u00e8re Entre 1999 et 2011, mon activit\u00e9 de \u00ab\u00a0d\u00e9corateur graphiste\u00a0\u00bb au sein d\u2019une agence de production m\u2019a [&hellip;]<\/p>\n","protected":false},"author":1,"featured_media":0,"parent":0,"menu_order":0,"comment_status":"closed","ping_status":"closed","template":"","meta":{"site-sidebar-layout":"no-sidebar","site-content-layout":"","ast-site-content-layout":"full-width-container","site-content-style":"default","site-sidebar-style":"default","ast-global-header-display":"","ast-banner-title-visibility":"","ast-main-header-display":"","ast-hfb-above-header-display":"","ast-hfb-below-header-display":"","ast-hfb-mobile-header-display":"","site-post-title":"disabled","ast-breadcrumbs-content":"","ast-featured-img":"disabled","footer-sml-layout":"","theme-transparent-header-meta":"","adv-header-id-meta":"","stick-header-meta":"","header-above-stick-meta":"","header-main-stick-meta":"","header-below-stick-meta":"","astra-migrate-meta-layouts":"default","ast-page-background-enabled":"default","ast-page-background-meta":{"desktop":{"background-color":"var(--ast-global-color-5)","background-image":"","background-repeat":"repeat","background-position":"center center","background-size":"auto","background-attachment":"scroll","background-type":"","background-media":"","overlay-type":"","overlay-color":"","overlay-opacity":"","overlay-gradient":""},"tablet":{"background-color":"","background-image":"","background-repeat":"repeat","background-position":"center center","background-size":"auto","background-attachment":"scroll","background-type":"","background-media":"","overlay-type":"","overlay-color":"","overlay-opacity":"","overlay-gradient":""},"mobile":{"background-color":"","background-image":"","background-repeat":"repeat","background-position":"center center","background-size":"auto","background-attachment":"scroll","background-type":"","background-media":"","overlay-type":"","overlay-color":"","overlay-opacity":"","overlay-gradient":""}},"ast-content-background-meta":{"desktop":{"background-color":"var(--ast-global-color-4)","background-image":"","background-repeat":"repeat","background-position":"center center","background-size":"auto","background-attachment":"scroll","background-type":"","background-media":"","overlay-type":"","overlay-color":"","overlay-opacity":"","overlay-gradient":""},"tablet":{"background-color":"var(--ast-global-color-4)","background-image":"","background-repeat":"repeat","background-position":"center center","background-size":"auto","background-attachment":"scroll","background-type":"","background-media":"","overlay-type":"","overlay-color":"","overlay-opacity":"","overlay-gradient":""},"mobile":{"background-color":"var(--ast-global-color-4)","background-image":"","background-repeat":"repeat","background-position":"center center","background-size":"auto","background-attachment":"scroll","background-type":"","background-media":"","overlay-type":"","overlay-color":"","overlay-opacity":"","overlay-gradient":""}},"footnotes":""},"class_list":["post-104","page","type-page","status-publish","hentry"],"_links":{"self":[{"href":"http:\/\/51.68.119.59\/savia\/index.php\/wp-json\/wp\/v2\/pages\/104","targetHints":{"allow":["GET"]}}],"collection":[{"href":"http:\/\/51.68.119.59\/savia\/index.php\/wp-json\/wp\/v2\/pages"}],"about":[{"href":"http:\/\/51.68.119.59\/savia\/index.php\/wp-json\/wp\/v2\/types\/page"}],"author":[{"embeddable":true,"href":"http:\/\/51.68.119.59\/savia\/index.php\/wp-json\/wp\/v2\/users\/1"}],"replies":[{"embeddable":true,"href":"http:\/\/51.68.119.59\/savia\/index.php\/wp-json\/wp\/v2\/comments?post=104"}],"version-history":[{"count":34,"href":"http:\/\/51.68.119.59\/savia\/index.php\/wp-json\/wp\/v2\/pages\/104\/revisions"}],"predecessor-version":[{"id":1234,"href":"http:\/\/51.68.119.59\/savia\/index.php\/wp-json\/wp\/v2\/pages\/104\/revisions\/1234"}],"wp:attachment":[{"href":"http:\/\/51.68.119.59\/savia\/index.php\/wp-json\/wp\/v2\/media?parent=104"}],"curies":[{"name":"wp","href":"https:\/\/api.w.org\/{rel}","templated":true}]}}