{"id":108,"date":"2025-04-30T11:37:23","date_gmt":"2025-04-30T09:37:23","guid":{"rendered":"http:\/\/51.68.119.59\/savia\/?page_id=108"},"modified":"2025-06-02T11:38:03","modified_gmt":"2025-06-02T09:38:03","slug":"audiovisuel","status":"publish","type":"page","link":"http:\/\/51.68.119.59\/savia\/index.php\/audiovisuel\/","title":{"rendered":"Audiovisuel"},"content":{"rendered":"\t\t<div data-elementor-type=\"wp-page\" data-elementor-id=\"108\" class=\"elementor elementor-108\">\n\t\t\t\t<div class=\"elementor-element elementor-element-52200fb7 e-flex e-con-boxed e-con e-parent\" data-id=\"52200fb7\" data-element_type=\"container\">\n\t\t\t\t\t<div class=\"e-con-inner\">\n\t\t\t\t<div class=\"elementor-element elementor-element-7c7b7784 elementor-widget elementor-widget-heading\" data-id=\"7c7b7784\" data-element_type=\"widget\" data-widget_type=\"heading.default\">\n\t\t\t\t<div class=\"elementor-widget-container\">\n\t\t\t\t\t<h2 class=\"elementor-heading-title elementor-size-default\">Audiovisuel<\/h2>\t\t\t\t<\/div>\n\t\t\t\t<\/div>\n\t\t\t\t<div class=\"elementor-element elementor-element-18e75ec1 elementor-widget elementor-widget-text-editor\" data-id=\"18e75ec1\" data-element_type=\"widget\" data-widget_type=\"text-editor.default\">\n\t\t\t\t<div class=\"elementor-widget-container\">\n\t\t\t\t\t\t\t\t\t<p>Je me suis initi\u00e9e au montage vid\u00e9o, \u00e0 la captation et \u00e0 la diffusion de visuels en temps r\u00e9el au fil de mes exp\u00e9riences. \u00c0 France T\u00e9l\u00e9visions, j\u2019ai eu l\u2019occasion de travailler avec des outils comme Chyron Lyric et After Effects pour l\u2019incrustation de titres et la cr\u00e9ation de visuels pour des \u00e9missions en direct.<br \/>J&rsquo;ai \u00e9galement particip\u00e9 \u00e0 la captation et au montage de l\u2019op\u00e9ration de pr\u00e9vention sur le corridor de s\u00e9curit\u00e9 pour la DIR Nord-Ouest, ce qui m\u2019a permis d\u2019approfondir mes connaissances en montage vid\u00e9o et de mieux comprendre les enjeux de l&rsquo;audiovisuel en action.<\/p>\t\t\t\t\t\t\t\t<\/div>\n\t\t\t\t<\/div>\n\t\t\t\t\t<\/div>\n\t\t\t\t<\/div>\n\t\t<div class=\"elementor-element elementor-element-6b383771 e-flex e-con-boxed e-con e-parent\" data-id=\"6b383771\" data-element_type=\"container\">\n\t\t\t\t\t<div class=\"e-con-inner\">\n\t\t\t\t<div class=\"elementor-element elementor-element-5033944c elementor-grid-eael-col-4 elementor-grid-tablet-eael-col-2 elementor-grid-mobile-eael-col-1 elementor-widget elementor-widget-eael-post-grid\" data-id=\"5033944c\" data-element_type=\"widget\" data-settings=\"{&quot;eael_post_grid_columns&quot;:&quot;eael-col-4&quot;,&quot;eael_post_grid_columns_tablet&quot;:&quot;eael-col-2&quot;,&quot;eael_post_grid_columns_mobile&quot;:&quot;eael-col-1&quot;}\" data-widget_type=\"eael-post-grid.default\">\n\t\t\t\t<div class=\"elementor-widget-container\">\n\t\t\t\t\t<div id=\"eael-post-grid-5033944c\" class=\"eael-post-grid-container\">\n            <div class=\"eael-post-grid eael-post-appender eael-post-appender-5033944c eael-post-grid-style-one\" data-layout-mode=\"grid\"><article class=\"eael-grid-post eael-post-grid-column\" data-id=\"432\">\n        <div class=\"eael-grid-post-holder\">\n            <div class=\"eael-grid-post-holder-inner\"><div class=\"eael-entry-media\"><div class=\"eael-entry-overlay fade-in\"><i class=\"fas fa-long-arrow-alt-right\" aria-hidden=\"true\"><\/i><a href=\"http:\/\/51.68.119.59\/savia\/index.php\/2025\/05\/06\/regie-de-diffusion\/\"><\/a><\/div><div class=\"eael-entry-thumbnail eael-image-ratio\">\n                <img fetchpriority=\"high\" decoding=\"async\" width=\"270\" height=\"187\" src=\"http:\/\/51.68.119.59\/savia\/wp-content\/uploads\/2025\/05\/synthe-direct.jpg\" class=\"attachment-medium size-medium wp-image-1173\" alt=\"\" \/>\n            <\/div>\n        <\/div><div class=\"eael-entry-wrapper\"><header class=\"eael-entry-header\"><h2 class=\"eael-entry-title\"><a\n                        class=\"eael-grid-post-link\"\n                        href=\"http:\/\/51.68.119.59\/savia\/index.php\/2025\/05\/06\/regie-de-diffusion\/\"\n                        title=\"Direct\">Direct<\/a><\/h2><\/header><\/div><\/div>\n        <\/div>\n    <\/article><article class=\"eael-grid-post eael-post-grid-column\" data-id=\"464\">\n        <div class=\"eael-grid-post-holder\">\n            <div class=\"eael-grid-post-holder-inner\"><div class=\"eael-entry-media\"><div class=\"eael-entry-overlay fade-in\"><i class=\"fas fa-long-arrow-alt-right\" aria-hidden=\"true\"><\/i><a href=\"http:\/\/51.68.119.59\/savia\/index.php\/2025\/05\/06\/postproduction\/\"><\/a><\/div><div class=\"eael-entry-thumbnail eael-image-ratio\">\n                <img decoding=\"async\" width=\"300\" height=\"225\" src=\"http:\/\/51.68.119.59\/savia\/wp-content\/uploads\/2025\/05\/moi-tv-300x225.jpg\" class=\"attachment-medium size-medium wp-image-1155\" alt=\"\" srcset=\"http:\/\/51.68.119.59\/savia\/wp-content\/uploads\/2025\/05\/moi-tv-300x225.jpg 300w, http:\/\/51.68.119.59\/savia\/wp-content\/uploads\/2025\/05\/moi-tv.jpg 640w\" sizes=\"(max-width: 300px) 100vw, 300px\" \/>\n            <\/div>\n        <\/div><div class=\"eael-entry-wrapper\"><header class=\"eael-entry-header\"><h2 class=\"eael-entry-title\"><a\n                        class=\"eael-grid-post-link\"\n                        href=\"http:\/\/51.68.119.59\/savia\/index.php\/2025\/05\/06\/postproduction\/\"\n                        title=\"Postproduction\">Postproduction<\/a><\/h2><\/header><\/div><\/div>\n        <\/div>\n    <\/article><article class=\"eael-grid-post eael-post-grid-column\" data-id=\"447\">\n        <div class=\"eael-grid-post-holder\">\n            <div class=\"eael-grid-post-holder-inner\"><div class=\"eael-entry-media\"><div class=\"eael-entry-overlay fade-in\"><i class=\"fas fa-long-arrow-alt-right\" aria-hidden=\"true\"><\/i><a href=\"http:\/\/51.68.119.59\/savia\/index.php\/2025\/05\/06\/captation-video-et-montage\/\"><\/a><\/div><div class=\"eael-entry-thumbnail eael-image-ratio\">\n                <img decoding=\"async\" width=\"300\" height=\"166\" src=\"http:\/\/51.68.119.59\/savia\/wp-content\/uploads\/2025\/04\/coridor-securite-2-300x166.jpg\" class=\"attachment-medium size-medium wp-image-67\" alt=\"\" srcset=\"http:\/\/51.68.119.59\/savia\/wp-content\/uploads\/2025\/04\/coridor-securite-2-300x166.jpg 300w, http:\/\/51.68.119.59\/savia\/wp-content\/uploads\/2025\/04\/coridor-securite-2-1024x567.jpg 1024w, http:\/\/51.68.119.59\/savia\/wp-content\/uploads\/2025\/04\/coridor-securite-2-768x425.jpg 768w, http:\/\/51.68.119.59\/savia\/wp-content\/uploads\/2025\/04\/coridor-securite-2.jpg 1200w\" sizes=\"(max-width: 300px) 100vw, 300px\" \/>\n            <\/div>\n        <\/div><div class=\"eael-entry-wrapper\"><header class=\"eael-entry-header\"><h2 class=\"eael-entry-title\"><a\n                        class=\"eael-grid-post-link\"\n                        href=\"http:\/\/51.68.119.59\/savia\/index.php\/2025\/05\/06\/captation-video-et-montage\/\"\n                        title=\"Vid\u00e9o et Montage\">Vid\u00e9o et Montage<\/a><\/h2><\/header><\/div><\/div>\n        <\/div>\n    <\/article><\/div>\n            <div class=\"clearfix\"><\/div>\n        <\/div>\t\t\t\t<\/div>\n\t\t\t\t<\/div>\n\t\t\t\t\t<\/div>\n\t\t\t\t<\/div>\n\t\t\t\t<\/div>\n\t\t","protected":false},"excerpt":{"rendered":"<p>Audiovisuel Je me suis initi\u00e9e au montage vid\u00e9o, \u00e0 la captation et \u00e0 la diffusion de visuels en temps r\u00e9el [&hellip;]<\/p>\n","protected":false},"author":1,"featured_media":0,"parent":0,"menu_order":0,"comment_status":"closed","ping_status":"closed","template":"","meta":{"site-sidebar-layout":"no-sidebar","site-content-layout":"","ast-site-content-layout":"full-width-container","site-content-style":"default","site-sidebar-style":"default","ast-global-header-display":"","ast-banner-title-visibility":"","ast-main-header-display":"","ast-hfb-above-header-display":"","ast-hfb-below-header-display":"","ast-hfb-mobile-header-display":"","site-post-title":"disabled","ast-breadcrumbs-content":"","ast-featured-img":"disabled","footer-sml-layout":"","theme-transparent-header-meta":"","adv-header-id-meta":"","stick-header-meta":"","header-above-stick-meta":"","header-main-stick-meta":"","header-below-stick-meta":"","astra-migrate-meta-layouts":"default","ast-page-background-enabled":"default","ast-page-background-meta":{"desktop":{"background-color":"var(--ast-global-color-5)","background-image":"","background-repeat":"repeat","background-position":"center center","background-size":"auto","background-attachment":"scroll","background-type":"","background-media":"","overlay-type":"","overlay-color":"","overlay-opacity":"","overlay-gradient":""},"tablet":{"background-color":"","background-image":"","background-repeat":"repeat","background-position":"center center","background-size":"auto","background-attachment":"scroll","background-type":"","background-media":"","overlay-type":"","overlay-color":"","overlay-opacity":"","overlay-gradient":""},"mobile":{"background-color":"","background-image":"","background-repeat":"repeat","background-position":"center center","background-size":"auto","background-attachment":"scroll","background-type":"","background-media":"","overlay-type":"","overlay-color":"","overlay-opacity":"","overlay-gradient":""}},"ast-content-background-meta":{"desktop":{"background-color":"var(--ast-global-color-4)","background-image":"","background-repeat":"repeat","background-position":"center center","background-size":"auto","background-attachment":"scroll","background-type":"","background-media":"","overlay-type":"","overlay-color":"","overlay-opacity":"","overlay-gradient":""},"tablet":{"background-color":"var(--ast-global-color-4)","background-image":"","background-repeat":"repeat","background-position":"center center","background-size":"auto","background-attachment":"scroll","background-type":"","background-media":"","overlay-type":"","overlay-color":"","overlay-opacity":"","overlay-gradient":""},"mobile":{"background-color":"var(--ast-global-color-4)","background-image":"","background-repeat":"repeat","background-position":"center center","background-size":"auto","background-attachment":"scroll","background-type":"","background-media":"","overlay-type":"","overlay-color":"","overlay-opacity":"","overlay-gradient":""}},"footnotes":""},"class_list":["post-108","page","type-page","status-publish","hentry"],"_links":{"self":[{"href":"http:\/\/51.68.119.59\/savia\/index.php\/wp-json\/wp\/v2\/pages\/108","targetHints":{"allow":["GET"]}}],"collection":[{"href":"http:\/\/51.68.119.59\/savia\/index.php\/wp-json\/wp\/v2\/pages"}],"about":[{"href":"http:\/\/51.68.119.59\/savia\/index.php\/wp-json\/wp\/v2\/types\/page"}],"author":[{"embeddable":true,"href":"http:\/\/51.68.119.59\/savia\/index.php\/wp-json\/wp\/v2\/users\/1"}],"replies":[{"embeddable":true,"href":"http:\/\/51.68.119.59\/savia\/index.php\/wp-json\/wp\/v2\/comments?post=108"}],"version-history":[{"count":44,"href":"http:\/\/51.68.119.59\/savia\/index.php\/wp-json\/wp\/v2\/pages\/108\/revisions"}],"predecessor-version":[{"id":1261,"href":"http:\/\/51.68.119.59\/savia\/index.php\/wp-json\/wp\/v2\/pages\/108\/revisions\/1261"}],"wp:attachment":[{"href":"http:\/\/51.68.119.59\/savia\/index.php\/wp-json\/wp\/v2\/media?parent=108"}],"curies":[{"name":"wp","href":"https:\/\/api.w.org\/{rel}","templated":true}]}}